{"id":15514,"date":"2022-10-01T23:05:48","date_gmt":"2022-10-01T21:05:48","guid":{"rendered":"http:\/\/dev.claret.cat\/producte\/pensamientos\/"},"modified":"2023-10-09T17:55:38","modified_gmt":"2023-10-09T15:55:38","slug":"pensamientos-9788430971565","status":"publish","type":"product","link":"https:\/\/www.claret.cat\/es\/libro\/pensamientos-9788430971565\/","title":{"rendered":"PENSAMIENTOS"},"content":{"rendered":"<p>A su muerte, el 19 de agosto de 1662, Blaise Pascal deja un legado que desconcierta a sus herederos. De la Apolog\u00eda del Cristianismo que esperaban hallar, no aparece rastro. En su lugar, hay un caos de papeles. Pliegos de gran formato algunos, recortes de diversos tama\u00f1os la mayor parte; cosidos en transitorios legajos o bien en total desorden. Una primera lectura deja claro que no se trata de un borrador siquiera. M\u00e1s bien, del c\u00famulo de notas acumuladas por el matem\u00e1tico y hombre de fe en sus \u00faltimos a\u00f1os. Pese a la decepci\u00f3n inicial, su edici\u00f3n fue preparada por el c\u00edrculo jansenista y vio luz, en 1670, con el t\u00edtulo de Pensamientos, que consagra esos papeles, pero tambi\u00e9n los disfraza, al darles resonancia de obra concreta, aunque inacabada.<br \/> Editar hoy a Pascal con rigor exige deshacer ese malentendido. Esos papeles son sus anotaciones de trabajo: reflexiones propias en parte, pero tambi\u00e9n en parte res\u00famenes de lo le\u00eddo o citas literales de aquellos a quienes lee. En rigor, estamos ante fichas susceptibles de ser ordenadas en distintas composiciones seg\u00fan la funci\u00f3n -oral o escrita- a la que fueran destinadas: Pascal compon\u00eda y descompon\u00eda sus legajos, como nosotros ordenamos y desordenamos nuestros ficheros.<br \/> Nuestra edici\u00f3n ha recurrido al instrumental inform\u00e1tico para que el lector pueda hoy operar del mismo modo. As\u00ed, a la lectura \u00abconvencional\u00bb de los papeles -acompa\u00f1ada del amplio aparato de notas imprescindible para desentra\u00f1ar su laber\u00edntico sentido-, hemos a\u00f1adido una base de datos digital que permita trazar en esa selva senderos similares a los que su autor transitaba. La tarea, que hace unos pocos a\u00f1os hubiera sido inabordable, pone por primera vez en manos del lector la materialidad real de esos papeles a los cuales la posteridad dio nombre -enga\u00f1oso pero irreversible- de Pensamientos.<\/p>\n","protected":false},"excerpt":{"rendered":"<p>PASCAL, BLAISE<\/p>\n","protected":false},"featured_media":68790,"template":"","meta":{"_acf_changed":false,"om_disable_all_campaigns":false,"rs_blank_template":"","rs_page_bg_color":"","slide_template_v7":"","inline_featured_image":false,"_monsterinsights_skip_tracking":false,"_monsterinsights_sitenote_active":false,"_monsterinsights_sitenote_note":"","_monsterinsights_sitenote_category":0},"product_brand":[],"product_cat":[349],"product_tag":[],"class_list":{"0":"post-15514","1":"product","2":"type-product","3":"status-publish","4":"has-post-thumbnail","6":"product_cat-filosofia-2_humanidades","8":"first","9":"instock","10":"taxable","11":"shipping-taxable","12":"purchasable","13":"product-type-simple"},"acf":{"autor":"PASCAL, BLAISE","codart":"843097156","libros-coleccion":"Filosof\u00eda - Los Esenciales De La Filosof","ediciones":"1","encuadernacion":"R\u00fastica","fecha_de_publicacion":"01\/11\/2018","novedad":"1","paginas":"733","subtitulo":"","orden":"0","portada":"0","idioma":"spa","editorial":[{"ID":6373,"post_author":"3","post_date":"2022-07-28 17:50:48","post_date_gmt":"2022-07-28 15:50:48","post_content":"","post_title":"Tecnos","post_excerpt":"","post_status":"publish","comment_status":"closed","ping_status":"closed","post_password":"","post_name":"tecnos","to_ping":"","pinged":"","post_modified":"2022-07-28 17:50:48","post_modified_gmt":"2022-07-28 15:50:48","post_content_filtered":"","post_parent":0,"guid":"http:\/\/dev.claret.cat\/editorial\/tecnos\/","menu_order":0,"post_type":"editorial","post_mime_type":"","comment_count":"0","filter":"raw"}],"autores-libros":[{"ID":151737,"post_author":"3","post_date":"2022-10-14 14:43:14","post_date_gmt":"2022-10-14 12:43:14","post_content":"","post_title":"BLAISE PASCAL","post_excerpt":"","post_status":"publish","comment_status":"closed","ping_status":"closed","post_password":"","post_name":"blaise-pascal","to_ping":"","pinged":"","post_modified":"2022-10-14 14:43:14","post_modified_gmt":"2022-10-14 12:43:14","post_content_filtered":"","post_parent":0,"guid":"http:\/\/dev.claret.cat\/autor\/blaise-pascal\/","menu_order":0,"post_type":"autor","post_mime_type":"","comment_count":"0","filter":"raw"}]},"aioseo_notices":[],"_links":{"self":[{"href":"https:\/\/www.claret.cat\/es\/wp-json\/wp\/v2\/product\/15514","targetHints":{"allow":["GET"]}}],"collection":[{"href":"https:\/\/www.claret.cat\/es\/wp-json\/wp\/v2\/product"}],"about":[{"href":"https:\/\/www.claret.cat\/es\/wp-json\/wp\/v2\/types\/product"}],"wp:featuredmedia":[{"embeddable":true,"href":"https:\/\/www.claret.cat\/es\/wp-json\/wp\/v2\/media\/68790"}],"wp:attachment":[{"href":"https:\/\/www.claret.cat\/es\/wp-json\/wp\/v2\/media?parent=15514"}],"wp:term":[{"taxonomy":"product_brand","embeddable":true,"href":"https:\/\/www.claret.cat\/es\/wp-json\/wp\/v2\/product_brand?post=15514"},{"taxonomy":"product_cat","embeddable":true,"href":"https:\/\/www.claret.cat\/es\/wp-json\/wp\/v2\/product_cat?post=15514"},{"taxonomy":"product_tag","embeddable":true,"href":"https:\/\/www.claret.cat\/es\/wp-json\/wp\/v2\/product_tag?post=15514"}],"curies":[{"name":"wp","href":"https:\/\/api.w.org\/{rel}","templated":true}]}}

<p>A su muerte, el 19 de agosto de 1662, Blaise Pascal deja un legado que desconcierta a sus herederos. De la Apología del Cristianismo que esperaban hallar, no aparece rastro. En su lugar, hay un caos de papeles. Pliegos de gran formato algunos, recortes de diversos tamaños la mayor parte; cosidos en transitorios legajos o bien en total desorden. Una primera lectura deja claro que no se trata de un borrador siquiera. Más bien, del cúmulo de notas acumuladas por el matemático y hombre de fe en sus últimos años. Pese a la decepción inicial, su edición fue preparada por el círculo jansenista y vio luz, en 1670, con el título de Pensamientos, que consagra esos papeles, pero también los disfraza, al darles resonancia de obra concreta, aunque inacabada.<br /> Editar hoy a Pascal con rigor exige deshacer ese malentendido. Esos papeles son sus anotaciones de trabajo: reflexiones propias en parte, pero también en parte resúmenes de lo leído o citas literales de aquellos a quienes lee. En rigor, estamos ante fichas susceptibles de ser ordenadas en distintas composiciones según la función -oral o escrita- a la que fueran destinadas: Pascal componía y descomponía sus legajos, como nosotros ordenamos y desordenamos nuestros ficheros.<br /> Nuestra edición ha recurrido al instrumental informático para que el lector pueda hoy operar del mismo modo. Así, a la lectura «convencional» de los papeles -acompañada del amplio aparato de notas imprescindible para desentrañar su laberíntico sentido-, hemos añadido una base de datos digital que permita trazar en esa selva senderos similares a los que su autor transitaba. La tarea, que hace unos pocos años hubiera sido inabordable, pone por primera vez en manos del lector la materialidad real de esos papeles a los cuales la posteridad dio nombre -engañoso pero irreversible- de Pensamientos.</p>

Filosofía - Los Esenciales De La Filosof

Rústica
