{"id":1567,"date":"2022-07-27T20:50:44","date_gmt":"2022-07-27T18:50:44","guid":{"rendered":"http:\/\/dev.claret.cat\/producto\/teoria-del-conocimiento-9788422018308\/"},"modified":"2025-01-14T14:15:44","modified_gmt":"2025-01-14T13:15:44","slug":"teoria-del-conocimiento-9788422018308","status":"publish","type":"product","link":"https:\/\/www.claret.cat\/es\/libro\/teoria-del-conocimiento-9788422018308\/","title":{"rendered":"TEORIA DEL CONOCIMIENTO"},"content":{"rendered":"<p>Desde el inicio del pensamiento filos\u00f3fico, se ha palnteado como un problema central la cuesti\u00f3n de la capacidad haumana para el conocimiento de la verdad, su alcance y sus l\u00edmites. La Teor\u00eda del conocimiento se desarrolla gradualmente durante la antig\u00fcedad y la Edad Media, hasta constituirse en el n\u00facleo de los problemas filos\u00f3ficos en buena parte de los pensadores modernos. Llega a ser uno de los temas capitales de los sistemas contempor\u00e1neos, tanto en los de orientaci\u00f3n racionalista como en los de sesgo empirista, y muy especialmente en las pol\u00e9micas en torno al idealismo. El pensamiento m\u00e1s reciente ha superado en buena parte estos enfrentamientos, y ha ofrecido nuevos enfoques a trav\u00e9s de la filosof\u00eda del lenguaje, la fenomenolog\u00eda y la renovaci\u00f3n del realismo. Actualmente se encuentra en el n\u00facleo de las discusiones culturales m\u00e1s relevantes. Alejandro Llano, catedr\u00e1tico de Metef\u00edsica, ha ense\u00f1ado e investigado sobre Teor\u00eda de conocimiento desde el inicio de su carrera, en universidades de Espa\u00f1a, Reino Unido, Italia, Alemania, Estados Unidos y varios pa\u00edses de Latinoam\u00e9rica.Estre sus obras m\u00e1s recientes se encuentran tambi\u00e9n obras de Filosof\u00eda del lenguaje, Teor\u00eda de la ciencia y Sociolog\u00eda.<\/p>\n","protected":false},"excerpt":{"rendered":"<p>LLANO, ALEJANDRO<\/p>\n","protected":false},"featured_media":76674,"template":"","meta":{"_acf_changed":false,"om_disable_all_campaigns":false,"rs_blank_template":"","rs_page_bg_color":"","slide_template_v7":"","inline_featured_image":false,"_monsterinsights_skip_tracking":false,"_monsterinsights_sitenote_active":false,"_monsterinsights_sitenote_note":"","_monsterinsights_sitenote_category":0},"product_brand":[],"product_cat":[518,292],"product_tag":[],"class_list":{"0":"post-1567","1":"product","2":"type-product","3":"status-publish","4":"has-post-thumbnail","6":"product_cat-derecho-canonico-en-general","7":"product_cat-dret-canonic-en-general","9":"first","10":"instock","11":"taxable","12":"shipping-taxable","13":"purchasable","14":"product-type-simple"},"acf":{"autor":"LLANO, ALEJANDRO","codart":"842201830","ediciones":"1","encuadernacion":"","fecha_de_publicacion":"01\/10\/2015","novedad":"0","paginas":"278","subtitulo":"","orden":"999","portada":"0","idioma":"spa","libros-coleccion":"FORA DE COL.LECCI\u00d3","autores-libros":[{"ID":5217,"post_author":"3","post_date":"2022-07-28 17:19:21","post_date_gmt":"2022-07-28 15:19:21","post_content":"","post_title":"ALEJANDRO LLANO","post_excerpt":"","post_status":"publish","comment_status":"closed","ping_status":"closed","post_password":"","post_name":"alejandro-llano","to_ping":"","pinged":"","post_modified":"2022-07-28 17:19:21","post_modified_gmt":"2022-07-28 15:19:21","post_content_filtered":"","post_parent":0,"guid":"http:\/\/dev.claret.cat\/autor\/alejandro-llano\/","menu_order":0,"post_type":"autor","post_mime_type":"","comment_count":"0","filter":"raw"}],"editorial":[{"ID":6139,"post_author":"3","post_date":"2022-07-28 17:45:43","post_date_gmt":"2022-07-28 15:45:43","post_content":"","post_title":"BAC","post_excerpt":"","post_status":"publish","comment_status":"closed","ping_status":"closed","post_password":"","post_name":"bac","to_ping":"","pinged":"","post_modified":"2022-07-28 17:45:43","post_modified_gmt":"2022-07-28 15:45:43","post_content_filtered":"","post_parent":0,"guid":"http:\/\/dev.claret.cat\/editorial\/bac\/","menu_order":0,"post_type":"editorial","post_mime_type":"","comment_count":"0","filter":"raw"}]},"aioseo_notices":[],"_links":{"self":[{"href":"https:\/\/www.claret.cat\/es\/wp-json\/wp\/v2\/product\/1567","targetHints":{"allow":["GET"]}}],"collection":[{"href":"https:\/\/www.claret.cat\/es\/wp-json\/wp\/v2\/product"}],"about":[{"href":"https:\/\/www.claret.cat\/es\/wp-json\/wp\/v2\/types\/product"}],"wp:featuredmedia":[{"embeddable":true,"href":"https:\/\/www.claret.cat\/es\/wp-json\/wp\/v2\/media\/76674"}],"wp:attachment":[{"href":"https:\/\/www.claret.cat\/es\/wp-json\/wp\/v2\/media?parent=1567"}],"wp:term":[{"taxonomy":"product_brand","embeddable":true,"href":"https:\/\/www.claret.cat\/es\/wp-json\/wp\/v2\/product_brand?post=1567"},{"taxonomy":"product_cat","embeddable":true,"href":"https:\/\/www.claret.cat\/es\/wp-json\/wp\/v2\/product_cat?post=1567"},{"taxonomy":"product_tag","embeddable":true,"href":"https:\/\/www.claret.cat\/es\/wp-json\/wp\/v2\/product_tag?post=1567"}],"curies":[{"name":"wp","href":"https:\/\/api.w.org\/{rel}","templated":true}]}}

<p>Desde el inicio del pensamiento filosófico, se ha palnteado como un problema central la cuestión de la capacidad haumana para el conocimiento de la verdad, su alcance y sus límites. La Teoría del conocimiento se desarrolla gradualmente durante la antigüedad y la Edad Media, hasta constituirse en el núcleo de los problemas filosóficos en buena parte de los pensadores modernos. Llega a ser uno de los temas capitales de los sistemas contemporáneos, tanto en los de orientación racionalista como en los de sesgo empirista, y muy especialmente en las polémicas en torno al idealismo. El pensamiento más reciente ha superado en buena parte estos enfrentamientos, y ha ofrecido nuevos enfoques a través de la filosofía del lenguaje, la fenomenología y la renovación del realismo. Actualmente se encuentra en el núcleo de las discusiones culturales más relevantes. Alejandro Llano, catedrático de Metefísica, ha enseñado e investigado sobre Teoría de conocimiento desde el inicio de su carrera, en universidades de España, Reino Unido, Italia, Alemania, Estados Unidos y varios países de Latinoamérica.Estre sus obras más recientes se encuentran también obras de Filosofía del lenguaje, Teoría de la ciencia y Sociología.</p>

FORA DE COL.LECCIÓ
