{"id":16594,"date":"2022-10-01T23:19:29","date_gmt":"2022-10-01T21:19:29","guid":{"rendered":"http:\/\/dev.claret.cat\/producte\/anabel\/"},"modified":"2023-01-28T13:01:15","modified_gmt":"2023-01-28T12:01:15","slug":"anabel-9788494522741","status":"publish","type":"product","link":"https:\/\/www.claret.cat\/es\/libro\/anabel-9788494522741\/","title":{"rendered":"ANABEL"},"content":{"rendered":"<p>En este libro de recortables te presentamos a Anabel y su mundo. Podr\u00e1s recortar de la solapa trasera a Anabel y a su perrito Flip y de las p\u00e1ginas del interior sus vestidos y complementos agrupados por temas.<br \/>Es un libro de recortables cl\u00e1sico para utilizar con tijeras. Aqu\u00ed lo realmente divertido es usar las tijeras. As\u00ed que prep\u00e1rate a fondo para usar tu destreza, porque algunos vestidos son f\u00e1ciles de recortar pero otros tienen mayor dificultad.<br \/>Ideal para jugar y ejercitar la motricidad fina.<br \/>A partir de 5 a\u00f1os. La mu\u00f1eca tiene cierta complejidad para ser recortada, por lo que recomendamos que un adulto ayude a recortarla a los ni\u00f1os m\u00e1s peque\u00f1os.<\/p>\n","protected":false},"excerpt":{"rendered":"<p>KOALA EDICIONES<\/p>\n","protected":false},"featured_media":71558,"template":"","meta":{"_acf_changed":false,"om_disable_all_campaigns":false,"rs_blank_template":"","rs_page_bg_color":"","slide_template_v7":"","inline_featured_image":false,"_monsterinsights_skip_tracking":false,"_monsterinsights_sitenote_active":false,"_monsterinsights_sitenote_note":"","_monsterinsights_sitenote_category":0},"product_brand":[],"product_cat":[86],"product_tag":[],"class_list":{"0":"post-16594","1":"product","2":"type-product","3":"status-publish","4":"has-post-thumbnail","6":"product_cat-infantil","8":"first","9":"instock","10":"taxable","11":"shipping-taxable","12":"purchasable","13":"product-type-simple"},"acf":{"autor":"KOALA EDICIONES","codart":"849452274","libros-coleccion":"SUSHI BOOKS","ediciones":"1","encuadernacion":"Grapado","fecha_de_publicacion":"01\/09\/2017","novedad":"1","paginas":"16","subtitulo":"","orden":"0","portada":"0","idioma":"spa","editorial":[{"ID":148337,"post_author":"3","post_date":"2022-10-14 11:57:27","post_date_gmt":"2022-10-14 09:57:27","post_content":"","post_title":"Koala Ediciones","post_excerpt":"","post_status":"publish","comment_status":"closed","ping_status":"closed","post_password":"","post_name":"koala-ediciones","to_ping":"","pinged":"","post_modified":"2022-10-14 11:57:27","post_modified_gmt":"2022-10-14 09:57:27","post_content_filtered":"","post_parent":0,"guid":"http:\/\/dev.claret.cat\/editorial\/koala-ediciones\/","menu_order":0,"post_type":"editorial","post_mime_type":"","comment_count":"0","filter":"raw"}],"autores-libros":[{"ID":161726,"post_author":"3","post_date":"2022-10-14 17:20:33","post_date_gmt":"2022-10-14 15:20:33","post_content":"","post_title":"KOALA EDICIONES","post_excerpt":"","post_status":"publish","comment_status":"closed","ping_status":"closed","post_password":"","post_name":"koala-ediciones","to_ping":"","pinged":"","post_modified":"2022-10-14 17:20:33","post_modified_gmt":"2022-10-14 15:20:33","post_content_filtered":"","post_parent":0,"guid":"http:\/\/dev.claret.cat\/autor\/koala-ediciones\/","menu_order":0,"post_type":"autor","post_mime_type":"","comment_count":"0","filter":"raw"}]},"aioseo_notices":[],"_links":{"self":[{"href":"https:\/\/www.claret.cat\/es\/wp-json\/wp\/v2\/product\/16594","targetHints":{"allow":["GET"]}}],"collection":[{"href":"https:\/\/www.claret.cat\/es\/wp-json\/wp\/v2\/product"}],"about":[{"href":"https:\/\/www.claret.cat\/es\/wp-json\/wp\/v2\/types\/product"}],"wp:featuredmedia":[{"embeddable":true,"href":"https:\/\/www.claret.cat\/es\/wp-json\/wp\/v2\/media\/71558"}],"wp:attachment":[{"href":"https:\/\/www.claret.cat\/es\/wp-json\/wp\/v2\/media?parent=16594"}],"wp:term":[{"taxonomy":"product_brand","embeddable":true,"href":"https:\/\/www.claret.cat\/es\/wp-json\/wp\/v2\/product_brand?post=16594"},{"taxonomy":"product_cat","embeddable":true,"href":"https:\/\/www.claret.cat\/es\/wp-json\/wp\/v2\/product_cat?post=16594"},{"taxonomy":"product_tag","embeddable":true,"href":"https:\/\/www.claret.cat\/es\/wp-json\/wp\/v2\/product_tag?post=16594"}],"curies":[{"name":"wp","href":"https:\/\/api.w.org\/{rel}","templated":true}]}}

<p>En este libro de recortables te presentamos a Anabel y su mundo. Podrás recortar de la solapa trasera a Anabel y a su perrito Flip y de las páginas del interior sus vestidos y complementos agrupados por temas.<br />Es un libro de recortables clásico para utilizar con tijeras. Aquí lo realmente divertido es usar las tijeras. Así que prepárate a fondo para usar tu destreza, porque algunos vestidos son fáciles de recortar pero otros tienen mayor dificultad.<br />Ideal para jugar y ejercitar la motricidad fina.<br />A partir de 5 años. La muñeca tiene cierta complejidad para ser recortada, por lo que recomendamos que un adulto ayude a recortarla a los niños más pequeños.</p>
