{"id":1662,"date":"2022-07-27T20:54:08","date_gmt":"2022-07-27T18:54:08","guid":{"rendered":"http:\/\/dev.claret.cat\/producto\/sapiens-2-els-pilars-de-la-civilitzacio-9788429779776\/"},"modified":"2024-01-31T19:59:04","modified_gmt":"2024-01-31T18:59:04","slug":"sapiens-2-els-pilars-de-la-civilitzacio-9788429779776","status":"publish","type":"product","link":"https:\/\/www.claret.cat\/es\/libro\/sapiens-2-els-pilars-de-la-civilitzacio-9788429779776\/","title":{"rendered":"S\u00c0PIENS 2. ELS PILARS DE LA CIVILITZACI\u00d3"},"content":{"rendered":"<p>256 p\u00e0gines il\u00b7lustrades a tot color que expliquen la revoluci\u00f3 agricola d&#8221;una manera atractiva i assequible. Un recorregut per la hist\u00f2ria humana ple d&#8221;humor i enginy.<br \/> I si fa 12.000 anys els humans vam caure en un parany i encara no ens n&#8221;hem pogut escapar?<br \/> Despr\u00e9s d&#8221;El Naixement de la humanitat (2020), aquest nou volum se centra en la Revoluci\u00f3 Agr\u00edcola. Narra amb un gran talent creatiu com, fa 10.000 anys, els s\u00e0piens van passar de ca\u00e7adors-recol\u00b7lectors a agricultors, un canvi fonamental en la seva forma de vida que va establir els pilars de la civilitzaci\u00f3 i va determinar el futur de la humanitat.<\/p>\n","protected":false},"excerpt":{"rendered":"<p>NOAH HARARI, YUVAL<\/p>\n","protected":false},"featured_media":64076,"template":"","meta":{"_acf_changed":false,"om_disable_all_campaigns":false,"rs_blank_template":"","rs_page_bg_color":"","slide_template_v7":"","inline_featured_image":false,"_monsterinsights_skip_tracking":false,"_monsterinsights_sitenote_active":false,"_monsterinsights_sitenote_note":"","_monsterinsights_sitenote_category":0},"product_brand":[],"product_cat":[558,108,147,426],"product_tag":[],"class_list":{"0":"post-1662","1":"product","2":"type-product","3":"status-publish","4":"has-post-thumbnail","6":"product_cat-comic-3_infantil-juvenil-spa-spa","7":"product_cat-comic","8":"product_cat-prehistoria","9":"product_cat-prehistoria-historia-2_humanidades","11":"first","12":"instock","13":"taxable","14":"shipping-taxable","15":"purchasable","16":"product-type-simple"},"acf":{"autor":"NOAH HARARI, YUVAL","codart":"842977977","ediciones":"1","encuadernacion":"Carton\u00e9","fecha_de_publicacion":"01\/11\/2021","novedad":"1","paginas":"252","subtitulo":"UNA HIST\u00d2RIA GR\u00c0FICA 2","orden":"0","portada":"0","idioma":"cat","libros-coleccion":"FORA DE COL.LECCI\u00d3","autores-libros":[{"ID":6105,"post_author":"3","post_date":"2022-07-28 17:38:17","post_date_gmt":"2022-07-28 15:38:17","post_content":"","post_title":"YUVAL NOAH HARARI","post_excerpt":"","post_status":"publish","comment_status":"closed","ping_status":"closed","post_password":"","post_name":"yuval-noah-harari","to_ping":"","pinged":"","post_modified":"2022-07-28 17:38:17","post_modified_gmt":"2022-07-28 15:38:17","post_content_filtered":"","post_parent":0,"guid":"http:\/\/dev.claret.cat\/autor\/yuval-noah-harari\/","menu_order":0,"post_type":"autor","post_mime_type":"","comment_count":"0","filter":"raw"}],"editorial":[{"ID":6210,"post_author":"3","post_date":"2022-07-28 17:47:13","post_date_gmt":"2022-07-28 15:47:13","post_content":"","post_title":"Edicions 62","post_excerpt":"","post_status":"publish","comment_status":"closed","ping_status":"closed","post_password":"","post_name":"edicions-62","to_ping":"","pinged":"","post_modified":"2022-07-28 17:47:13","post_modified_gmt":"2022-07-28 15:47:13","post_content_filtered":"","post_parent":0,"guid":"http:\/\/dev.claret.cat\/editorial\/edicions-62\/","menu_order":0,"post_type":"editorial","post_mime_type":"","comment_count":"0","filter":"raw"}]},"aioseo_notices":[],"_links":{"self":[{"href":"https:\/\/www.claret.cat\/es\/wp-json\/wp\/v2\/product\/1662","targetHints":{"allow":["GET"]}}],"collection":[{"href":"https:\/\/www.claret.cat\/es\/wp-json\/wp\/v2\/product"}],"about":[{"href":"https:\/\/www.claret.cat\/es\/wp-json\/wp\/v2\/types\/product"}],"wp:featuredmedia":[{"embeddable":true,"href":"https:\/\/www.claret.cat\/es\/wp-json\/wp\/v2\/media\/64076"}],"wp:attachment":[{"href":"https:\/\/www.claret.cat\/es\/wp-json\/wp\/v2\/media?parent=1662"}],"wp:term":[{"taxonomy":"product_brand","embeddable":true,"href":"https:\/\/www.claret.cat\/es\/wp-json\/wp\/v2\/product_brand?post=1662"},{"taxonomy":"product_cat","embeddable":true,"href":"https:\/\/www.claret.cat\/es\/wp-json\/wp\/v2\/product_cat?post=1662"},{"taxonomy":"product_tag","embeddable":true,"href":"https:\/\/www.claret.cat\/es\/wp-json\/wp\/v2\/product_tag?post=1662"}],"curies":[{"name":"wp","href":"https:\/\/api.w.org\/{rel}","templated":true}]}}

SÀPIENS 2. ELS PILARS DE LA CIVILITZACIÓ

<p>256 pàgines il·lustrades a tot color que expliquen la revolució agricola d&#8221;una manera atractiva i assequible. Un recorregut per la història humana ple d&#8221;humor i enginy.<br /> I si fa 12.000 anys els humans vam caure en un parany i encara no ens n&#8221;hem pogut escapar?<br /> Després d&#8221;El Naixement de la humanitat (2020), aquest nou volum se centra en la Revolució Agrícola. Narra amb un gran talent creatiu com, fa 10.000 anys, els sàpiens van passar de caçadors-recol·lectors a agricultors, un canvi fonamental en la seva forma de vida que va establir els pilars de la civilització i va determinar el futur de la humanitat.</p>

Cartoné

UNA HISTÒRIA GRÀFICA 2

FORA DE COL.LECCIÓ
