{"id":171847,"date":"2022-10-20T00:36:51","date_gmt":"2022-10-19T22:36:51","guid":{"rendered":"http:\/\/dev.claret.cat\/producte\/emma-5\/"},"modified":"2023-10-06T07:40:33","modified_gmt":"2023-10-06T05:40:33","slug":"emma-9788408260196","status":"publish","type":"product","link":"https:\/\/www.claret.cat\/es\/libro\/emma-9788408260196\/","title":{"rendered":"EMMA"},"content":{"rendered":"<p>Emma Woodhouse es guapa, simp\u00e1tica y popular. Podr\u00eda tener a cualquier joven comiendo de su mano. Pero es demasiado independiente. A ella lo que le gusta es conversar con su amigo George y, sobre todo, emparejar a sus conocidos. Y est\u00e1 decidida a encontrar a alguien para su amiga Harriet. En su empe\u00f1o por conseguirlo, Emma provoca todo tipo de malentendidos y situaciones desafortunadas que acaban por enemistarla con George. Y eso hace que descubra que, a pesar de creer que lo sabe todo de la vida\u2026 a\u00fan debe aprender qu\u00e9 es realmente el amor.<\/p>\n","protected":false},"excerpt":{"rendered":"<p>SANTOS, CARE \/ AUSTEN, JANE<\/p>\n","protected":false},"featured_media":313669,"template":"","meta":{"_acf_changed":false,"om_disable_all_campaigns":false,"rs_blank_template":"","rs_page_bg_color":"","slide_template_v7":"","inline_featured_image":false,"_monsterinsights_skip_tracking":false,"_monsterinsights_sitenote_active":false,"_monsterinsights_sitenote_note":"","_monsterinsights_sitenote_category":0},"product_brand":[],"product_cat":[363],"product_tag":[],"class_list":{"0":"post-171847","1":"product","2":"type-product","3":"status-publish","4":"has-post-thumbnail","6":"product_cat-lecturas-por-adolescentes-12-18-anos","8":"first","9":"instock","10":"taxable","11":"shipping-taxable","12":"purchasable","13":"product-type-simple"},"acf":{"autor":"SANTOS, CARE \/ AUSTEN, JANE","codart":"840826019","libros-coleccion":"Destino. Fuera de colecci\u00f3n","ediciones":"1","encuadernacion":"Carton\u00e9","fecha_de_publicacion":"01\/10\/2022","novedad":"1","paginas":"176","subtitulo":"","orden":"0","portada":"0","idioma":"spa","editorial":[{"ID":6233,"post_author":"3","post_date":"2022-07-28 17:47:48","post_date_gmt":"2022-07-28 15:47:48","post_content":"","post_title":"EDITORIAL PLANETA","post_excerpt":"","post_status":"publish","comment_status":"closed","ping_status":"closed","post_password":"","post_name":"editorial-planeta","to_ping":"","pinged":"","post_modified":"2022-07-28 17:47:48","post_modified_gmt":"2022-07-28 15:47:48","post_content_filtered":"","post_parent":0,"guid":"http:\/\/dev.claret.cat\/editorial\/editorial-planeta\/","menu_order":0,"post_type":"editorial","post_mime_type":"","comment_count":"0","filter":"raw"}],"autores-libros":[{"ID":152083,"post_author":"3","post_date":"2022-10-14 14:45:58","post_date_gmt":"2022-10-14 12:45:58","post_content":"<b>Care Santos\u00a0<\/b>va n\u00e9ixer a\u00a0<b>Matar\u00f3\u00a0<\/b>(Barcelona) l'any 1970. Va comen\u00e7ar a escriure als 8 anys i des de llavors no ha deixat de fer-ho ni un sol dia de la seva vida, tant en catal\u00e0 com en castell\u00e0. Va estudiar Dret i Filologia, va treballar al desaparegut Diari de Barcelona i en diferents mitjans de comunicaci\u00f3. Als 25 anys va publicar el seu primer llibre. Des de llavors, ha publicat catorze novel\u00b7les, sis llibres de relats i una nombrosa obra per a lectors joves, entre la qual destaca la saga formada per\u00a0<i><b>Mentida<\/b><\/i>,\u00a0<i><b>Veritat<\/b><\/i>,\u00a0<i><b>Por<\/b><\/i>,\u00a0<i><b>Ben<\/b><\/i>\u00a0i\u00a0<b><i>Els Medina<\/i><\/b>\u00a0(Edeb\u00e9) que ha sedu\u00eft a milers de lectors, i l'ha convertida en una de les autores m\u00e9s llegides del nostre pa\u00eds. La seva obra ha estat tradu\u00efda a 23 idiomes i tamb\u00e9 adaptada a la televisi\u00f3 (<i><b>Habitacions tancades<\/b><\/i>, TV3 i TVE). El 2014 va guanyar el Premi de les Lletres Catalanes Ramon Llull amb la novel\u00b7la\u00a0<i><b>Desig de xocolata<\/b><\/i>\u00a0i el 2017 el Premio Nadal amb\u00a0<i><b>Media vida<\/b><\/i>. Tamb\u00e9 ha obtingut importants guardons en el camp de la literatura per a joves. Col\u00b7labora habitualment amb El Peri\u00f3dico i amb d\u2019altres mitjans de comunicaci\u00f3 i de tant en tant imparteix cursos d'escriptura creativa. El 2020 l'Ajuntament d'Alcal\u00e1 de Henares li va concedir el prestigi\u00f3s\u00a0<b>Premi Cervantes Chico<\/b>\u00a0pel conjunt de la seva traject\u00f2ria.","post_title":"CARE SANTOS","post_excerpt":"","post_status":"publish","comment_status":"closed","ping_status":"closed","post_password":"","post_name":"care-santos","to_ping":"","pinged":"","post_modified":"2025-06-26 14:35:45","post_modified_gmt":"2025-06-26 12:35:45","post_content_filtered":"","post_parent":0,"guid":"http:\/\/dev.claret.cat\/autor\/care-santos\/","menu_order":0,"post_type":"autor","post_mime_type":"","comment_count":"0","filter":"raw"},{"ID":158486,"post_author":"3","post_date":"2022-10-14 15:37:14","post_date_gmt":"2022-10-14 13:37:14","post_content":"","post_title":"JANE AUSTEN","post_excerpt":"","post_status":"publish","comment_status":"closed","ping_status":"closed","post_password":"","post_name":"jane-austen","to_ping":"","pinged":"","post_modified":"2022-10-14 15:37:14","post_modified_gmt":"2022-10-14 13:37:14","post_content_filtered":"","post_parent":0,"guid":"http:\/\/dev.claret.cat\/autor\/jane-austen\/","menu_order":0,"post_type":"autor","post_mime_type":"","comment_count":"0","filter":"raw"}]},"aioseo_notices":[],"_links":{"self":[{"href":"https:\/\/www.claret.cat\/es\/wp-json\/wp\/v2\/product\/171847","targetHints":{"allow":["GET"]}}],"collection":[{"href":"https:\/\/www.claret.cat\/es\/wp-json\/wp\/v2\/product"}],"about":[{"href":"https:\/\/www.claret.cat\/es\/wp-json\/wp\/v2\/types\/product"}],"wp:featuredmedia":[{"embeddable":true,"href":"https:\/\/www.claret.cat\/es\/wp-json\/wp\/v2\/media\/313669"}],"wp:attachment":[{"href":"https:\/\/www.claret.cat\/es\/wp-json\/wp\/v2\/media?parent=171847"}],"wp:term":[{"taxonomy":"product_brand","embeddable":true,"href":"https:\/\/www.claret.cat\/es\/wp-json\/wp\/v2\/product_brand?post=171847"},{"taxonomy":"product_cat","embeddable":true,"href":"https:\/\/www.claret.cat\/es\/wp-json\/wp\/v2\/product_cat?post=171847"},{"taxonomy":"product_tag","embeddable":true,"href":"https:\/\/www.claret.cat\/es\/wp-json\/wp\/v2\/product_tag?post=171847"}],"curies":[{"name":"wp","href":"https:\/\/api.w.org\/{rel}","templated":true}]}}

<p>Emma Woodhouse es guapa, simpática y popular. Podría tener a cualquier joven comiendo de su mano. Pero es demasiado independiente. A ella lo que le gusta es conversar con su amigo George y, sobre todo, emparejar a sus conocidos. Y está decidida a encontrar a alguien para su amiga Harriet. En su empeño por conseguirlo, Emma provoca todo tipo de malentendidos y situaciones desafortunadas que acaban por enemistarla con George. Y eso hace que descubra que, a pesar de creer que lo sabe todo de la vida… aún debe aprender qué es realmente el amor.</p>

Destino. Fuera de colección

Cartoné

<b>Care Santos </b>va néixer a <b>Mataró </b>(Barcelona) l'any 1970. Va començar a escriure als 8 anys i des de llavors no ha deixat de fer-ho ni un sol dia de la seva vida, tant en català com en castellà. Va estudiar Dret i Filologia, va treballar al desaparegut Diari de Barcelona i en diferents mitjans de comunicació. Als 25 anys va publicar el seu primer llibre. Des de llavors, ha publicat catorze novel·les, sis llibres de relats i una nombrosa obra per a lectors joves, entre la qual destaca la saga formada per <i><b>Mentida</b></i>, <i><b>Veritat</b></i>, <i><b>Por</b></i>, <i><b>Ben</b></i> i <b><i>Els Medina</i></b> (Edebé) que ha seduït a milers de lectors, i l'ha convertida en una de les autores més llegides del nostre país. La seva obra ha estat traduïda a 23 idiomes i també adaptada a la televisió (<i><b>Habitacions tancades</b></i>, TV3 i TVE). El 2014 va guanyar el Premi de les Lletres Catalanes Ramon Llull amb la novel·la <i><b>Desig de xocolata</b></i> i el 2017 el Premio Nadal amb <i><b>Media vida</b></i>. També ha obtingut importants guardons en el camp de la literatura per a joves. Col·labora habitualment amb El Periódico i amb d’altres mitjans de comunicació i de tant en tant imparteix cursos d'escriptura creativa. El 2020 l'Ajuntament d'Alcalá de Henares li va concedir el prestigiós <b>Premi Cervantes Chico</b> pel conjunt de la seva trajectòria.
