{"id":172351,"date":"2022-10-20T00:46:18","date_gmt":"2022-10-19T22:46:18","guid":{"rendered":"http:\/\/dev.claret.cat\/producte\/con-los-pies-en-la-luna\/"},"modified":"2023-10-06T08:22:37","modified_gmt":"2023-10-06T06:22:37","slug":"con-los-pies-en-la-luna-9788419431004","status":"publish","type":"product","link":"https:\/\/www.claret.cat\/es\/libro\/con-los-pies-en-la-luna-9788419431004\/","title":{"rendered":"CON LOS PIES EN LA LUNA"},"content":{"rendered":"<p>Estas p\u00e1ginas que tienes entre las manos quieren ser una ayuda para que,<br \/>como buen astronauta, pongas los pies en la luna, en Mar\u00eda y con ella des<br \/>estabilidad a tu vida, centres tu vida y contemples la grandeza que esconde.<br \/>Se trata de una expedici\u00f3n que dura un mes, una meditaci\u00f3n para cada d\u00eda<br \/>comentando algunas de las letan\u00edas del Rosario, para que al final puedas<br \/>poner los pies en la luna. Hace m\u00e1s de 50 a\u00f1os de la primera expedici\u00f3n as\u00ed<br \/>que vuelve a hacer historia. \u00a1Deja la huella en la luna! \u00a1En Mar\u00eda!<\/p>\n","protected":false},"excerpt":{"rendered":"<p>VIDAL, FRANCISCO<\/p>\n","protected":false},"featured_media":454152,"template":"","meta":{"_acf_changed":false,"om_disable_all_campaigns":false,"rs_blank_template":"","rs_page_bg_color":"","slide_template_v7":"","inline_featured_image":false,"_monsterinsights_skip_tracking":false,"_monsterinsights_sitenote_active":false,"_monsterinsights_sitenote_note":"","_monsterinsights_sitenote_category":0},"product_brand":[],"product_cat":[393],"product_tag":[],"class_list":{"0":"post-172351","1":"product","2":"type-product","3":"status-publish","4":"has-post-thumbnail","6":"product_cat-mariana-espiritualidad-1_espiritualidad","8":"first","9":"instock","10":"taxable","11":"shipping-taxable","12":"purchasable","13":"product-type-simple"},"acf":{"autor":"VIDAL, FRANCISCO","codart":"841943100","libros-coleccion":"FORA DE COL.LECCI\u00d3","ediciones":"1","encuadernacion":"R\u00fastica","fecha_de_publicacion":"01\/09\/2022","novedad":"1","paginas":"93","subtitulo":"","orden":"0","portada":"0","idioma":"spa","editorial":[{"ID":6184,"post_author":"3","post_date":"2022-07-28 17:46:42","post_date_gmt":"2022-07-28 15:46:42","post_content":"","post_title":"Didaskalos","post_excerpt":"","post_status":"publish","comment_status":"closed","ping_status":"closed","post_password":"","post_name":"didaskalos","to_ping":"","pinged":"","post_modified":"2022-07-28 17:46:42","post_modified_gmt":"2022-07-28 15:46:42","post_content_filtered":"","post_parent":0,"guid":"http:\/\/dev.claret.cat\/editorial\/didaskalos\/","menu_order":0,"post_type":"editorial","post_mime_type":"","comment_count":"0","filter":"raw"}],"autores-libros":[{"ID":263492,"post_author":"3","post_date":"2022-12-01 11:17:55","post_date_gmt":"2022-12-01 10:17:55","post_content":"","post_title":"FRANCISCO VIDAL","post_excerpt":"","post_status":"publish","comment_status":"closed","ping_status":"closed","post_password":"","post_name":"francisco-vidal","to_ping":"","pinged":"","post_modified":"2022-12-01 11:17:55","post_modified_gmt":"2022-12-01 10:17:55","post_content_filtered":"","post_parent":0,"guid":"http:\/\/dev.claret.cat\/autor\/francisco-vidal\/","menu_order":0,"post_type":"autor","post_mime_type":"","comment_count":"0","filter":"raw"}]},"aioseo_notices":[],"_links":{"self":[{"href":"https:\/\/www.claret.cat\/es\/wp-json\/wp\/v2\/product\/172351","targetHints":{"allow":["GET"]}}],"collection":[{"href":"https:\/\/www.claret.cat\/es\/wp-json\/wp\/v2\/product"}],"about":[{"href":"https:\/\/www.claret.cat\/es\/wp-json\/wp\/v2\/types\/product"}],"wp:featuredmedia":[{"embeddable":true,"href":"https:\/\/www.claret.cat\/es\/wp-json\/wp\/v2\/media\/454152"}],"wp:attachment":[{"href":"https:\/\/www.claret.cat\/es\/wp-json\/wp\/v2\/media?parent=172351"}],"wp:term":[{"taxonomy":"product_brand","embeddable":true,"href":"https:\/\/www.claret.cat\/es\/wp-json\/wp\/v2\/product_brand?post=172351"},{"taxonomy":"product_cat","embeddable":true,"href":"https:\/\/www.claret.cat\/es\/wp-json\/wp\/v2\/product_cat?post=172351"},{"taxonomy":"product_tag","embeddable":true,"href":"https:\/\/www.claret.cat\/es\/wp-json\/wp\/v2\/product_tag?post=172351"}],"curies":[{"name":"wp","href":"https:\/\/api.w.org\/{rel}","templated":true}]}}

<p>Estas páginas que tienes entre las manos quieren ser una ayuda para que,<br />como buen astronauta, pongas los pies en la luna, en María y con ella des<br />estabilidad a tu vida, centres tu vida y contemples la grandeza que esconde.<br />Se trata de una expedición que dura un mes, una meditación para cada día<br />comentando algunas de las letanías del Rosario, para que al final puedas<br />poner los pies en la luna. Hace más de 50 años de la primera expedición así<br />que vuelve a hacer historia. ¡Deja la huella en la luna! ¡En María!</p>

FORA DE COL.LECCIÓ

Rústica
