{"id":1744,"date":"2022-07-27T20:57:24","date_gmt":"2022-07-27T18:57:24","guid":{"rendered":"http:\/\/dev.claret.cat\/producto\/para-que-servimos-los-pedagogos-9788490979495\/"},"modified":"2023-01-28T18:29:22","modified_gmt":"2023-01-28T17:29:22","slug":"para-que-servimos-los-pedagogos-9788490979495","status":"publish","type":"product","link":"https:\/\/www.claret.cat\/es\/libro\/para-que-servimos-los-pedagogos-9788490979495\/","title":{"rendered":"\u00bfPARA QU\u00c9 SERVIMOS LOS PEDAGOGOS?"},"content":{"rendered":"<p>\u00bfQui\u00e9nes son y para qu\u00e9 sirven los pedagogos? Este libro aborda de forma clara, sugerente y rigurosa un tema complejo sobre una figura profesional tan necesaria como controvertida para algunos. Miguel \u00c1ngel Santos compone un texto bien argumentado e impregnado de ilusi\u00f3n, que abarca desde los fundamentos te\u00f3ricos y la requerida clarificaci\u00f3n conceptual a las concreciones pr\u00e1cticas de la educaci\u00f3n; desde el an\u00e1lisis de los posibles campos de actuaci\u00f3n pedag\u00f3gica a las dificultades personales, institucionales y pol\u00edticas que rodean la pr\u00e1ctica. A trav\u00e9s de un discurso atractivo y \u00e1gil, sembrado de an\u00e9cdotas oportunas que ejemplifican los planteamientos conceptuales, va trazando un camino por la profesi\u00f3n que invita a disfrutar, pensar y compartir. Tomando sus propias palabras: \u00a1pasen y lean!<\/p>\n","protected":false},"excerpt":{"rendered":"<p>SANTOS GUERRA, MIGUEL \u00c1NGEL<\/p>\n","protected":false},"featured_media":66414,"template":"","meta":{"_acf_changed":false,"om_disable_all_campaigns":false,"rs_blank_template":"","rs_page_bg_color":"","slide_template_v7":"","inline_featured_image":false,"_monsterinsights_skip_tracking":false,"_monsterinsights_sitenote_active":false,"_monsterinsights_sitenote_note":"","_monsterinsights_sitenote_category":0},"product_brand":[],"product_cat":[190,382],"product_tag":[],"class_list":{"0":"post-1744","1":"product","2":"type-product","3":"status-publish","4":"has-post-thumbnail","6":"product_cat-orientacio-professional-pedagogia-2_humanitats","7":"product_cat-orientacion-profesional","9":"first","10":"instock","11":"taxable","12":"shipping-taxable","13":"purchasable","14":"product-type-simple"},"acf":{"autor":"SANTOS GUERRA, MIGUEL \u00c1NGEL","codart":"849097949","ediciones":"1","encuadernacion":"R\u00fastica","fecha_de_publicacion":"01\/02\/2020","novedad":"1","paginas":"200","subtitulo":"EL VALOR DE LA EDUCACI\u00d3N","orden":"0","portada":"0","idioma":"spa","libros-coleccion":"Mayor","autores-libros":[{"ID":5849,"post_author":"3","post_date":"2022-07-28 17:32:48","post_date_gmt":"2022-07-28 15:32:48","post_content":"","post_title":"MIGUEL \u00c1NGEL SANTOS GUERRA","post_excerpt":"","post_status":"publish","comment_status":"closed","ping_status":"closed","post_password":"","post_name":"miguel-angel-santos-guerra","to_ping":"","pinged":"","post_modified":"2022-07-28 17:32:48","post_modified_gmt":"2022-07-28 15:32:48","post_content_filtered":"","post_parent":0,"guid":"http:\/\/dev.claret.cat\/autor\/miguel-angel-santos-guerra\/","menu_order":0,"post_type":"autor","post_mime_type":"","comment_count":"0","filter":"raw"}],"editorial":[{"ID":6287,"post_author":"3","post_date":"2022-07-28 17:48:57","post_date_gmt":"2022-07-28 15:48:57","post_content":"","post_title":"LIBROS DE LA CATARATA","post_excerpt":"","post_status":"publish","comment_status":"closed","ping_status":"closed","post_password":"","post_name":"libros-de-la-catarata","to_ping":"","pinged":"","post_modified":"2022-07-28 17:48:57","post_modified_gmt":"2022-07-28 15:48:57","post_content_filtered":"","post_parent":0,"guid":"http:\/\/dev.claret.cat\/editorial\/libros-de-la-catarata\/","menu_order":0,"post_type":"editorial","post_mime_type":"","comment_count":"0","filter":"raw"}]},"aioseo_notices":[],"_links":{"self":[{"href":"https:\/\/www.claret.cat\/es\/wp-json\/wp\/v2\/product\/1744","targetHints":{"allow":["GET"]}}],"collection":[{"href":"https:\/\/www.claret.cat\/es\/wp-json\/wp\/v2\/product"}],"about":[{"href":"https:\/\/www.claret.cat\/es\/wp-json\/wp\/v2\/types\/product"}],"wp:featuredmedia":[{"embeddable":true,"href":"https:\/\/www.claret.cat\/es\/wp-json\/wp\/v2\/media\/66414"}],"wp:attachment":[{"href":"https:\/\/www.claret.cat\/es\/wp-json\/wp\/v2\/media?parent=1744"}],"wp:term":[{"taxonomy":"product_brand","embeddable":true,"href":"https:\/\/www.claret.cat\/es\/wp-json\/wp\/v2\/product_brand?post=1744"},{"taxonomy":"product_cat","embeddable":true,"href":"https:\/\/www.claret.cat\/es\/wp-json\/wp\/v2\/product_cat?post=1744"},{"taxonomy":"product_tag","embeddable":true,"href":"https:\/\/www.claret.cat\/es\/wp-json\/wp\/v2\/product_tag?post=1744"}],"curies":[{"name":"wp","href":"https:\/\/api.w.org\/{rel}","templated":true}]}}

¿PARA QUÉ SERVIMOS LOS PEDAGOGOS?

<p>¿Quiénes son y para qué sirven los pedagogos? Este libro aborda de forma clara, sugerente y rigurosa un tema complejo sobre una figura profesional tan necesaria como controvertida para algunos. Miguel Ángel Santos compone un texto bien argumentado e impregnado de ilusión, que abarca desde los fundamentos teóricos y la requerida clarificación conceptual a las concreciones prácticas de la educación; desde el análisis de los posibles campos de actuación pedagógica a las dificultades personales, institucionales y políticas que rodean la práctica. A través de un discurso atractivo y ágil, sembrado de anécdotas oportunas que ejemplifican los planteamientos conceptuales, va trazando un camino por la profesión que invita a disfrutar, pensar y compartir. Tomando sus propias palabras: ¡pasen y lean!</p>

<p>SANTOS GUERRA, MIGUEL ÁNGEL</p>

SANTOS GUERRA, MIGUEL ÁNGEL

Rústica

EL VALOR DE LA EDUCACIÓN

MIGUEL ÁNGEL SANTOS GUERRA
