{"id":175758,"date":"2022-10-20T01:50:08","date_gmt":"2022-10-19T23:50:08","guid":{"rendered":"http:\/\/dev.claret.cat\/producte\/escuela-de-oracion\/"},"modified":"2026-04-01T15:56:24","modified_gmt":"2026-04-01T13:56:24","slug":"escuela-de-oracion-9788429327717","status":"publish","type":"product","link":"https:\/\/www.claret.cat\/es\/libro\/escuela-de-oracion-9788429327717\/","title":{"rendered":"ESCUELA DE ORACI\u00d3N"},"content":{"rendered":"<p>\u00bfC\u00f3mo puedo orar? \u00bfC\u00f3mo aprender? Mucha gente se siente desorientada en eso de la oraci\u00f3n.<br \/>Orar quiere decir adentrarse en el misterio de Dios, abrirse a \u00c9l, que va m\u00e1s all\u00e1 de nuestro mundo. Para vivir esta experiencia se precisa confianza y apertura pero adem\u00e1s silencio interior, expresi\u00f3n y ejercicio.<br \/>Y es que la oraci\u00f3n permite grandes posibilidades. Para encontrarte contigo mismo, para establecer la armon\u00eda entre el cielo y la tierra y para encontrar a Dios en la propia alma.<\/p>\n","protected":false},"excerpt":{"rendered":"<p>GR\u00daN, ANSELM<\/p>\n","protected":false},"featured_media":340625,"template":"","meta":{"_acf_changed":false,"om_disable_all_campaigns":false,"rs_blank_template":"","rs_page_bg_color":"","slide_template_v7":"","inline_featured_image":false,"_monsterinsights_skip_tracking":false,"_monsterinsights_sitenote_active":false,"_monsterinsights_sitenote_note":"","_monsterinsights_sitenote_category":0},"product_brand":[],"product_cat":[345,79],"product_tag":[],"class_list":{"0":"post-175758","1":"product","2":"type-product","3":"status-publish","4":"has-post-thumbnail","6":"product_cat-espiritualidad","7":"product_cat-espiritualitat","9":"first","10":"instock","11":"taxable","12":"shipping-taxable","13":"purchasable","14":"product-type-simple"},"acf":{"autor":"GR\u00daN, ANSELM","codart":"842932771","libros-coleccion":"POZO DE SIQUEM","ediciones":"1","encuadernacion":"R\u00fastica","fecha_de_publicacion":"07\/09\/2018","novedad":"1","paginas":"136","subtitulo":"GU\u00cdA PARA LA VIDA ESPIRITUAL","orden":"0","portada":"0","idioma":"spa","editorial":[{"ID":6351,"post_author":"3","post_date":"2022-07-28 17:50:19","post_date_gmt":"2022-07-28 15:50:19","post_content":"","post_title":"Sal Terrae","post_excerpt":"","post_status":"publish","comment_status":"closed","ping_status":"closed","post_password":"","post_name":"sal-terrae","to_ping":"","pinged":"","post_modified":"2022-07-28 17:50:19","post_modified_gmt":"2022-07-28 15:50:19","post_content_filtered":"","post_parent":0,"guid":"http:\/\/dev.claret.cat\/editorial\/sal-terrae\/","menu_order":0,"post_type":"editorial","post_mime_type":"","comment_count":"0","filter":"raw"}],"autores-libros":[{"ID":5257,"post_author":"3","post_date":"2022-07-28 17:20:12","post_date_gmt":"2022-07-28 15:20:12","post_content":"","post_title":"ANSELM GR\u00dcN","post_excerpt":"","post_status":"publish","comment_status":"closed","ping_status":"closed","post_password":"","post_name":"anselm-grun","to_ping":"","pinged":"","post_modified":"2022-07-28 17:20:12","post_modified_gmt":"2022-07-28 15:20:12","post_content_filtered":"","post_parent":0,"guid":"http:\/\/dev.claret.cat\/autor\/anselm-grun\/","menu_order":0,"post_type":"autor","post_mime_type":"","comment_count":"0","filter":"raw"}],"booktrailer":"","resenas":""},"aioseo_notices":[],"_links":{"self":[{"href":"https:\/\/www.claret.cat\/es\/wp-json\/wp\/v2\/product\/175758","targetHints":{"allow":["GET"]}}],"collection":[{"href":"https:\/\/www.claret.cat\/es\/wp-json\/wp\/v2\/product"}],"about":[{"href":"https:\/\/www.claret.cat\/es\/wp-json\/wp\/v2\/types\/product"}],"wp:featuredmedia":[{"embeddable":true,"href":"https:\/\/www.claret.cat\/es\/wp-json\/wp\/v2\/media\/340625"}],"wp:attachment":[{"href":"https:\/\/www.claret.cat\/es\/wp-json\/wp\/v2\/media?parent=175758"}],"wp:term":[{"taxonomy":"product_brand","embeddable":true,"href":"https:\/\/www.claret.cat\/es\/wp-json\/wp\/v2\/product_brand?post=175758"},{"taxonomy":"product_cat","embeddable":true,"href":"https:\/\/www.claret.cat\/es\/wp-json\/wp\/v2\/product_cat?post=175758"},{"taxonomy":"product_tag","embeddable":true,"href":"https:\/\/www.claret.cat\/es\/wp-json\/wp\/v2\/product_tag?post=175758"}],"curies":[{"name":"wp","href":"https:\/\/api.w.org\/{rel}","templated":true}]}}

ESCUELA DE ORACIÓN

<p>¿Cómo puedo orar? ¿Cómo aprender? Mucha gente se siente desorientada en eso de la oración.<br />Orar quiere decir adentrarse en el misterio de Dios, abrirse a Él, que va más allá de nuestro mundo. Para vivir esta experiencia se precisa confianza y apertura pero además silencio interior, expresión y ejercicio.<br />Y es que la oración permite grandes posibilidades. Para encontrarte contigo mismo, para establecer la armonía entre el cielo y la tierra y para encontrar a Dios en la propia alma.</p>

<p>GRÚN, ANSELM</p>

GRÚN, ANSELM

Rústica

GUÍA PARA LA VIDA ESPIRITUAL

ANSELM GRÜN
