{"id":176238,"date":"2022-10-20T01:58:52","date_gmt":"2022-10-19T23:58:52","guid":{"rendered":"http:\/\/dev.claret.cat\/producte\/todos-los-cuentos-del-mundo\/"},"modified":"2023-01-28T06:26:58","modified_gmt":"2023-01-28T05:26:58","slug":"todos-los-cuentos-del-mundo-9788416601837","status":"publish","type":"product","link":"https:\/\/www.claret.cat\/es\/libro\/todos-los-cuentos-del-mundo-9788416601837\/","title":{"rendered":"TODOS LOS CUENTOS DEL MUNDO"},"content":{"rendered":"<p>Abejas superpoderosas,<br \/> ogros que se pasan de listos y monstruos<br \/> m\u00e1s buenos que el pan, ni\u00f1as m\u00e1s astutas<br \/> que un zorro o un conejo, ciegos que lo ven todo<br \/> muy claro, hombres pobres que en realidad<br \/> son muy ricos, comerciantes tramposos<br \/> y abuelas mejores que mejores&#8230;<br \/> Este libro es un viaje apasionante<br \/> por los m\u00e1s dispares rincones del mundo<br \/> a trav\u00e9s de sus cuentos. Del L\u00edbano a Guatemala,<br \/> del T\u00edbet a Senegal, de Tanzania a Portugal,<br \/> desprende un lenguaje universal<br \/> de fraternidad, el valor del bien com\u00fan<br \/> y el respeto por la diferencia.<\/p>\n","protected":false},"excerpt":{"rendered":"<p>S\u00c1INZ DE LA MAZA, ARO \/ HERN\u00c1NDEZ RIPOLL, J. M.<\/p>\n","protected":false},"featured_media":176239,"template":"","meta":{"_acf_changed":false,"om_disable_all_campaigns":false,"rs_blank_template":"","rs_page_bg_color":"","slide_template_v7":"","inline_featured_image":false,"_monsterinsights_skip_tracking":false,"_monsterinsights_sitenote_active":false,"_monsterinsights_sitenote_note":"","_monsterinsights_sitenote_category":0},"product_brand":[],"product_cat":[87],"product_tag":[],"class_list":{"0":"post-176238","1":"product","2":"type-product","3":"status-publish","4":"has-post-thumbnail","6":"product_cat-literatura","8":"first","9":"instock","10":"taxable","11":"shipping-taxable","12":"purchasable","13":"product-type-simple"},"acf":{"autor":"S\u00c1INZ DE LA MAZA, ARO \/ HERN\u00c1NDEZ RIPOLL, J. M.","codart":"841660183","libros-coleccion":"","ediciones":"1","encuadernacion":"Carton\u00e9","fecha_de_publicacion":"01\/09\/2018","novedad":"1","paginas":"295","subtitulo":"","orden":"0","portada":"0","idioma":"spa","editorial":[{"ID":6127,"post_author":"3","post_date":"2022-07-28 17:45:28","post_date_gmt":"2022-07-28 15:45:28","post_content":"","post_title":"ARPA EDITORES","post_excerpt":"","post_status":"publish","comment_status":"closed","ping_status":"closed","post_password":"","post_name":"arpa-editores","to_ping":"","pinged":"","post_modified":"2022-07-28 17:45:28","post_modified_gmt":"2022-07-28 15:45:28","post_content_filtered":"","post_parent":0,"guid":"http:\/\/dev.claret.cat\/editorial\/arpa-editores\/","menu_order":0,"post_type":"editorial","post_mime_type":"","comment_count":"0","filter":"raw"}],"autores-libros":[{"ID":151126,"post_author":"3","post_date":"2022-10-14 14:38:24","post_date_gmt":"2022-10-14 12:38:24","post_content":"","post_title":"ARO SAINZ DE LA MAZA","post_excerpt":"","post_status":"publish","comment_status":"closed","ping_status":"closed","post_password":"","post_name":"aro-sainz-de-la-maza","to_ping":"","pinged":"","post_modified":"2022-10-14 14:38:24","post_modified_gmt":"2022-10-14 12:38:24","post_content_filtered":"","post_parent":0,"guid":"http:\/\/dev.claret.cat\/autor\/aro-sainz-de-la-maza\/","menu_order":0,"post_type":"autor","post_mime_type":"","comment_count":"0","filter":"raw"}]},"aioseo_notices":[],"_links":{"self":[{"href":"https:\/\/www.claret.cat\/es\/wp-json\/wp\/v2\/product\/176238","targetHints":{"allow":["GET"]}}],"collection":[{"href":"https:\/\/www.claret.cat\/es\/wp-json\/wp\/v2\/product"}],"about":[{"href":"https:\/\/www.claret.cat\/es\/wp-json\/wp\/v2\/types\/product"}],"wp:featuredmedia":[{"embeddable":true,"href":"https:\/\/www.claret.cat\/es\/wp-json\/wp\/v2\/media\/176239"}],"wp:attachment":[{"href":"https:\/\/www.claret.cat\/es\/wp-json\/wp\/v2\/media?parent=176238"}],"wp:term":[{"taxonomy":"product_brand","embeddable":true,"href":"https:\/\/www.claret.cat\/es\/wp-json\/wp\/v2\/product_brand?post=176238"},{"taxonomy":"product_cat","embeddable":true,"href":"https:\/\/www.claret.cat\/es\/wp-json\/wp\/v2\/product_cat?post=176238"},{"taxonomy":"product_tag","embeddable":true,"href":"https:\/\/www.claret.cat\/es\/wp-json\/wp\/v2\/product_tag?post=176238"}],"curies":[{"name":"wp","href":"https:\/\/api.w.org\/{rel}","templated":true}]}}

<p>Abejas superpoderosas,<br /> ogros que se pasan de listos y monstruos<br /> más buenos que el pan, niñas más astutas<br /> que un zorro o un conejo, ciegos que lo ven todo<br /> muy claro, hombres pobres que en realidad<br /> son muy ricos, comerciantes tramposos<br /> y abuelas mejores que mejores&#8230;<br /> Este libro es un viaje apasionante<br /> por los más dispares rincones del mundo<br /> a través de sus cuentos. Del Líbano a Guatemala,<br /> del Tíbet a Senegal, de Tanzania a Portugal,<br /> desprende un lenguaje universal<br /> de fraternidad, el valor del bien común<br /> y el respeto por la diferencia.</p>

<p>SÁINZ DE LA MAZA, ARO / HERNÁNDEZ RIPOLL, J. M.</p>

SÁINZ DE LA MAZA, ARO / HERNÁNDEZ RIPOLL, J. M.

Cartoné
