{"id":176838,"date":"2022-10-20T02:10:05","date_gmt":"2022-10-20T00:10:05","guid":{"rendered":"http:\/\/dev.claret.cat\/producte\/tengo-un-volcan\/"},"modified":"2026-01-03T13:15:24","modified_gmt":"2026-01-03T12:15:24","slug":"tengo-un-volcan-9788494820694","status":"publish","type":"product","link":"https:\/\/www.claret.cat\/es\/libro\/tengo-un-volcan-9788494820694\/","title":{"rendered":"TENGO UN VOLC\u00c1N"},"content":{"rendered":"<p>Alba no lo sab\u00eda, pero tiene un volc\u00e1n en su interior, m\u00e1s o menos entre el ombligo y las costillas. A veces, el volc\u00e1n se enciende y explota. Entonces el fuego lo quema todo y Alba sufre y se asusta, todo a la vez. Pero una noche una peque\u00f1a hada le explica qu\u00e9 puede hacer cuando se enfada, un truco que la llevar\u00e1 a descubrir sensaciones inesperadas.<\/p>\n","protected":false},"excerpt":{"rendered":"<p>TIRADO TORRAS, M\u00cdRIAM \/ TURU S\u00c1NCHEZ, JOAN<\/p>\n","protected":false},"featured_media":176839,"template":"","meta":{"_acf_changed":false,"om_disable_all_campaigns":false,"rs_blank_template":"","rs_page_bg_color":"","slide_template_v7":"","inline_featured_image":false,"_monsterinsights_skip_tracking":false,"_monsterinsights_sitenote_active":false,"_monsterinsights_sitenote_note":"","_monsterinsights_sitenote_category":0},"product_brand":[],"product_cat":[86,352],"product_tag":[],"class_list":{"0":"post-176838","1":"product","2":"type-product","3":"status-publish","4":"has-post-thumbnail","6":"product_cat-infantil","7":"product_cat-infantil-3_infantil-juvenil-spa","9":"first","10":"instock","11":"taxable","12":"shipping-taxable","13":"purchasable","14":"product-type-simple"},"acf":{"autor":"TIRADO TORRAS, M\u00cdRIAM \/ TURU S\u00c1NCHEZ, JOAN","codart":"849482069","libros-coleccion":"Calita","ediciones":"1","encuadernacion":"R\u00fastica","fecha_de_publicacion":"01\/09\/2018","novedad":"1","paginas":"22","subtitulo":"","orden":"0","portada":"0","idioma":"spa","editorial":[{"ID":147595,"post_author":"3","post_date":"2022-10-14 11:51:47","post_date_gmt":"2022-10-14 09:51:47","post_content":"","post_title":"CARAMBUCO EDICIONES","post_excerpt":"","post_status":"publish","comment_status":"closed","ping_status":"closed","post_password":"","post_name":"carambuco-ediciones","to_ping":"","pinged":"","post_modified":"2022-10-14 11:51:47","post_modified_gmt":"2022-10-14 09:51:47","post_content_filtered":"","post_parent":0,"guid":"http:\/\/dev.claret.cat\/editorial\/carambuco-ediciones\/","menu_order":0,"post_type":"editorial","post_mime_type":"","comment_count":"0","filter":"raw"}],"autores-libros":[{"ID":165234,"post_author":"3","post_date":"2022-10-14 17:53:31","post_date_gmt":"2022-10-14 15:53:31","post_content":"","post_title":"M\u00cdRIAM TIRADO TORRAS","post_excerpt":"","post_status":"publish","comment_status":"closed","ping_status":"closed","post_password":"","post_name":"miriam-tirado-torras","to_ping":"","pinged":"","post_modified":"2022-10-14 17:53:31","post_modified_gmt":"2022-10-14 15:53:31","post_content_filtered":"","post_parent":0,"guid":"http:\/\/dev.claret.cat\/autor\/miriam-tirado-torras\/","menu_order":0,"post_type":"autor","post_mime_type":"","comment_count":"0","filter":"raw"},{"ID":159443,"post_author":"3","post_date":"2022-10-14 15:44:53","post_date_gmt":"2022-10-14 13:44:53","post_content":"","post_title":"JOAN TURU S\u00c1NCHEZ","post_excerpt":"","post_status":"publish","comment_status":"closed","ping_status":"closed","post_password":"","post_name":"joan-turu-sanchez","to_ping":"","pinged":"","post_modified":"2022-10-14 15:44:53","post_modified_gmt":"2022-10-14 13:44:53","post_content_filtered":"","post_parent":0,"guid":"http:\/\/dev.claret.cat\/autor\/joan-turu-sanchez\/","menu_order":0,"post_type":"autor","post_mime_type":"","comment_count":"0","filter":"raw"}],"booktrailer":"","resenas":""},"aioseo_notices":[],"_links":{"self":[{"href":"https:\/\/www.claret.cat\/es\/wp-json\/wp\/v2\/product\/176838","targetHints":{"allow":["GET"]}}],"collection":[{"href":"https:\/\/www.claret.cat\/es\/wp-json\/wp\/v2\/product"}],"about":[{"href":"https:\/\/www.claret.cat\/es\/wp-json\/wp\/v2\/types\/product"}],"wp:featuredmedia":[{"embeddable":true,"href":"https:\/\/www.claret.cat\/es\/wp-json\/wp\/v2\/media\/176839"}],"wp:attachment":[{"href":"https:\/\/www.claret.cat\/es\/wp-json\/wp\/v2\/media?parent=176838"}],"wp:term":[{"taxonomy":"product_brand","embeddable":true,"href":"https:\/\/www.claret.cat\/es\/wp-json\/wp\/v2\/product_brand?post=176838"},{"taxonomy":"product_cat","embeddable":true,"href":"https:\/\/www.claret.cat\/es\/wp-json\/wp\/v2\/product_cat?post=176838"},{"taxonomy":"product_tag","embeddable":true,"href":"https:\/\/www.claret.cat\/es\/wp-json\/wp\/v2\/product_tag?post=176838"}],"curies":[{"name":"wp","href":"https:\/\/api.w.org\/{rel}","templated":true}]}}

TENGO UN VOLCÁN

<p>Alba no lo sabía, pero tiene un volcán en su interior, más o menos entre el ombligo y las costillas. A veces, el volcán se enciende y explota. Entonces el fuego lo quema todo y Alba sufre y se asusta, todo a la vez. Pero una noche una pequeña hada le explica qué puede hacer cuando se enfada, un truco que la llevará a descubrir sensaciones inesperadas.</p>

<p>TIRADO TORRAS, MÍRIAM / TURU SÁNCHEZ, JOAN</p>

TIRADO TORRAS, MÍRIAM / TURU SÁNCHEZ, JOAN

Rústica

MÍRIAM TIRADO TORRAS

JOAN TURU SÁNCHEZ
