{"id":177384,"date":"2022-10-20T02:20:35","date_gmt":"2022-10-20T00:20:35","guid":{"rendered":"http:\/\/dev.claret.cat\/producte\/llibre-blanc\/"},"modified":"2023-04-28T16:32:57","modified_gmt":"2023-04-28T14:32:57","slug":"llibre-blanc-9788494383977","status":"publish","type":"product","link":"https:\/\/www.claret.cat\/es\/libro\/llibre-blanc-9788494383977\/","title":{"rendered":"LLIBRE BLANC"},"content":{"rendered":"<p>Es pot dir que aquest \u00e9s el primer i \u00fanic gran llibre de poemes de V\u00edctor Catal\u00e0. Publicat el 1905, \u00e9s un llibre ric i complex i que est\u00e0 a l&#8217;altura del seu altre llibre del mateix any, &#8216;Solitud&#8217;. Els versos de V\u00edctor Catal\u00e0 s\u00f3n fets amb un gran coneixement de l&#8217;ofici d&#8217;escriure i mostren una gran varietat de formes i de m\u00fasiques.<\/p>\n","protected":false},"excerpt":{"rendered":"<p>CATAL\u00c0, V\u00cdCTOR<\/p>\n","protected":false},"featured_media":177385,"template":"","meta":{"_acf_changed":false,"om_disable_all_campaigns":false,"rs_blank_template":"","rs_page_bg_color":"","slide_template_v7":"","inline_featured_image":false,"_monsterinsights_skip_tracking":false,"_monsterinsights_sitenote_active":false,"_monsterinsights_sitenote_note":"","_monsterinsights_sitenote_category":0},"product_brand":[],"product_cat":[121,340],"product_tag":[],"class_list":{"0":"post-177384","1":"product","2":"type-product","3":"status-publish","4":"has-post-thumbnail","6":"product_cat-poesia","7":"product_cat-poesia-5_otras","9":"first","10":"instock","11":"taxable","12":"shipping-taxable","13":"purchasable","14":"product-type-simple"},"acf":{"autor":"CATAL\u00c0, V\u00cdCTOR","codart":"849438397","libros-coleccion":"Poes\u00eda","ediciones":"1","encuadernacion":"Carpeta","fecha_de_publicacion":"01\/09\/2018","novedad":"1","paginas":"155","subtitulo":"","orden":"0","portada":"0","idioma":"cat","editorial":[{"ID":147897,"post_author":"3","post_date":"2022-10-14 11:54:04","post_date_gmt":"2022-10-14 09:54:04","post_content":"","post_title":"EDICIONS VITEL\u00b7LA","post_excerpt":"","post_status":"publish","comment_status":"closed","ping_status":"closed","post_password":"","post_name":"edicions-vitel%c2%b7la","to_ping":"","pinged":"","post_modified":"2022-10-14 11:54:04","post_modified_gmt":"2022-10-14 09:54:04","post_content_filtered":"","post_parent":0,"guid":"http:\/\/dev.claret.cat\/editorial\/edicions-vitel%c2%b7la\/","menu_order":0,"post_type":"editorial","post_mime_type":"","comment_count":"0","filter":"raw"}],"autores-libros":[{"ID":6078,"post_author":"3","post_date":"2022-07-28 17:37:40","post_date_gmt":"2022-07-28 15:37:40","post_content":"","post_title":"V\u00cdCTOR CATAL\u00c0","post_excerpt":"","post_status":"publish","comment_status":"closed","ping_status":"closed","post_password":"","post_name":"victor-catala","to_ping":"","pinged":"","post_modified":"2022-07-28 17:37:40","post_modified_gmt":"2022-07-28 15:37:40","post_content_filtered":"","post_parent":0,"guid":"http:\/\/dev.claret.cat\/autor\/victor-catala\/","menu_order":0,"post_type":"autor","post_mime_type":"","comment_count":"0","filter":"raw"}]},"aioseo_notices":[],"_links":{"self":[{"href":"https:\/\/www.claret.cat\/es\/wp-json\/wp\/v2\/product\/177384","targetHints":{"allow":["GET"]}}],"collection":[{"href":"https:\/\/www.claret.cat\/es\/wp-json\/wp\/v2\/product"}],"about":[{"href":"https:\/\/www.claret.cat\/es\/wp-json\/wp\/v2\/types\/product"}],"wp:featuredmedia":[{"embeddable":true,"href":"https:\/\/www.claret.cat\/es\/wp-json\/wp\/v2\/media\/177385"}],"wp:attachment":[{"href":"https:\/\/www.claret.cat\/es\/wp-json\/wp\/v2\/media?parent=177384"}],"wp:term":[{"taxonomy":"product_brand","embeddable":true,"href":"https:\/\/www.claret.cat\/es\/wp-json\/wp\/v2\/product_brand?post=177384"},{"taxonomy":"product_cat","embeddable":true,"href":"https:\/\/www.claret.cat\/es\/wp-json\/wp\/v2\/product_cat?post=177384"},{"taxonomy":"product_tag","embeddable":true,"href":"https:\/\/www.claret.cat\/es\/wp-json\/wp\/v2\/product_tag?post=177384"}],"curies":[{"name":"wp","href":"https:\/\/api.w.org\/{rel}","templated":true}]}}

<p>Es pot dir que aquest és el primer i únic gran llibre de poemes de Víctor Català. Publicat el 1905, és un llibre ric i complex i que està a l&#8217;altura del seu altre llibre del mateix any, &#8216;Solitud&#8217;. Els versos de Víctor Català són fets amb un gran coneixement de l&#8217;ofici d&#8217;escriure i mostren una gran varietat de formes i de músiques.</p>

<p>CATALÀ, VÍCTOR</p>

CATALÀ, VÍCTOR

Poesía

VÍCTOR CATALÀ
