{"id":178958,"date":"2022-10-20T02:50:40","date_gmt":"2022-10-20T00:50:40","guid":{"rendered":"http:\/\/dev.claret.cat\/producte\/posverdades-emocionales\/"},"modified":"2023-01-28T16:21:57","modified_gmt":"2023-01-28T15:21:57","slug":"posverdades-emocionales-9788417208394","status":"publish","type":"product","link":"https:\/\/www.claret.cat\/es\/libro\/posverdades-emocionales-9788417208394\/","title":{"rendered":"POSVERDADES EMOCIONALES"},"content":{"rendered":"<p>Mecanismos de protecci\u00f3n mediante el relato<br \/>Para llevar una vida sana y ordenada, es imprescindible disponer de un estado emocional estable para hacer frente a lo que nos ocurre diariamente. Esto es posible si sabemos afrontar los hechos traum\u00e1ticos. \u00bfPor qu\u00e9 a menudo preferimos mentirnos a nosotros mismos en lugar de asimilar una verdad dolorosa? \u00bfCon qu\u00e9 mecanismos nos protegemos emocionalmente y cu\u00e1les son sus consecuencias para nuestro bienestar y el de quienes nos rodean? Para evitar el sufrimiento psicol\u00f3gico, todos recurrimos a ciertos mecanismos de defensa que traemos en nuestro pack gen\u00e9tico, pero tambi\u00e9n a la creaci\u00f3n de \u00abposverdades\u00bb o mentiras emocionales, que son fruto de nuestros di\u00e1logos interiores. Este libro nos ayuda a sumergirmos en dichos di\u00e1logos y nos muestra c\u00f3mo tomamos decisiones a partir de los relatos manipulados de nuestras distintas voces interiores. Si somos capaces de detectar estos procesos, hacerlos conscientes y crear un comunicaci\u00f3n interna m\u00e1s coherente, tendremos la oportunidad de crecer como seres humanos, mejorar nuestra vida y ayudar a los dem\u00e1s en su camino.<\/p>\n","protected":false},"excerpt":{"rendered":"<p>CONANGLA MAR\u00cdN, MERC\u00c8 \/ SOLER LLEONART, JAUME<\/p>\n","protected":false},"featured_media":317715,"template":"","meta":{"_acf_changed":false,"om_disable_all_campaigns":false,"rs_blank_template":"","rs_page_bg_color":"","slide_template_v7":"","inline_featured_image":false,"_monsterinsights_skip_tracking":false,"_monsterinsights_sitenote_active":false,"_monsterinsights_sitenote_note":"","_monsterinsights_sitenote_category":0},"product_brand":[],"product_cat":[81,347],"product_tag":[],"class_list":{"0":"post-178958","1":"product","2":"type-product","3":"status-publish","4":"has-post-thumbnail","6":"product_cat-psicologia","7":"product_cat-psicologia-2_humanidades","9":"first","10":"instock","11":"taxable","12":"shipping-taxable","13":"purchasable","14":"product-type-simple"},"acf":{"autor":"CONANGLA MAR\u00cdN, MERC\u00c8 \/ SOLER LLEONART, JAUME","codart":"841720839","libros-coleccion":"","ediciones":"1","encuadernacion":"R\u00fastica","fecha_de_publicacion":"01\/07\/2018","novedad":"1","paginas":"208","subtitulo":"","orden":"0","portada":"0","idioma":"spa","editorial":[{"ID":147420,"post_author":"3","post_date":"2022-10-14 11:50:26","post_date_gmt":"2022-10-14 09:50:26","post_content":"","post_title":"AMAT EDITORIAL","post_excerpt":"","post_status":"publish","comment_status":"closed","ping_status":"closed","post_password":"","post_name":"amat-editorial","to_ping":"","pinged":"","post_modified":"2022-10-14 11:50:26","post_modified_gmt":"2022-10-14 09:50:26","post_content_filtered":"","post_parent":0,"guid":"http:\/\/dev.claret.cat\/editorial\/amat-editorial\/","menu_order":0,"post_type":"editorial","post_mime_type":"","comment_count":"0","filter":"raw"}],"autores-libros":[{"ID":164691,"post_author":"3","post_date":"2022-10-14 17:49:06","post_date_gmt":"2022-10-14 15:49:06","post_content":"","post_title":"MERC\u00c8 CONANGLA MAR\u00cdN","post_excerpt":"","post_status":"publish","comment_status":"closed","ping_status":"closed","post_password":"","post_name":"merce-conangla-marin","to_ping":"","pinged":"","post_modified":"2022-10-14 17:49:06","post_modified_gmt":"2022-10-14 15:49:06","post_content_filtered":"","post_parent":0,"guid":"http:\/\/dev.claret.cat\/autor\/merce-conangla-marin\/","menu_order":0,"post_type":"autor","post_mime_type":"","comment_count":"0","filter":"raw"},{"ID":158637,"post_author":"3","post_date":"2022-10-14 15:38:25","post_date_gmt":"2022-10-14 13:38:25","post_content":"","post_title":"JAUME SOLER LLEONART","post_excerpt":"","post_status":"publish","comment_status":"closed","ping_status":"closed","post_password":"","post_name":"jaume-soler-lleonart","to_ping":"","pinged":"","post_modified":"2022-10-14 15:38:25","post_modified_gmt":"2022-10-14 13:38:25","post_content_filtered":"","post_parent":0,"guid":"http:\/\/dev.claret.cat\/autor\/jaume-soler-lleonart\/","menu_order":0,"post_type":"autor","post_mime_type":"","comment_count":"0","filter":"raw"}]},"aioseo_notices":[],"_links":{"self":[{"href":"https:\/\/www.claret.cat\/es\/wp-json\/wp\/v2\/product\/178958","targetHints":{"allow":["GET"]}}],"collection":[{"href":"https:\/\/www.claret.cat\/es\/wp-json\/wp\/v2\/product"}],"about":[{"href":"https:\/\/www.claret.cat\/es\/wp-json\/wp\/v2\/types\/product"}],"wp:featuredmedia":[{"embeddable":true,"href":"https:\/\/www.claret.cat\/es\/wp-json\/wp\/v2\/media\/317715"}],"wp:attachment":[{"href":"https:\/\/www.claret.cat\/es\/wp-json\/wp\/v2\/media?parent=178958"}],"wp:term":[{"taxonomy":"product_brand","embeddable":true,"href":"https:\/\/www.claret.cat\/es\/wp-json\/wp\/v2\/product_brand?post=178958"},{"taxonomy":"product_cat","embeddable":true,"href":"https:\/\/www.claret.cat\/es\/wp-json\/wp\/v2\/product_cat?post=178958"},{"taxonomy":"product_tag","embeddable":true,"href":"https:\/\/www.claret.cat\/es\/wp-json\/wp\/v2\/product_tag?post=178958"}],"curies":[{"name":"wp","href":"https:\/\/api.w.org\/{rel}","templated":true}]}}

<p>Mecanismos de protección mediante el relato<br />Para llevar una vida sana y ordenada, es imprescindible disponer de un estado emocional estable para hacer frente a lo que nos ocurre diariamente. Esto es posible si sabemos afrontar los hechos traumáticos. ¿Por qué a menudo preferimos mentirnos a nosotros mismos en lugar de asimilar una verdad dolorosa? ¿Con qué mecanismos nos protegemos emocionalmente y cuáles son sus consecuencias para nuestro bienestar y el de quienes nos rodean? Para evitar el sufrimiento psicológico, todos recurrimos a ciertos mecanismos de defensa que traemos en nuestro pack genético, pero también a la creación de «posverdades» o mentiras emocionales, que son fruto de nuestros diálogos interiores. Este libro nos ayuda a sumergirmos en dichos diálogos y nos muestra cómo tomamos decisiones a partir de los relatos manipulados de nuestras distintas voces interiores. Si somos capaces de detectar estos procesos, hacerlos conscientes y crear un comunicación interna más coherente, tendremos la oportunidad de crecer como seres humanos, mejorar nuestra vida y ayudar a los demás en su camino.</p>

<p>CONANGLA MARÍN, MERCÈ / SOLER LLEONART, JAUME</p>

CONANGLA MARÍN, MERCÈ / SOLER LLEONART, JAUME

Rústica

MERCÈ CONANGLA MARÍN
