{"id":179333,"date":"2022-10-20T02:57:13","date_gmt":"2022-10-20T00:57:13","guid":{"rendered":"http:\/\/dev.claret.cat\/producte\/el-banquet\/"},"modified":"2025-09-15T12:00:08","modified_gmt":"2025-09-15T10:00:08","slug":"el-banquet-9788494812064","status":"publish","type":"product","link":"https:\/\/www.claret.cat\/es\/libro\/el-banquet-9788494812064\/","title":{"rendered":"EL BANQUET"},"content":{"rendered":"<p>En aquest di\u00e0leg, compost al voltant dels anys vuitanta del segle iv aC, Plat\u00f3 fa un capbussament en la reflexi\u00f3 filos\u00f2fica sobre Eros. El tema de l&#8217;amor es conjuga h\u00e0bilment amb la narraci\u00f3 del contingut de discursos escoltats de terceres persones.<\/p>\n","protected":false},"excerpt":{"rendered":"<p>PLAT\u00d3<\/p>\n","protected":false},"featured_media":179334,"template":"","meta":{"_acf_changed":false,"om_disable_all_campaigns":false,"rs_blank_template":"","rs_page_bg_color":"","slide_template_v7":"","inline_featured_image":false,"_monsterinsights_skip_tracking":false,"_monsterinsights_sitenote_active":false,"_monsterinsights_sitenote_note":"","_monsterinsights_sitenote_category":0},"product_brand":[],"product_cat":[90,540],"product_tag":[],"class_list":{"0":"post-179333","1":"product","2":"type-product","3":"status-publish","4":"has-post-thumbnail","6":"product_cat-altres","7":"product_cat-otros","9":"first","10":"instock","11":"taxable","12":"shipping-taxable","13":"purchasable","14":"product-type-simple"},"acf":{"autor":"PLAT\u00d3","codart":"849481206","libros-coleccion":"S\u00e8rie Poesia","ediciones":"1","encuadernacion":"R\u00fastica","fecha_de_publicacion":"01\/07\/2018","novedad":"1","paginas":"169","subtitulo":"O SOBRE L'AMOR","orden":"0","portada":"0","idioma":"cat","editorial":[{"ID":148455,"post_author":"3","post_date":"2022-10-14 11:58:22","post_date_gmt":"2022-10-14 09:58:22","post_content":"","post_title":"Llibres de L'\u00cdndex (Ediciones de La Temp","post_excerpt":"","post_status":"publish","comment_status":"closed","ping_status":"closed","post_password":"","post_name":"llibres-de-lindex-ediciones-de-la-temp","to_ping":"","pinged":"","post_modified":"2022-10-14 11:58:22","post_modified_gmt":"2022-10-14 09:58:22","post_content_filtered":"","post_parent":0,"guid":"http:\/\/dev.claret.cat\/editorial\/llibres-de-lindex-ediciones-de-la-temp\/","menu_order":0,"post_type":"editorial","post_mime_type":"","comment_count":"0","filter":"raw"}],"autores-libros":[{"ID":167366,"post_author":"3","post_date":"2022-10-14 18:10:38","post_date_gmt":"2022-10-14 16:10:38","post_content":"","post_title":"PLAT\u00d3","post_excerpt":"","post_status":"publish","comment_status":"closed","ping_status":"closed","post_password":"","post_name":"plato","to_ping":"","pinged":"","post_modified":"2022-10-14 18:10:38","post_modified_gmt":"2022-10-14 16:10:38","post_content_filtered":"","post_parent":0,"guid":"http:\/\/dev.claret.cat\/autor\/plato\/","menu_order":0,"post_type":"autor","post_mime_type":"","comment_count":"0","filter":"raw"}],"booktrailer":"","resenas":""},"aioseo_notices":[],"_links":{"self":[{"href":"https:\/\/www.claret.cat\/es\/wp-json\/wp\/v2\/product\/179333","targetHints":{"allow":["GET"]}}],"collection":[{"href":"https:\/\/www.claret.cat\/es\/wp-json\/wp\/v2\/product"}],"about":[{"href":"https:\/\/www.claret.cat\/es\/wp-json\/wp\/v2\/types\/product"}],"wp:featuredmedia":[{"embeddable":true,"href":"https:\/\/www.claret.cat\/es\/wp-json\/wp\/v2\/media\/179334"}],"wp:attachment":[{"href":"https:\/\/www.claret.cat\/es\/wp-json\/wp\/v2\/media?parent=179333"}],"wp:term":[{"taxonomy":"product_brand","embeddable":true,"href":"https:\/\/www.claret.cat\/es\/wp-json\/wp\/v2\/product_brand?post=179333"},{"taxonomy":"product_cat","embeddable":true,"href":"https:\/\/www.claret.cat\/es\/wp-json\/wp\/v2\/product_cat?post=179333"},{"taxonomy":"product_tag","embeddable":true,"href":"https:\/\/www.claret.cat\/es\/wp-json\/wp\/v2\/product_tag?post=179333"}],"curies":[{"name":"wp","href":"https:\/\/api.w.org\/{rel}","templated":true}]}}

<p>En aquest diàleg, compost al voltant dels anys vuitanta del segle iv aC, Plató fa un capbussament en la reflexió filosòfica sobre Eros. El tema de l&#8217;amor es conjuga hàbilment amb la narració del contingut de discursos escoltats de terceres persones.</p>

<p>PLATÓ</p>

PLATÓ

Sèrie Poesia

Rústica

Llibres de L'Índex (Ediciones de La Temp
