{"id":179402,"date":"2022-10-20T02:58:22","date_gmt":"2022-10-20T00:58:22","guid":{"rendered":"http:\/\/dev.claret.cat\/producte\/la-habana-responsable\/"},"modified":"2023-01-28T23:37:12","modified_gmt":"2023-01-28T22:37:12","slug":"la-habana-responsable-9788416395200","status":"publish","type":"product","link":"https:\/\/www.claret.cat\/es\/libro\/la-habana-responsable-9788416395200\/","title":{"rendered":"LA HABANA RESPONSABLE"},"content":{"rendered":"<p>La Habana es una las ciudades m\u00e1s pobladas del Caribe y una de las m\u00e1s monumentales del mundo gracias a su situaci\u00f3n estrat\u00e9gica cerca de la pen\u00ednsula de Florida, que convirtieron su casco urbano en una ciudad llena de monumentos y tesoros. Desde tiempos coloniales, no pararon de construirse iglesias, conventos, fuertes y defensas para vigilar la estrecha bah\u00eda de su puerto, mansiones o elegantes parques y paseos. Aunque el mayor tesoro se encuentra entre sus gentes, que han sabido conservar las tradiciones y un modo de vida que la hace \u00fanica.<\/p>\n","protected":false},"excerpt":{"rendered":"<p>S\u00c1NCHEZ, FRANCISCO\/BASTART, JORDI\/DE PUY, EDGAR<\/p>\n","protected":false},"featured_media":179403,"template":"","meta":{"_acf_changed":false,"om_disable_all_campaigns":false,"rs_blank_template":"","rs_page_bg_color":"","slide_template_v7":"","inline_featured_image":false,"_monsterinsights_skip_tracking":false,"_monsterinsights_sitenote_active":false,"_monsterinsights_sitenote_note":"","_monsterinsights_sitenote_category":0},"product_brand":[],"product_cat":[107],"product_tag":[],"class_list":{"0":"post-179402","1":"product","2":"type-product","3":"status-publish","4":"has-post-thumbnail","6":"product_cat-guies-de-viatge","8":"first","9":"instock","10":"taxable","11":"shipping-taxable","12":"purchasable","13":"product-type-simple"},"acf":{"autor":"S\u00c1NCHEZ, FRANCISCO\/BASTART, JORDI\/DE PUY, EDGAR","codart":"8416395200","libros-coleccion":"Alhenamedia Responsable","ediciones":"1","encuadernacion":"R\u00fastica","fecha_de_publicacion":"01\/07\/2018","novedad":"1","paginas":"157","subtitulo":"","orden":"0","portada":"0","idioma":"spa","editorial":[{"ID":147396,"post_author":"3","post_date":"2022-10-14 11:50:15","post_date_gmt":"2022-10-14 09:50:15","post_content":"","post_title":"Alhena F\u00e1brica de Contenidos","post_excerpt":"","post_status":"publish","comment_status":"closed","ping_status":"closed","post_password":"","post_name":"alhena-fabrica-de-contenidos","to_ping":"","pinged":"","post_modified":"2022-10-14 11:50:15","post_modified_gmt":"2022-10-14 09:50:15","post_content_filtered":"","post_parent":0,"guid":"http:\/\/dev.claret.cat\/editorial\/alhena-fabrica-de-contenidos\/","menu_order":0,"post_type":"editorial","post_mime_type":"","comment_count":"0","filter":"raw"}],"autores-libros":[{"ID":159826,"post_author":"3","post_date":"2022-10-14 15:48:03","post_date_gmt":"2022-10-14 13:48:03","post_content":"","post_title":"JORDI BASTART","post_excerpt":"","post_status":"publish","comment_status":"closed","ping_status":"closed","post_password":"","post_name":"jordi-bastart","to_ping":"","pinged":"","post_modified":"2022-10-14 15:48:03","post_modified_gmt":"2022-10-14 13:48:03","post_content_filtered":"","post_parent":0,"guid":"http:\/\/dev.claret.cat\/autor\/jordi-bastart\/","menu_order":0,"post_type":"autor","post_mime_type":"","comment_count":"0","filter":"raw"},{"ID":156299,"post_author":"3","post_date":"2022-10-14 15:19:42","post_date_gmt":"2022-10-14 13:19:42","post_content":"","post_title":"FRANCISCO SANCHEZ","post_excerpt":"","post_status":"publish","comment_status":"closed","ping_status":"closed","post_password":"","post_name":"francisco-sanchez","to_ping":"","pinged":"","post_modified":"2022-10-14 15:19:42","post_modified_gmt":"2022-10-14 13:19:42","post_content_filtered":"","post_parent":0,"guid":"http:\/\/dev.claret.cat\/autor\/francisco-sanchez\/","menu_order":0,"post_type":"autor","post_mime_type":"","comment_count":"0","filter":"raw"}]},"aioseo_notices":[],"_links":{"self":[{"href":"https:\/\/www.claret.cat\/es\/wp-json\/wp\/v2\/product\/179402","targetHints":{"allow":["GET"]}}],"collection":[{"href":"https:\/\/www.claret.cat\/es\/wp-json\/wp\/v2\/product"}],"about":[{"href":"https:\/\/www.claret.cat\/es\/wp-json\/wp\/v2\/types\/product"}],"wp:featuredmedia":[{"embeddable":true,"href":"https:\/\/www.claret.cat\/es\/wp-json\/wp\/v2\/media\/179403"}],"wp:attachment":[{"href":"https:\/\/www.claret.cat\/es\/wp-json\/wp\/v2\/media?parent=179402"}],"wp:term":[{"taxonomy":"product_brand","embeddable":true,"href":"https:\/\/www.claret.cat\/es\/wp-json\/wp\/v2\/product_brand?post=179402"},{"taxonomy":"product_cat","embeddable":true,"href":"https:\/\/www.claret.cat\/es\/wp-json\/wp\/v2\/product_cat?post=179402"},{"taxonomy":"product_tag","embeddable":true,"href":"https:\/\/www.claret.cat\/es\/wp-json\/wp\/v2\/product_tag?post=179402"}],"curies":[{"name":"wp","href":"https:\/\/api.w.org\/{rel}","templated":true}]}}

<p>La Habana es una las ciudades más pobladas del Caribe y una de las más monumentales del mundo gracias a su situación estratégica cerca de la península de Florida, que convirtieron su casco urbano en una ciudad llena de monumentos y tesoros. Desde tiempos coloniales, no pararon de construirse iglesias, conventos, fuertes y defensas para vigilar la estrecha bahía de su puerto, mansiones o elegantes parques y paseos. Aunque el mayor tesoro se encuentra entre sus gentes, que han sabido conservar las tradiciones y un modo de vida que la hace única.</p>

<p>SÁNCHEZ, FRANCISCO/BASTART, JORDI/DE PUY, EDGAR</p>

SÁNCHEZ, FRANCISCO/BASTART, JORDI/DE PUY, EDGAR

Rústica

Alhena Fábrica de Contenidos
