{"id":180278,"date":"2022-10-20T03:12:47","date_gmt":"2022-10-20T01:12:47","guid":{"rendered":"http:\/\/dev.claret.cat\/producte\/newton-catalan\/"},"modified":"2023-01-28T01:20:30","modified_gmt":"2023-01-28T00:20:30","slug":"newton-catalan-9788417137151","status":"publish","type":"product","link":"https:\/\/www.claret.cat\/es\/libro\/newton-catalan-9788417137151\/","title":{"rendered":"NEWTON (CATAL\u00c1N)"},"content":{"rendered":"<p>Tanto el registro de la narraci\u00f3n como el estilo de las im\u00e1genes est\u00e1n adecuados a la franja escolares con una franja de edad entre 8 y 11 a\u00f1os. El texto y las im\u00e1genes se aseguran de tratar temas did\u00e1cticos transversales a los \u00e1mbitos de actividad del p<\/p>\n","protected":false},"excerpt":{"rendered":"<p>VEGUETA EDICIONES<\/p>\n","protected":false},"featured_media":180279,"template":"","meta":{"_acf_changed":false,"om_disable_all_campaigns":false,"rs_blank_template":"","rs_page_bg_color":"","slide_template_v7":"","inline_featured_image":false,"_monsterinsights_skip_tracking":false,"_monsterinsights_sitenote_active":false,"_monsterinsights_sitenote_note":"","_monsterinsights_sitenote_category":0},"product_brand":[],"product_cat":[86],"product_tag":[],"class_list":{"0":"post-180278","1":"product","2":"type-product","3":"status-publish","4":"has-post-thumbnail","6":"product_cat-infantil","8":"first","9":"instock","10":"taxable","11":"shipping-taxable","12":"purchasable","13":"product-type-simple"},"acf":{"autor":"VEGUETA EDICIONES","codart":"841713715","libros-coleccion":"","ediciones":"1","encuadernacion":"Carton\u00e9","fecha_de_publicacion":"01\/06\/2018","novedad":"1","paginas":"35","subtitulo":"EL PODER DE LA GRAVETAT","orden":"0","portada":"0","idioma":"cat","editorial":[{"ID":6389,"post_author":"3","post_date":"2022-07-28 17:51:06","post_date_gmt":"2022-07-28 15:51:06","post_content":"","post_title":"VEGUETA EDICIONES","post_excerpt":"","post_status":"publish","comment_status":"closed","ping_status":"closed","post_password":"","post_name":"vegueta-ediciones","to_ping":"","pinged":"","post_modified":"2022-07-28 17:51:06","post_modified_gmt":"2022-07-28 15:51:06","post_content_filtered":"","post_parent":0,"guid":"http:\/\/dev.claret.cat\/editorial\/vegueta-ediciones\/","menu_order":0,"post_type":"editorial","post_mime_type":"","comment_count":"0","filter":"raw"}],"autores-libros":[{"ID":165333,"post_author":"3","post_date":"2022-10-14 17:54:20","post_date_gmt":"2022-10-14 15:54:20","post_content":"","post_title":"M\u00d3NICA RODR\u00cdGUEZ","post_excerpt":"","post_status":"publish","comment_status":"closed","ping_status":"closed","post_password":"","post_name":"monica-rodriguez","to_ping":"","pinged":"","post_modified":"2022-10-14 17:54:20","post_modified_gmt":"2022-10-14 15:54:20","post_content_filtered":"","post_parent":0,"guid":"http:\/\/dev.claret.cat\/autor\/monica-rodriguez\/","menu_order":0,"post_type":"autor","post_mime_type":"","comment_count":"0","filter":"raw"}]},"aioseo_notices":[],"_links":{"self":[{"href":"https:\/\/www.claret.cat\/es\/wp-json\/wp\/v2\/product\/180278","targetHints":{"allow":["GET"]}}],"collection":[{"href":"https:\/\/www.claret.cat\/es\/wp-json\/wp\/v2\/product"}],"about":[{"href":"https:\/\/www.claret.cat\/es\/wp-json\/wp\/v2\/types\/product"}],"wp:featuredmedia":[{"embeddable":true,"href":"https:\/\/www.claret.cat\/es\/wp-json\/wp\/v2\/media\/180279"}],"wp:attachment":[{"href":"https:\/\/www.claret.cat\/es\/wp-json\/wp\/v2\/media?parent=180278"}],"wp:term":[{"taxonomy":"product_brand","embeddable":true,"href":"https:\/\/www.claret.cat\/es\/wp-json\/wp\/v2\/product_brand?post=180278"},{"taxonomy":"product_cat","embeddable":true,"href":"https:\/\/www.claret.cat\/es\/wp-json\/wp\/v2\/product_cat?post=180278"},{"taxonomy":"product_tag","embeddable":true,"href":"https:\/\/www.claret.cat\/es\/wp-json\/wp\/v2\/product_tag?post=180278"}],"curies":[{"name":"wp","href":"https:\/\/api.w.org\/{rel}","templated":true}]}}

NEWTON (CATALÁN)

<p>Tanto el registro de la narración como el estilo de las imágenes están adecuados a la franja escolares con una franja de edad entre 8 y 11 años. El texto y las imágenes se aseguran de tratar temas didácticos transversales a los ámbitos de actividad del p</p>

Cartoné

MÓNICA RODRÍGUEZ
