{"id":180872,"date":"2022-10-20T03:22:46","date_gmt":"2022-10-20T01:22:46","guid":{"rendered":"http:\/\/dev.claret.cat\/producte\/cristians-tanmateix\/"},"modified":"2024-10-22T12:40:37","modified_gmt":"2024-10-22T10:40:37","slug":"cristians-tanmateix-9788499759937","status":"publish","type":"product","link":"https:\/\/www.claret.cat\/es\/libro\/cristians-tanmateix-9788499759937\/","title":{"rendered":"CRISTIANS, TANMATEIX"},"content":{"rendered":"<p>L&#8217;Esgl\u00e9sia cat\u00f2lica s&#8217;ha anat configurant clerical. Jes\u00fas no la volia aix\u00ed. El Concili II del Vatic\u00e0 defineix com hauria de ser: Poble de D\u00e9u. Partint aquesta fe, Cristians, tanmateix concep una Esgl\u00e9sia d&#8217;estructura la\u00efcal: petites comunitats que, en lloc de mirar cap endins, mirin cap al m\u00f3n amb vocaci\u00f3 de comprometre&#8217;s en la societat segons l&#8217;esperit de l&#8217;Evangeli, una Esgl\u00e9sia que superi la dicotomia entre la\u00efcat i clergat i se centri en all\u00f2 que tenen en com\u00fa, tot esdevenint principalment cristiana i humana. El t\u00edtol d&#8217;aquest llibre s&#8217;inspira en el de J. Llimona Humans, tanmateix. Perqu\u00e8 ser cristi\u00e0 diu l&#8217;autor no pot situar-se gaire enll\u00e0 de ser hum\u00e0. Un cristi\u00e0 \u00e9s un laic, i ser laic o laica, com diu Savagnone, \u00e9s compartir el dest\u00ed de tots els homes i de totes les dones que hom trobar\u00e0 en el cam\u00ed.<\/p>\n","protected":false},"excerpt":{"rendered":"<p>GIL RIBAS, JOSEP<\/p>\n","protected":false},"featured_media":180873,"template":"","meta":{"_acf_changed":false,"om_disable_all_campaigns":false,"rs_blank_template":"","rs_page_bg_color":"","slide_template_v7":"","inline_featured_image":false,"_monsterinsights_skip_tracking":false,"_monsterinsights_sitenote_active":false,"_monsterinsights_sitenote_note":"","_monsterinsights_sitenote_category":0},"product_brand":[],"product_cat":[93,543,345,79,344,78],"product_tag":[],"class_list":{"0":"post-180872","1":"product","2":"type-product","3":"status-publish","4":"has-post-thumbnail","6":"product_cat-eclesiologia","7":"product_cat-eclesiologia-es","8":"product_cat-espiritualidad","9":"product_cat-espiritualitat","10":"product_cat-pastoral-1_espiritualidad","11":"product_cat-pastoral","13":"first","14":"instock","15":"taxable","16":"shipping-taxable","17":"purchasable","18":"product-type-simple"},"acf":{"autor":"GIL RIBAS, JOSEP","codart":"849975993","libros-coleccion":"Argent Viu","ediciones":"1","encuadernacion":"R\u00fastica","fecha_de_publicacion":"01\/06\/2018","novedad":"1","paginas":"199","subtitulo":"","orden":"0","portada":"0","idioma":"cat","editorial":[{"ID":6322,"post_author":"3","post_date":"2022-07-28 17:49:42","post_date_gmt":"2022-07-28 15:49:42","post_content":"","post_title":"PAG\u00c8S EDITORS","post_excerpt":"","post_status":"publish","comment_status":"closed","ping_status":"closed","post_password":"","post_name":"pages-editors","to_ping":"","pinged":"","post_modified":"2022-07-28 17:49:42","post_modified_gmt":"2022-07-28 15:49:42","post_content_filtered":"","post_parent":0,"guid":"http:\/\/dev.claret.cat\/editorial\/pages-editors\/","menu_order":0,"post_type":"editorial","post_mime_type":"","comment_count":"0","filter":"raw"}],"autores-libros":[{"ID":160672,"post_author":"3","post_date":"2022-10-14 15:54:58","post_date_gmt":"2022-10-14 13:54:58","post_content":"","post_title":"JOSEP GIL RIBAS","post_excerpt":"","post_status":"publish","comment_status":"closed","ping_status":"closed","post_password":"","post_name":"josep-gil-ribas","to_ping":"","pinged":"","post_modified":"2022-10-14 15:54:58","post_modified_gmt":"2022-10-14 13:54:58","post_content_filtered":"","post_parent":0,"guid":"http:\/\/dev.claret.cat\/autor\/josep-gil-ribas\/","menu_order":0,"post_type":"autor","post_mime_type":"","comment_count":"0","filter":"raw"}]},"aioseo_notices":[],"_links":{"self":[{"href":"https:\/\/www.claret.cat\/es\/wp-json\/wp\/v2\/product\/180872","targetHints":{"allow":["GET"]}}],"collection":[{"href":"https:\/\/www.claret.cat\/es\/wp-json\/wp\/v2\/product"}],"about":[{"href":"https:\/\/www.claret.cat\/es\/wp-json\/wp\/v2\/types\/product"}],"wp:featuredmedia":[{"embeddable":true,"href":"https:\/\/www.claret.cat\/es\/wp-json\/wp\/v2\/media\/180873"}],"wp:attachment":[{"href":"https:\/\/www.claret.cat\/es\/wp-json\/wp\/v2\/media?parent=180872"}],"wp:term":[{"taxonomy":"product_brand","embeddable":true,"href":"https:\/\/www.claret.cat\/es\/wp-json\/wp\/v2\/product_brand?post=180872"},{"taxonomy":"product_cat","embeddable":true,"href":"https:\/\/www.claret.cat\/es\/wp-json\/wp\/v2\/product_cat?post=180872"},{"taxonomy":"product_tag","embeddable":true,"href":"https:\/\/www.claret.cat\/es\/wp-json\/wp\/v2\/product_tag?post=180872"}],"curies":[{"name":"wp","href":"https:\/\/api.w.org\/{rel}","templated":true}]}}

<p>L&#8217;Església catòlica s&#8217;ha anat configurant clerical. Jesús no la volia així. El Concili II del Vaticà defineix com hauria de ser: Poble de Déu. Partint aquesta fe, Cristians, tanmateix concep una Església d&#8217;estructura laïcal: petites comunitats que, en lloc de mirar cap endins, mirin cap al món amb vocació de comprometre&#8217;s en la societat segons l&#8217;esperit de l&#8217;Evangeli, una Església que superi la dicotomia entre laïcat i clergat i se centri en allò que tenen en comú, tot esdevenint principalment cristiana i humana. El títol d&#8217;aquest llibre s&#8217;inspira en el de J. Llimona Humans, tanmateix. Perquè ser cristià diu l&#8217;autor no pot situar-se gaire enllà de ser humà. Un cristià és un laic, i ser laic o laica, com diu Savagnone, és compartir el destí de tots els homes i de totes les dones que hom trobarà en el camí.</p>

Rústica

PAGÈS EDITORS
