{"id":181550,"date":"2022-10-20T03:34:15","date_gmt":"2022-10-20T01:34:15","guid":{"rendered":"http:\/\/dev.claret.cat\/producte\/el-rey-tahur\/"},"modified":"2023-01-28T11:04:28","modified_gmt":"2023-01-28T10:04:28","slug":"el-rey-tahur-9788466663526","status":"publish","type":"product","link":"https:\/\/www.claret.cat\/es\/libro\/el-rey-tahur-9788466663526\/","title":{"rendered":"EL REY TAH\u00daR"},"content":{"rendered":"<p>La nueva novela del autor de la trilog\u00eda \u00abBanu Qasi\u00bb es una  apasionante historia sobre una venganza tallada en piedra.Reino de Navarra. A\u00f1o del Se\u00f1or de 1188. Tudela, la villa que  alberga la Corte, vive un momento de efervescencia d\u00e9cadas despu\u00e9s de que Alfonso el Batallador arrebatara su dominio a los musulmanes. El fuero nuevo ha atra\u00eddo a cientos de pobladores for\u00e1neos a un lugar donde todo est\u00e1 por hacer: la alcazaba se est\u00e1 transformando en castillo y sede real, el barrio de la morer\u00eda crece extramuros, las iglesias se levantan por doquier, de la mano del C\u00edster surgen monasterios y conventos y las poderosas \u00f3rdenes de caballer\u00eda financian su presencia en Tierra Santa con las encomiendas de las f\u00e9rtiles tierras del Ebro. Las obras de la nueva colegiata avanzan y se hace preciso ocupar el  solar de la antigua mezquita. Nicol\u00e1s, un joven aprendiz de cantero de origen borgo\u00f1\u00f3n, trabaja en su demolici\u00f3n cuando el pavimento parece ceder bajo sus pies. Regresa durante la noche para descubrir una cripta oculta bajo el antiguo mihrab y, en ella, al parecer olvidada, una arqueta musulmana con un ajado pergamino en su interior. Ser\u00e1 el descubrimiento que marque no solo su propio destino, sino el de todo aquel que tenga conocimiento de su existencia, el del propio reino de Navarra y, a la postre, el de toda la Cristiandad.<\/p>\n","protected":false},"excerpt":{"rendered":"<p>AURENSANZ, CARLOS<\/p>\n","protected":false},"featured_media":181551,"template":"","meta":{"_acf_changed":false,"om_disable_all_campaigns":false,"rs_blank_template":"","rs_page_bg_color":"","slide_template_v7":"","inline_featured_image":false,"_monsterinsights_skip_tracking":false,"_monsterinsights_sitenote_active":false,"_monsterinsights_sitenote_note":"","_monsterinsights_sitenote_category":0},"product_brand":[],"product_cat":[87],"product_tag":[],"class_list":{"0":"post-181550","1":"product","2":"type-product","3":"status-publish","4":"has-post-thumbnail","6":"product_cat-literatura","8":"first","9":"instock","10":"taxable","11":"shipping-taxable","12":"purchasable","13":"product-type-simple"},"acf":{"autor":"AURENSANZ, CARLOS","codart":"846666352","libros-coleccion":"HIST\u00d3RICA","ediciones":"1","encuadernacion":"Carton\u00e9","fecha_de_publicacion":"01\/06\/2018","novedad":"1","paginas":"846","subtitulo":"","orden":"0","portada":"0","idioma":"spa","editorial":[{"ID":6200,"post_author":"3","post_date":"2022-07-28 17:47:00","post_date_gmt":"2022-07-28 15:47:00","post_content":"","post_title":"EDICIONES B","post_excerpt":"","post_status":"publish","comment_status":"closed","ping_status":"closed","post_password":"","post_name":"ediciones-b","to_ping":"","pinged":"","post_modified":"2022-07-28 17:47:00","post_modified_gmt":"2022-07-28 15:47:00","post_content_filtered":"","post_parent":0,"guid":"http:\/\/dev.claret.cat\/editorial\/ediciones-b\/","menu_order":0,"post_type":"editorial","post_mime_type":"","comment_count":"0","filter":"raw"}],"autores-libros":[{"ID":152213,"post_author":"3","post_date":"2022-10-14 14:46:59","post_date_gmt":"2022-10-14 12:46:59","post_content":"","post_title":"CARLOS AURENSANZ","post_excerpt":"","post_status":"publish","comment_status":"closed","ping_status":"closed","post_password":"","post_name":"carlos-aurensanz","to_ping":"","pinged":"","post_modified":"2022-10-14 14:46:59","post_modified_gmt":"2022-10-14 12:46:59","post_content_filtered":"","post_parent":0,"guid":"http:\/\/dev.claret.cat\/autor\/carlos-aurensanz\/","menu_order":0,"post_type":"autor","post_mime_type":"","comment_count":"0","filter":"raw"}]},"aioseo_notices":[],"_links":{"self":[{"href":"https:\/\/www.claret.cat\/es\/wp-json\/wp\/v2\/product\/181550","targetHints":{"allow":["GET"]}}],"collection":[{"href":"https:\/\/www.claret.cat\/es\/wp-json\/wp\/v2\/product"}],"about":[{"href":"https:\/\/www.claret.cat\/es\/wp-json\/wp\/v2\/types\/product"}],"wp:featuredmedia":[{"embeddable":true,"href":"https:\/\/www.claret.cat\/es\/wp-json\/wp\/v2\/media\/181551"}],"wp:attachment":[{"href":"https:\/\/www.claret.cat\/es\/wp-json\/wp\/v2\/media?parent=181550"}],"wp:term":[{"taxonomy":"product_brand","embeddable":true,"href":"https:\/\/www.claret.cat\/es\/wp-json\/wp\/v2\/product_brand?post=181550"},{"taxonomy":"product_cat","embeddable":true,"href":"https:\/\/www.claret.cat\/es\/wp-json\/wp\/v2\/product_cat?post=181550"},{"taxonomy":"product_tag","embeddable":true,"href":"https:\/\/www.claret.cat\/es\/wp-json\/wp\/v2\/product_tag?post=181550"}],"curies":[{"name":"wp","href":"https:\/\/api.w.org\/{rel}","templated":true}]}}

EL REY TAHÚR

<p>La nueva novela del autor de la trilogía «Banu Qasi» es una  apasionante historia sobre una venganza tallada en piedra.Reino de Navarra. Año del Señor de 1188. Tudela, la villa que  alberga la Corte, vive un momento de efervescencia décadas después de que Alfonso el Batallador arrebatara su dominio a los musulmanes. El fuero nuevo ha atraído a cientos de pobladores foráneos a un lugar donde todo está por hacer: la alcazaba se está transformando en castillo y sede real, el barrio de la morería crece extramuros, las iglesias se levantan por doquier, de la mano del Císter surgen monasterios y conventos y las poderosas órdenes de caballería financian su presencia en Tierra Santa con las encomiendas de las fértiles tierras del Ebro. Las obras de la nueva colegiata avanzan y se hace preciso ocupar el  solar de la antigua mezquita. Nicolás, un joven aprendiz de cantero de origen borgoñón, trabaja en su demolición cuando el pavimento parece ceder bajo sus pies. Regresa durante la noche para descubrir una cripta oculta bajo el antiguo mihrab y, en ella, al parecer olvidada, una arqueta musulmana con un ajado pergamino en su interior. Será el descubrimiento que marque no solo su propio destino, sino el de todo aquel que tenga conocimiento de su existencia, el del propio reino de Navarra y, a la postre, el de toda la Cristiandad.</p>

HISTÓRICA

Cartoné
