{"id":181715,"date":"2022-10-20T03:36:59","date_gmt":"2022-10-20T01:36:59","guid":{"rendered":"http:\/\/dev.claret.cat\/producte\/cuidar-la-casa-comun-con-los-cinco-sentidos\/"},"modified":"2026-04-01T16:02:22","modified_gmt":"2026-04-01T14:02:22","slug":"cuidar-la-casa-comun-con-los-cinco-sentidos-9788429327458","status":"publish","type":"product","link":"https:\/\/www.claret.cat\/es\/libro\/cuidar-la-casa-comun-con-los-cinco-sentidos-9788429327458\/","title":{"rendered":"CUIDAR LA CASA COM\u00daN CON LOS CINCO SENTIDOS"},"content":{"rendered":"<p>Ca\u00edn ha pasado a la historia como autor de una de las preguntas m\u00e1s conocidas: \u00ab\u00bfAcaso soy yo responsable de mi hermano?\u00bb. Una pregunta a la que muchas personas recurren cuando se les pone frente a los sue\u00f1os y oportunidades destrozadas a causa de su ego\u00edsmo.<br \/>Ahora que ya reconocemos y nos preocupamos por el abuso y destrucci\u00f3n que hemos generado a nuestra casa com\u00fan, es el momento de plantearnos qu\u00e9 tipo de hogar natural queremos conservar para nuestros hijos: \u00bfRespondemos como Ca\u00edn y nos desentendemos de lo que le ocurra a nuestros semejantes?, o \u00bfestamos de verdad comprometidos en cuidar de nuestra casa con todos nuestros sentidos y asumiendo toda clase de esfuerzos?<\/p>\n","protected":false},"excerpt":{"rendered":"<p>CABALLERO GARC\u00cdA, ARACELI<\/p>\n","protected":false},"featured_media":340615,"template":"","meta":{"_acf_changed":false,"om_disable_all_campaigns":false,"rs_blank_template":"","rs_page_bg_color":"","slide_template_v7":"","inline_featured_image":false,"_monsterinsights_skip_tracking":false,"_monsterinsights_sitenote_active":false,"_monsterinsights_sitenote_note":"","_monsterinsights_sitenote_category":0},"product_brand":[],"product_cat":[84,350],"product_tag":[],"class_list":{"0":"post-181715","1":"product","2":"type-product","3":"status-publish","4":"has-post-thumbnail","6":"product_cat-sociologia","7":"product_cat-sociologia-2_humanidades","9":"first","10":"instock","11":"taxable","12":"shipping-taxable","13":"purchasable","14":"product-type-simple"},"acf":{"autor":"CABALLERO GARC\u00cdA, ARACELI","codart":"842932745","libros-coleccion":"Proyecto","ediciones":"1","encuadernacion":"R\u00fastica","fecha_de_publicacion":"25\/05\/2018","novedad":"1","paginas":"240","subtitulo":"","orden":"0","portada":"0","idioma":"spa","editorial":[{"ID":6351,"post_author":"3","post_date":"2022-07-28 17:50:19","post_date_gmt":"2022-07-28 15:50:19","post_content":"","post_title":"Sal Terrae","post_excerpt":"","post_status":"publish","comment_status":"closed","ping_status":"closed","post_password":"","post_name":"sal-terrae","to_ping":"","pinged":"","post_modified":"2022-07-28 17:50:19","post_modified_gmt":"2022-07-28 15:50:19","post_content_filtered":"","post_parent":0,"guid":"http:\/\/dev.claret.cat\/editorial\/sal-terrae\/","menu_order":0,"post_type":"editorial","post_mime_type":"","comment_count":"0","filter":"raw"}],"autores-libros":[{"ID":291797,"post_author":"3","post_date":"2022-12-11 00:01:30","post_date_gmt":"2022-12-10 23:01:30","post_content":"","post_title":"ARACELI CABALLERO GARC\u00cdA","post_excerpt":"","post_status":"publish","comment_status":"closed","ping_status":"closed","post_password":"","post_name":"araceli-caballero-garcia","to_ping":"","pinged":"","post_modified":"2022-12-11 00:01:30","post_modified_gmt":"2022-12-10 23:01:30","post_content_filtered":"","post_parent":0,"guid":"http:\/\/dev.claret.cat\/autor\/araceli-caballero-garcia\/","menu_order":0,"post_type":"autor","post_mime_type":"","comment_count":"0","filter":"raw"}],"booktrailer":"","resenas":""},"aioseo_notices":[],"_links":{"self":[{"href":"https:\/\/www.claret.cat\/es\/wp-json\/wp\/v2\/product\/181715","targetHints":{"allow":["GET"]}}],"collection":[{"href":"https:\/\/www.claret.cat\/es\/wp-json\/wp\/v2\/product"}],"about":[{"href":"https:\/\/www.claret.cat\/es\/wp-json\/wp\/v2\/types\/product"}],"wp:featuredmedia":[{"embeddable":true,"href":"https:\/\/www.claret.cat\/es\/wp-json\/wp\/v2\/media\/340615"}],"wp:attachment":[{"href":"https:\/\/www.claret.cat\/es\/wp-json\/wp\/v2\/media?parent=181715"}],"wp:term":[{"taxonomy":"product_brand","embeddable":true,"href":"https:\/\/www.claret.cat\/es\/wp-json\/wp\/v2\/product_brand?post=181715"},{"taxonomy":"product_cat","embeddable":true,"href":"https:\/\/www.claret.cat\/es\/wp-json\/wp\/v2\/product_cat?post=181715"},{"taxonomy":"product_tag","embeddable":true,"href":"https:\/\/www.claret.cat\/es\/wp-json\/wp\/v2\/product_tag?post=181715"}],"curies":[{"name":"wp","href":"https:\/\/api.w.org\/{rel}","templated":true}]}}

CUIDAR LA CASA COMÚN CON LOS CINCO SENTIDOS

<p>Caín ha pasado a la historia como autor de una de las preguntas más conocidas: «¿Acaso soy yo responsable de mi hermano?». Una pregunta a la que muchas personas recurren cuando se les pone frente a los sueños y oportunidades destrozadas a causa de su egoísmo.<br />Ahora que ya reconocemos y nos preocupamos por el abuso y destrucción que hemos generado a nuestra casa común, es el momento de plantearnos qué tipo de hogar natural queremos conservar para nuestros hijos: ¿Respondemos como Caín y nos desentendemos de lo que le ocurra a nuestros semejantes?, o ¿estamos de verdad comprometidos en cuidar de nuestra casa con todos nuestros sentidos y asumiendo toda clase de esfuerzos?</p>

<p>CABALLERO GARCÍA, ARACELI</p>

CABALLERO GARCÍA, ARACELI

Rústica

ARACELI CABALLERO GARCÍA
