{"id":181724,"date":"2022-10-20T03:37:08","date_gmt":"2022-10-20T01:37:08","guid":{"rendered":"http:\/\/dev.claret.cat\/producte\/todos-somos-lideres-como-revitalizar-la-iglesia-catolica\/"},"modified":"2026-04-01T16:01:57","modified_gmt":"2026-04-01T14:01:57","slug":"todos-somos-lideres-como-revitalizar-la-iglesia-catolica-9788429327472","status":"publish","type":"product","link":"https:\/\/www.claret.cat\/es\/libro\/todos-somos-lideres-como-revitalizar-la-iglesia-catolica-9788429327472\/","title":{"rendered":"TODOS SOMOS L\u00cdDERES. C\u00d3MO REVITALIZAR LA IGLESIA CAT\u00d3LICA"},"content":{"rendered":"<p>La Iglesia cat\u00f3lica vive un serio declive, una ca\u00edda que ser\u00e1 catastr\u00f3fica si no es revertida por cambios radicales en su estrategia, cultura y estilo de liderazgo. Se necesita una estrategia de acci\u00f3n en la que participen tanto las bases como la jerarqu\u00eda. Chris Lowney esboza en este libro los retos actuales y cartograf\u00eda el camino por recorrer.<\/p>\n","protected":false},"excerpt":{"rendered":"<p>LOWNEY, CHRIS<\/p>\n","protected":false},"featured_media":340619,"template":"","meta":{"_acf_changed":false,"om_disable_all_campaigns":false,"rs_blank_template":"","rs_page_bg_color":"","slide_template_v7":"","inline_featured_image":false,"_monsterinsights_skip_tracking":false,"_monsterinsights_sitenote_active":false,"_monsterinsights_sitenote_note":"","_monsterinsights_sitenote_category":0},"product_brand":[],"product_cat":[543,93,78,344],"product_tag":[],"class_list":{"0":"post-181724","1":"product","2":"type-product","3":"status-publish","4":"has-post-thumbnail","6":"product_cat-eclesiologia-es","7":"product_cat-eclesiologia","8":"product_cat-pastoral","9":"product_cat-pastoral-1_espiritualidad","11":"first","12":"instock","13":"taxable","14":"shipping-taxable","15":"purchasable","16":"product-type-simple"},"acf":{"autor":"LOWNEY, CHRIS","codart":"842932747","libros-coleccion":"PASTORAL","ediciones":"1","encuadernacion":"R\u00fastica","fecha_de_publicacion":"25\/05\/2018","novedad":"1","paginas":"242","subtitulo":"C\u00d3MO REVITALIZAR LA IGLESIA CAT\u00d3LICA","orden":"0","portada":"0","idioma":"spa","editorial":[{"ID":6351,"post_author":"3","post_date":"2022-07-28 17:50:19","post_date_gmt":"2022-07-28 15:50:19","post_content":"","post_title":"Sal Terrae","post_excerpt":"","post_status":"publish","comment_status":"closed","ping_status":"closed","post_password":"","post_name":"sal-terrae","to_ping":"","pinged":"","post_modified":"2022-07-28 17:50:19","post_modified_gmt":"2022-07-28 15:50:19","post_content_filtered":"","post_parent":0,"guid":"http:\/\/dev.claret.cat\/editorial\/sal-terrae\/","menu_order":0,"post_type":"editorial","post_mime_type":"","comment_count":"0","filter":"raw"}],"autores-libros":[{"ID":152868,"post_author":"3","post_date":"2022-10-14 14:52:14","post_date_gmt":"2022-10-14 12:52:14","post_content":"","post_title":"CHRIS LOWNEY","post_excerpt":"","post_status":"publish","comment_status":"closed","ping_status":"closed","post_password":"","post_name":"chris-lowney","to_ping":"","pinged":"","post_modified":"2022-10-14 14:52:14","post_modified_gmt":"2022-10-14 12:52:14","post_content_filtered":"","post_parent":0,"guid":"http:\/\/dev.claret.cat\/autor\/chris-lowney\/","menu_order":0,"post_type":"autor","post_mime_type":"","comment_count":"0","filter":"raw"}],"booktrailer":"","resenas":""},"aioseo_notices":[],"_links":{"self":[{"href":"https:\/\/www.claret.cat\/es\/wp-json\/wp\/v2\/product\/181724","targetHints":{"allow":["GET"]}}],"collection":[{"href":"https:\/\/www.claret.cat\/es\/wp-json\/wp\/v2\/product"}],"about":[{"href":"https:\/\/www.claret.cat\/es\/wp-json\/wp\/v2\/types\/product"}],"wp:featuredmedia":[{"embeddable":true,"href":"https:\/\/www.claret.cat\/es\/wp-json\/wp\/v2\/media\/340619"}],"wp:attachment":[{"href":"https:\/\/www.claret.cat\/es\/wp-json\/wp\/v2\/media?parent=181724"}],"wp:term":[{"taxonomy":"product_brand","embeddable":true,"href":"https:\/\/www.claret.cat\/es\/wp-json\/wp\/v2\/product_brand?post=181724"},{"taxonomy":"product_cat","embeddable":true,"href":"https:\/\/www.claret.cat\/es\/wp-json\/wp\/v2\/product_cat?post=181724"},{"taxonomy":"product_tag","embeddable":true,"href":"https:\/\/www.claret.cat\/es\/wp-json\/wp\/v2\/product_tag?post=181724"}],"curies":[{"name":"wp","href":"https:\/\/api.w.org\/{rel}","templated":true}]}}

TODOS SOMOS LÍDERES. CÓMO REVITALIZAR LA IGLESIA CATÓLICA

<p>La Iglesia católica vive un serio declive, una caída que será catastrófica si no es revertida por cambios radicales en su estrategia, cultura y estilo de liderazgo. Se necesita una estrategia de acción en la que participen tanto las bases como la jerarquía. Chris Lowney esboza en este libro los retos actuales y cartografía el camino por recorrer.</p>

Rústica

CÓMO REVITALIZAR LA IGLESIA CATÓLICA
