{"id":181847,"date":"2022-10-20T03:39:20","date_gmt":"2022-10-20T01:39:20","guid":{"rendered":"http:\/\/dev.claret.cat\/producte\/diez-cosas-que-el-papa-francisco-propone-a-la-vida-consagrada\/"},"modified":"2024-05-23T14:20:12","modified_gmt":"2024-05-23T12:20:12","slug":"diez-cosas-que-el-papa-francisco-propone-a-la-vida-consagrada-9788479666194","status":"publish","type":"product","link":"https:\/\/www.claret.cat\/es\/libro\/diez-cosas-que-el-papa-francisco-propone-a-la-vida-consagrada-9788479666194\/","title":{"rendered":"DIEZ COSAS QUE EL PAPA FRANCISCO PROPONE A LA VIDA CONSAGRADA"},"content":{"rendered":"<p>Un libro que recoge el pensamiento del papa Francisco sobre la vida consagrada, escrito por un gran conocedor de esa forma de vida cristiana. El autor desgrana en diez cap\u00edtulos diez subrayados del pensamiento del actual pont\u00edfice en un texto muy documentado y escrito con pasi\u00f3n y cercan\u00eda.<br \/>Junto con otros t\u00edtulos, forma parte de la conocida colecci\u00f3n &#8216;Diez cosas que el papa Francisco&#8230;&#8217;.<br \/>El libro es ideal para toda persona consagrada que quiera conocer en profundidad lo que el papa Francisco piensa sobre esta forma de vida. Ideal para la formaci\u00f3n permanente de las comunidades de personas consagradas.<\/p>\n","protected":false},"excerpt":{"rendered":"<p>BELDERRAIN, PEDRO<\/p>\n","protected":false},"featured_media":353232,"template":"","meta":{"_acf_changed":false,"om_disable_all_campaigns":false,"rs_blank_template":"","rs_page_bg_color":"","slide_template_v7":"","inline_featured_image":false,"_monsterinsights_skip_tracking":false,"_monsterinsights_sitenote_active":false,"_monsterinsights_sitenote_note":"","_monsterinsights_sitenote_category":0},"product_brand":[],"product_cat":[93,543,92,542],"product_tag":[],"class_list":{"0":"post-181847","1":"product","2":"type-product","3":"status-publish","4":"has-post-thumbnail","6":"product_cat-eclesiologia","7":"product_cat-eclesiologia-es","8":"product_cat-vida-religiosa","9":"product_cat-vida-religiosa-1_espiritualidad-spa","11":"first","12":"instock","13":"taxable","14":"shipping-taxable","15":"purchasable","16":"product-type-simple"},"acf":{"autor":"BELDERRAIN, PEDRO","codart":"847966619","libros-coleccion":"FUERA DE COLECCI\u00d3N","ediciones":"1","encuadernacion":"R\u00fastica","fecha_de_publicacion":"16\/05\/2018","novedad":"1","paginas":"224","subtitulo":"","orden":"0","portada":"0","idioma":"spa","editorial":[{"ID":6337,"post_author":"3","post_date":"2022-07-28 17:50:01","post_date_gmt":"2022-07-28 15:50:01","post_content":"","post_title":"Publicaciones Claretianas","post_excerpt":"","post_status":"publish","comment_status":"closed","ping_status":"closed","post_password":"","post_name":"publicaciones-claretianas","to_ping":"","pinged":"","post_modified":"2022-07-28 17:50:01","post_modified_gmt":"2022-07-28 15:50:01","post_content_filtered":"","post_parent":0,"guid":"http:\/\/dev.claret.cat\/editorial\/publicaciones-claretianas\/","menu_order":0,"post_type":"editorial","post_mime_type":"","comment_count":"0","filter":"raw"}],"autores-libros":[{"ID":352934,"post_author":"3","post_date":"2023-01-14 13:52:09","post_date_gmt":"2023-01-14 12:52:09","post_content":"","post_title":"PEDRO BELDERRAIN","post_excerpt":"","post_status":"publish","comment_status":"closed","ping_status":"closed","post_password":"","post_name":"pedro-belderrain","to_ping":"","pinged":"","post_modified":"2023-01-14 13:52:09","post_modified_gmt":"2023-01-14 12:52:09","post_content_filtered":"","post_parent":0,"guid":"https:\/\/www.claret.cat\/autor\/pedro-belderrain\/","menu_order":0,"post_type":"autor","post_mime_type":"","comment_count":"0","filter":"raw"}]},"aioseo_notices":[],"_links":{"self":[{"href":"https:\/\/www.claret.cat\/es\/wp-json\/wp\/v2\/product\/181847","targetHints":{"allow":["GET"]}}],"collection":[{"href":"https:\/\/www.claret.cat\/es\/wp-json\/wp\/v2\/product"}],"about":[{"href":"https:\/\/www.claret.cat\/es\/wp-json\/wp\/v2\/types\/product"}],"wp:featuredmedia":[{"embeddable":true,"href":"https:\/\/www.claret.cat\/es\/wp-json\/wp\/v2\/media\/353232"}],"wp:attachment":[{"href":"https:\/\/www.claret.cat\/es\/wp-json\/wp\/v2\/media?parent=181847"}],"wp:term":[{"taxonomy":"product_brand","embeddable":true,"href":"https:\/\/www.claret.cat\/es\/wp-json\/wp\/v2\/product_brand?post=181847"},{"taxonomy":"product_cat","embeddable":true,"href":"https:\/\/www.claret.cat\/es\/wp-json\/wp\/v2\/product_cat?post=181847"},{"taxonomy":"product_tag","embeddable":true,"href":"https:\/\/www.claret.cat\/es\/wp-json\/wp\/v2\/product_tag?post=181847"}],"curies":[{"name":"wp","href":"https:\/\/api.w.org\/{rel}","templated":true}]}}

<p>Un libro que recoge el pensamiento del papa Francisco sobre la vida consagrada, escrito por un gran conocedor de esa forma de vida cristiana. El autor desgrana en diez capítulos diez subrayados del pensamiento del actual pontífice en un texto muy documentado y escrito con pasión y cercanía.<br />Junto con otros títulos, forma parte de la conocida colección &#8216;Diez cosas que el papa Francisco&#8230;&#8217;.<br />El libro es ideal para toda persona consagrada que quiera conocer en profundidad lo que el papa Francisco piensa sobre esta forma de vida. Ideal para la formación permanente de las comunidades de personas consagradas.</p>

FUERA DE COLECCIÓN

Rústica
