{"id":182000,"date":"2022-10-20T03:41:50","date_gmt":"2022-10-20T01:41:50","guid":{"rendered":"http:\/\/dev.claret.cat\/producte\/ayudar-y-aprovechar-a-otros-muchos\/"},"modified":"2026-04-01T16:03:04","modified_gmt":"2026-04-01T14:03:04","slug":"ayudar-y-aprovechar-a-otros-muchos-9788429327366","status":"publish","type":"product","link":"https:\/\/www.claret.cat\/es\/libro\/ayudar-y-aprovechar-a-otros-muchos-9788429327366\/","title":{"rendered":"AYUDAR Y APROVECHAR A OTROS MUCHOS"},"content":{"rendered":"<p>Una obra magn\u00edfica para aproximarse, redescubrir o reencontrarse con los Ejercicios Espirituales de san Ignacio, en cada una de sus cuatro semanas. Desde tres \u00e1ngulos diferentes podr\u00e1s conocer al detalle sus elementos singulares: la indiferencia, el discernimiento, las maneras de orar, la \u00abaplicaci\u00f3n de sentidos\u00bb, las dos Banderas, la reforma de vida, las reglas del comer o de la templanza, las reglas para sentir en la Iglesia, etc.<br \/>Un libro perfecto para quienes se inician en los Ejercicios, para quienes repiten y quienes los conducen.<\/p>\n","protected":false},"excerpt":{"rendered":"<p>GUILL\u00c9N, ANTONIO; ALONSO, PABLO; MOLL\u00c1, DAR\u00cdO<\/p>\n","protected":false},"featured_media":1090786,"template":"","meta":{"_acf_changed":false,"om_disable_all_campaigns":false,"rs_blank_template":"","rs_page_bg_color":"","slide_template_v7":"","inline_featured_image":false,"_monsterinsights_skip_tracking":false,"_monsterinsights_sitenote_active":false,"_monsterinsights_sitenote_note":"","_monsterinsights_sitenote_category":0},"product_brand":[],"product_cat":[494,244,344,78,542,92],"product_tag":[],"class_list":{"0":"post-182000","1":"product","2":"type-product","3":"status-publish","4":"has-post-thumbnail","6":"product_cat-ignaciana-espiritualidad-1_espiritualidad","7":"product_cat-ignaciana","8":"product_cat-pastoral-1_espiritualidad","9":"product_cat-pastoral","10":"product_cat-vida-religiosa-1_espiritualidad-spa","11":"product_cat-vida-religiosa","13":"first","14":"instock","15":"taxable","16":"shipping-taxable","17":"purchasable","18":"product-type-simple"},"acf":{"autor":"GUILL\u00c9N, ANTONIO; ALONSO, PABLO; MOLL\u00c1, DAR\u00cdO","codart":"842932736","libros-coleccion":"PASTORAL","ediciones":"1","encuadernacion":"R\u00fastica","fecha_de_publicacion":"02\/05\/2018","novedad":"0","paginas":"168","subtitulo":"DAR Y HACER EJERCICIOS IGNACIANOS","orden":"0","portada":"0","idioma":"spa","editorial":[{"ID":6351,"post_author":"3","post_date":"2022-07-28 17:50:19","post_date_gmt":"2022-07-28 15:50:19","post_content":"","post_title":"Sal Terrae","post_excerpt":"","post_status":"publish","comment_status":"closed","ping_status":"closed","post_password":"","post_name":"sal-terrae","to_ping":"","pinged":"","post_modified":"2022-07-28 17:50:19","post_modified_gmt":"2022-07-28 15:50:19","post_content_filtered":"","post_parent":0,"guid":"http:\/\/dev.claret.cat\/editorial\/sal-terrae\/","menu_order":0,"post_type":"editorial","post_mime_type":"","comment_count":"0","filter":"raw"}],"autores-libros":[{"ID":291781,"post_author":"3","post_date":"2022-12-11 00:00:50","post_date_gmt":"2022-12-10 23:00:50","post_content":"","post_title":"ANTONIO GUILL\u00c9N","post_excerpt":"","post_status":"publish","comment_status":"closed","ping_status":"closed","post_password":"","post_name":"antonio-guillen","to_ping":"","pinged":"","post_modified":"2022-12-11 00:00:50","post_modified_gmt":"2022-12-10 23:00:50","post_content_filtered":"","post_parent":0,"guid":"http:\/\/dev.claret.cat\/autor\/antonio-guillen\/","menu_order":0,"post_type":"autor","post_mime_type":"","comment_count":"0","filter":"raw"},{"ID":291782,"post_author":"3","post_date":"2022-12-11 00:00:51","post_date_gmt":"2022-12-10 23:00:51","post_content":"","post_title":"PABLO ALONSO","post_excerpt":"","post_status":"publish","comment_status":"closed","ping_status":"closed","post_password":"","post_name":"pablo-alonso","to_ping":"","pinged":"","post_modified":"2022-12-11 00:00:51","post_modified_gmt":"2022-12-10 23:00:51","post_content_filtered":"","post_parent":0,"guid":"http:\/\/dev.claret.cat\/autor\/pablo-alonso\/","menu_order":0,"post_type":"autor","post_mime_type":"","comment_count":"0","filter":"raw"},{"ID":282222,"post_author":"3","post_date":"2022-12-10 00:17:11","post_date_gmt":"2022-12-09 23:17:11","post_content":"","post_title":"DAR\u00cdO MOLL\u00c1","post_excerpt":"","post_status":"publish","comment_status":"closed","ping_status":"closed","post_password":"","post_name":"dario-molla","to_ping":"","pinged":"","post_modified":"2022-12-10 00:17:11","post_modified_gmt":"2022-12-09 23:17:11","post_content_filtered":"","post_parent":0,"guid":"http:\/\/dev.claret.cat\/autor\/dario-molla\/","menu_order":0,"post_type":"autor","post_mime_type":"","comment_count":"0","filter":"raw"}],"booktrailer":"","resenas":""},"aioseo_notices":[],"_links":{"self":[{"href":"https:\/\/www.claret.cat\/es\/wp-json\/wp\/v2\/product\/182000","targetHints":{"allow":["GET"]}}],"collection":[{"href":"https:\/\/www.claret.cat\/es\/wp-json\/wp\/v2\/product"}],"about":[{"href":"https:\/\/www.claret.cat\/es\/wp-json\/wp\/v2\/types\/product"}],"wp:featuredmedia":[{"embeddable":true,"href":"https:\/\/www.claret.cat\/es\/wp-json\/wp\/v2\/media\/1090786"}],"wp:attachment":[{"href":"https:\/\/www.claret.cat\/es\/wp-json\/wp\/v2\/media?parent=182000"}],"wp:term":[{"taxonomy":"product_brand","embeddable":true,"href":"https:\/\/www.claret.cat\/es\/wp-json\/wp\/v2\/product_brand?post=182000"},{"taxonomy":"product_cat","embeddable":true,"href":"https:\/\/www.claret.cat\/es\/wp-json\/wp\/v2\/product_cat?post=182000"},{"taxonomy":"product_tag","embeddable":true,"href":"https:\/\/www.claret.cat\/es\/wp-json\/wp\/v2\/product_tag?post=182000"}],"curies":[{"name":"wp","href":"https:\/\/api.w.org\/{rel}","templated":true}]}}

<p>Una obra magnífica para aproximarse, redescubrir o reencontrarse con los Ejercicios Espirituales de san Ignacio, en cada una de sus cuatro semanas. Desde tres ángulos diferentes podrás conocer al detalle sus elementos singulares: la indiferencia, el discernimiento, las maneras de orar, la «aplicación de sentidos», las dos Banderas, la reforma de vida, las reglas del comer o de la templanza, las reglas para sentir en la Iglesia, etc.<br />Un libro perfecto para quienes se inician en los Ejercicios, para quienes repiten y quienes los conducen.</p>

<p>GUILLÉN, ANTONIO; ALONSO, PABLO; MOLLÁ, DARÍO</p>

GUILLÉN, ANTONIO; ALONSO, PABLO; MOLLÁ, DARÍO

Rústica

ANTONIO GUILLÉN

DARÍO MOLLÁ
