{"id":182390,"date":"2022-10-20T03:47:59","date_gmt":"2022-10-20T01:47:59","guid":{"rendered":"http:\/\/dev.claret.cat\/producte\/agua-verde-cielo-verde\/"},"modified":"2023-01-28T10:52:44","modified_gmt":"2023-01-28T09:52:44","slug":"agua-verde-cielo-verde-9788417115562","status":"publish","type":"product","link":"https:\/\/www.claret.cat\/es\/libro\/agua-verde-cielo-verde-9788417115562\/","title":{"rendered":"AGUA VERDE, CIELO VERDE"},"content":{"rendered":"<p>Venecia, Cannes y Paris componen el falsamente glamouroso escenario de la vida de Florence McCarthy Harris, una muchacha americana que pasa su juventud viajando por Europa y viviendo de la caridad de los familiares de la mano de su madre, Bonnie, que, a causa de su divorcio, no pod\u00eda soportar ya seguir viviendo en Am\u00e9rica. Mientras asistimos al atribulado descenso a la locura de Flor, ser\u00e1n cuatro las voces que, a modo de un cuadro cubista, se superpondr\u00e1n y revelar\u00e1n la realidad fracturada de una joven que es arrastrada por su madre a una vida de movimiento constante en un continente desconocido. Una novela sobre la naturaleza humana que, enmarcada en una enfermiza relaci\u00f3n maternofilial, trata con gran delicadeza sobre la necesidad de un hogar y la fragilidad que supone el desarraigo.<\/p>\n","protected":false},"excerpt":{"rendered":"<p>GALLANT, MAVIS<\/p>\n","protected":false},"featured_media":182391,"template":"","meta":{"_acf_changed":false,"om_disable_all_campaigns":false,"rs_blank_template":"","rs_page_bg_color":"","slide_template_v7":"","inline_featured_image":false,"_monsterinsights_skip_tracking":false,"_monsterinsights_sitenote_active":false,"_monsterinsights_sitenote_note":"","_monsterinsights_sitenote_category":0},"product_brand":[],"product_cat":[87],"product_tag":[],"class_list":{"0":"post-182390","1":"product","2":"type-product","3":"status-publish","4":"has-post-thumbnail","6":"product_cat-literatura","8":"first","9":"instock","10":"taxable","11":"shipping-taxable","12":"purchasable","13":"product-type-simple"},"acf":{"autor":"GALLANT, MAVIS","codart":"841711556","libros-coleccion":"Impedimenta","ediciones":"1","encuadernacion":"R\u00fastica","fecha_de_publicacion":"01\/05\/2018","novedad":"1","paginas":"188","subtitulo":"","orden":"0","portada":"0","idioma":"spa","editorial":[{"ID":148284,"post_author":"3","post_date":"2022-10-14 11:57:03","post_date_gmt":"2022-10-14 09:57:03","post_content":"","post_title":"IMPEDIMENTA","post_excerpt":"","post_status":"publish","comment_status":"closed","ping_status":"closed","post_password":"","post_name":"impedimenta","to_ping":"","pinged":"","post_modified":"2022-10-14 11:57:03","post_modified_gmt":"2022-10-14 09:57:03","post_content_filtered":"","post_parent":0,"guid":"http:\/\/dev.claret.cat\/editorial\/impedimenta\/","menu_order":0,"post_type":"editorial","post_mime_type":"","comment_count":"0","filter":"raw"}],"autores-libros":[{"ID":164535,"post_author":"3","post_date":"2022-10-14 17:47:51","post_date_gmt":"2022-10-14 15:47:51","post_content":"","post_title":"MAVIS GALLANT","post_excerpt":"","post_status":"publish","comment_status":"closed","ping_status":"closed","post_password":"","post_name":"mavis-gallant","to_ping":"","pinged":"","post_modified":"2022-10-14 17:47:51","post_modified_gmt":"2022-10-14 15:47:51","post_content_filtered":"","post_parent":0,"guid":"http:\/\/dev.claret.cat\/autor\/mavis-gallant\/","menu_order":0,"post_type":"autor","post_mime_type":"","comment_count":"0","filter":"raw"}]},"aioseo_notices":[],"_links":{"self":[{"href":"https:\/\/www.claret.cat\/es\/wp-json\/wp\/v2\/product\/182390","targetHints":{"allow":["GET"]}}],"collection":[{"href":"https:\/\/www.claret.cat\/es\/wp-json\/wp\/v2\/product"}],"about":[{"href":"https:\/\/www.claret.cat\/es\/wp-json\/wp\/v2\/types\/product"}],"wp:featuredmedia":[{"embeddable":true,"href":"https:\/\/www.claret.cat\/es\/wp-json\/wp\/v2\/media\/182391"}],"wp:attachment":[{"href":"https:\/\/www.claret.cat\/es\/wp-json\/wp\/v2\/media?parent=182390"}],"wp:term":[{"taxonomy":"product_brand","embeddable":true,"href":"https:\/\/www.claret.cat\/es\/wp-json\/wp\/v2\/product_brand?post=182390"},{"taxonomy":"product_cat","embeddable":true,"href":"https:\/\/www.claret.cat\/es\/wp-json\/wp\/v2\/product_cat?post=182390"},{"taxonomy":"product_tag","embeddable":true,"href":"https:\/\/www.claret.cat\/es\/wp-json\/wp\/v2\/product_tag?post=182390"}],"curies":[{"name":"wp","href":"https:\/\/api.w.org\/{rel}","templated":true}]}}

<p>Venecia, Cannes y Paris componen el falsamente glamouroso escenario de la vida de Florence McCarthy Harris, una muchacha americana que pasa su juventud viajando por Europa y viviendo de la caridad de los familiares de la mano de su madre, Bonnie, que, a causa de su divorcio, no podía soportar ya seguir viviendo en América. Mientras asistimos al atribulado descenso a la locura de Flor, serán cuatro las voces que, a modo de un cuadro cubista, se superpondrán y revelarán la realidad fracturada de una joven que es arrastrada por su madre a una vida de movimiento constante en un continente desconocido. Una novela sobre la naturaleza humana que, enmarcada en una enfermiza relación maternofilial, trata con gran delicadeza sobre la necesidad de un hogar y la fragilidad que supone el desarraigo.</p>

Rústica
