{"id":184084,"date":"2022-10-20T04:17:26","date_gmt":"2022-10-20T02:17:26","guid":{"rendered":"http:\/\/dev.claret.cat\/producte\/nuevos-signos-de-los-tiempos-2\/"},"modified":"2024-05-02T08:42:24","modified_gmt":"2024-05-02T06:42:24","slug":"nuevos-signos-de-los-tiempos-9788428554657","status":"publish","type":"product","link":"https:\/\/www.claret.cat\/es\/libro\/nuevos-signos-de-los-tiempos-9788428554657\/","title":{"rendered":"NUEVOS SIGNOS DE LOS TIEMPOS"},"content":{"rendered":"<p>En el contexto de la actualizaci\u00f3n del esp\u00edritu del concilio Vaticano II en este pontificado, nace la experiencia del primer Encuentro iberoamericano de Teolog\u00eda celebrado en Boston en 2017. De la mano de los te\u00f3logos Rafael Luciani, Carlos Mar\u00eda Galli, Juan Carlos Scannone SJ y F\u00e9lix Palazzi, m\u00e1s de cuarenta te\u00f3logos y pastoralistas han discernido sobre los ejes que caracterizan este momento trascendental: las relaciones de exclusi\u00f3n, la necesidad de caminar hacia la pluriculturalidad y la urgencia de apoyar formas emergentes de la sociedad civil que representen fuerzas de cambio. Los frutos de este di\u00e1logo pretenden ser una contribuci\u00f3n a la primavera eclesial iniciada por Francisco, al servicio de los excluidos.<\/p>\n","protected":false},"excerpt":{"rendered":"<p>ARANGUREN GONZALO, LUIS; PALAZZI, F\u00c9LIX (eds.)<\/p>\n","protected":false},"featured_media":335787,"template":"","meta":{"_acf_changed":false,"om_disable_all_campaigns":false,"rs_blank_template":"","rs_page_bg_color":"","slide_template_v7":"","inline_featured_image":false,"_monsterinsights_skip_tracking":false,"_monsterinsights_sitenote_active":false,"_monsterinsights_sitenote_note":"","_monsterinsights_sitenote_category":0},"product_brand":[],"product_cat":[345,79,78,344],"product_tag":[],"class_list":{"0":"post-184084","1":"product","2":"type-product","3":"status-publish","4":"has-post-thumbnail","6":"product_cat-espiritualidad","7":"product_cat-espiritualitat","8":"product_cat-pastoral","9":"product_cat-pastoral-1_espiritualidad","11":"first","12":"instock","13":"taxable","14":"shipping-taxable","15":"purchasable","16":"product-type-simple"},"acf":{"autor":"ARANGUREN GONZALO, LUIS; PALAZZI, F\u00c9LIX (eds.)","codart":"842855465","libros-coleccion":"Caminos","ediciones":"1","encuadernacion":"R\u00fastica","fecha_de_publicacion":"20\/04\/2018","novedad":"1","paginas":"400","subtitulo":"DI\u00c1LOGO TEOL\u00d3GICO \u00cdBERO-LATINO-AMERICANO","orden":"0","portada":"0","idioma":"spa","editorial":[{"ID":6356,"post_author":"3","post_date":"2022-07-28 17:50:26","post_date_gmt":"2022-07-28 15:50:26","post_content":"","post_title":"SAN PABLO COMUNICACI\u00d3N","post_excerpt":"","post_status":"publish","comment_status":"closed","ping_status":"closed","post_password":"","post_name":"san-pablo-comunicacion","to_ping":"","pinged":"","post_modified":"2022-07-28 17:50:26","post_modified_gmt":"2022-07-28 15:50:26","post_content_filtered":"","post_parent":0,"guid":"http:\/\/dev.claret.cat\/editorial\/san-pablo-comunicacion\/","menu_order":0,"post_type":"editorial","post_mime_type":"","comment_count":"0","filter":"raw"}],"autores-libros":[{"ID":5750,"post_author":"3","post_date":"2022-07-28 17:30:40","post_date_gmt":"2022-07-28 15:30:40","post_content":"","post_title":"LUIS ARANGUREN GONZALO","post_excerpt":"","post_status":"publish","comment_status":"closed","ping_status":"closed","post_password":"","post_name":"luis-aranguren-gonzalo","to_ping":"","pinged":"","post_modified":"2022-07-28 17:30:40","post_modified_gmt":"2022-07-28 15:30:40","post_content_filtered":"","post_parent":0,"guid":"http:\/\/dev.claret.cat\/autor\/luis-aranguren-gonzalo\/","menu_order":0,"post_type":"autor","post_mime_type":"","comment_count":"0","filter":"raw"},{"ID":286436,"post_author":"3","post_date":"2022-12-10 03:59:51","post_date_gmt":"2022-12-10 02:59:51","post_content":"","post_title":"F\u00c9LIX (eds.) PALAZZI","post_excerpt":"","post_status":"publish","comment_status":"closed","ping_status":"closed","post_password":"","post_name":"felix-eds-palazzi","to_ping":"","pinged":"","post_modified":"2022-12-10 03:59:51","post_modified_gmt":"2022-12-10 02:59:51","post_content_filtered":"","post_parent":0,"guid":"http:\/\/dev.claret.cat\/autor\/felix-eds-palazzi\/","menu_order":0,"post_type":"autor","post_mime_type":"","comment_count":"0","filter":"raw"}]},"aioseo_notices":[],"_links":{"self":[{"href":"https:\/\/www.claret.cat\/es\/wp-json\/wp\/v2\/product\/184084","targetHints":{"allow":["GET"]}}],"collection":[{"href":"https:\/\/www.claret.cat\/es\/wp-json\/wp\/v2\/product"}],"about":[{"href":"https:\/\/www.claret.cat\/es\/wp-json\/wp\/v2\/types\/product"}],"wp:featuredmedia":[{"embeddable":true,"href":"https:\/\/www.claret.cat\/es\/wp-json\/wp\/v2\/media\/335787"}],"wp:attachment":[{"href":"https:\/\/www.claret.cat\/es\/wp-json\/wp\/v2\/media?parent=184084"}],"wp:term":[{"taxonomy":"product_brand","embeddable":true,"href":"https:\/\/www.claret.cat\/es\/wp-json\/wp\/v2\/product_brand?post=184084"},{"taxonomy":"product_cat","embeddable":true,"href":"https:\/\/www.claret.cat\/es\/wp-json\/wp\/v2\/product_cat?post=184084"},{"taxonomy":"product_tag","embeddable":true,"href":"https:\/\/www.claret.cat\/es\/wp-json\/wp\/v2\/product_tag?post=184084"}],"curies":[{"name":"wp","href":"https:\/\/api.w.org\/{rel}","templated":true}]}}

<p>En el contexto de la actualización del espíritu del concilio Vaticano II en este pontificado, nace la experiencia del primer Encuentro iberoamericano de Teología celebrado en Boston en 2017. De la mano de los teólogos Rafael Luciani, Carlos María Galli, Juan Carlos Scannone SJ y Félix Palazzi, más de cuarenta teólogos y pastoralistas han discernido sobre los ejes que caracterizan este momento trascendental: las relaciones de exclusión, la necesidad de caminar hacia la pluriculturalidad y la urgencia de apoyar formas emergentes de la sociedad civil que representen fuerzas de cambio. Los frutos de este diálogo pretenden ser una contribución a la primavera eclesial iniciada por Francisco, al servicio de los excluidos.</p>

<p>ARANGUREN GONZALO, LUIS; PALAZZI, FÉLIX (eds.)</p>

ARANGUREN GONZALO, LUIS; PALAZZI, FÉLIX (eds.)

Rústica

DIÁLOGO TEOLÓGICO ÍBERO-LATINO-AMERICANO

SAN PABLO COMUNICACIÓN

FÉLIX (eds.) PALAZZI
