{"id":1844,"date":"2022-07-27T21:02:54","date_gmt":"2022-07-27T19:02:54","guid":{"rendered":"http:\/\/dev.claret.cat\/producto\/ejercicios-para-mejorar-la-memoria-2-8498420838\/"},"modified":"2025-10-08T16:26:41","modified_gmt":"2025-10-08T14:26:41","slug":"ejercicios-para-mejorar-la-memoria-2-9788498420838","status":"publish","type":"product","link":"https:\/\/www.claret.cat\/es\/libro\/ejercicios-para-mejorar-la-memoria-2-9788498420838\/","title":{"rendered":"EJERCICIOS PARA MEJORAR LA MEMORIA &#8211; 2"},"content":{"rendered":"<p>Poco a poco las personas mayores van tomando conciencia de la necesidad de ejercitar su memoria. Por el momento esto se produce cuando la persona tiene conciencia de p\u00e9rdida de memoria respecto a a\u00f1os anteriores, pero es recomendable generar h\u00e1bitos de conducta saludables durante el proceso de envejecimiento, de esta manera mantendremos las funciones cognitivas en optimas condiciones.Ejercicios para mejorar la Memoria-2 es la continuaci\u00f3n de Ejercicios para mejorar la Memoria y, por tanto, el nivel de dificultad que presenta es superior. Va dirigido a todas aquellas personas interesadas en mejorar su memoria individualmente, se trata de un programa de prevenci\u00f3n y promoci\u00f3n de la salud. Es un instrumento que facilita el ejercicio mental de una forma entretenida y variada. Se presentan 180 ejercicios de dificultad creciente que inciden en diferentes capacidades cognitivas y refuerza diferentes mnemot\u00e9cnicas. Los ejercicios se estructuran en grupos de cinco y se distribuyen en 36 sesiones. Puede ser utilizado tambi\u00e9n por profesionales que intervienen con personas mayores como complemento al Programa de Entrenamiento de la Memoria o como complemento a los Talleres de memoria.Anna Puig es Doctora en Psicolog\u00eda por la Universidad de Barcelona. Desarrolla su actividad profesional como especialista en programas de psicoestimulaci\u00f3n en el \u00e1mbito gerontol\u00f3gico. Sobre esta tem\u00e1tica tiene publicados el Programa de Psicoestimulaci\u00f3n Preventiva, el Programa de Entrenamiento de la Memoria, Ejercicios para mejorar la Memoria y Ejercicios para mejorar la Cognici\u00f3n en esta misma editorial.<\/p>\n","protected":false},"excerpt":{"rendered":"<p>PUIG, ANNA<\/p>\n","protected":false},"featured_media":1058219,"template":"","meta":{"_acf_changed":false,"om_disable_all_campaigns":false,"rs_blank_template":"","rs_page_bg_color":"","slide_template_v7":"","inline_featured_image":false,"_monsterinsights_skip_tracking":false,"_monsterinsights_sitenote_active":false,"_monsterinsights_sitenote_note":"","_monsterinsights_sitenote_category":0},"product_brand":[],"product_cat":[179,377,401,260,455,192,547,97,84,350],"product_tag":[],"class_list":{"0":"post-1844","1":"product","2":"type-product","3":"status-publish","4":"has-post-thumbnail","6":"product_cat-autoajuda-i-salut-mental","7":"product_cat-autoayuda-y-salud-mental","8":"product_cat-de-la-salud","9":"product_cat-de-la-salut","10":"product_cat-de-la-tercera-edad-pedagogia-2_humanidades","11":"product_cat-de-la-tercera-edat","12":"product_cat-salud","13":"product_cat-salut","14":"product_cat-sociologia","15":"product_cat-sociologia-2_humanidades","17":"first","18":"outofstock","19":"taxable","20":"shipping-taxable","21":"purchasable","22":"product-type-simple"},"acf":{"autor":"PUIG, ANNA","codart":"849842083","ediciones":"1","encuadernacion":"R\u00fastica","fecha_de_publicacion":"24\/05\/2007","novedad":"0","paginas":"418","subtitulo":"","orden":"0","portada":"0","idioma":"spa","libros-coleccion":"Mayores","autores-libros":[{"ID":5251,"post_author":"3","post_date":"2022-07-28 17:20:05","post_date_gmt":"2022-07-28 15:20:05","post_content":"","post_title":"ANNA PUIG","post_excerpt":"","post_status":"publish","comment_status":"closed","ping_status":"closed","post_password":"","post_name":"anna-puig","to_ping":"","pinged":"","post_modified":"2022-07-28 17:20:05","post_modified_gmt":"2022-07-28 15:20:05","post_content_filtered":"","post_parent":0,"guid":"http:\/\/dev.claret.cat\/autor\/anna-puig\/","menu_order":0,"post_type":"autor","post_mime_type":"","comment_count":"0","filter":"raw"}],"editorial":[{"ID":6155,"post_author":"3","post_date":"2022-07-28 17:46:04","post_date_gmt":"2022-07-28 15:46:04","post_content":"","post_title":"Central Catequ\u00edstica Salesiana","post_excerpt":"","post_status":"publish","comment_status":"closed","ping_status":"closed","post_password":"","post_name":"central-catequistica-salesiana","to_ping":"","pinged":"","post_modified":"2022-07-28 17:46:04","post_modified_gmt":"2022-07-28 15:46:04","post_content_filtered":"","post_parent":0,"guid":"http:\/\/dev.claret.cat\/editorial\/central-catequistica-salesiana\/","menu_order":0,"post_type":"editorial","post_mime_type":"","comment_count":"0","filter":"raw"}],"booktrailer":"","resenas":""},"aioseo_notices":[],"_links":{"self":[{"href":"https:\/\/www.claret.cat\/es\/wp-json\/wp\/v2\/product\/1844","targetHints":{"allow":["GET"]}}],"collection":[{"href":"https:\/\/www.claret.cat\/es\/wp-json\/wp\/v2\/product"}],"about":[{"href":"https:\/\/www.claret.cat\/es\/wp-json\/wp\/v2\/types\/product"}],"wp:featuredmedia":[{"embeddable":true,"href":"https:\/\/www.claret.cat\/es\/wp-json\/wp\/v2\/media\/1058219"}],"wp:attachment":[{"href":"https:\/\/www.claret.cat\/es\/wp-json\/wp\/v2\/media?parent=1844"}],"wp:term":[{"taxonomy":"product_brand","embeddable":true,"href":"https:\/\/www.claret.cat\/es\/wp-json\/wp\/v2\/product_brand?post=1844"},{"taxonomy":"product_cat","embeddable":true,"href":"https:\/\/www.claret.cat\/es\/wp-json\/wp\/v2\/product_cat?post=1844"},{"taxonomy":"product_tag","embeddable":true,"href":"https:\/\/www.claret.cat\/es\/wp-json\/wp\/v2\/product_tag?post=1844"}],"curies":[{"name":"wp","href":"https:\/\/api.w.org\/{rel}","templated":true}]}}

<p>Poco a poco las personas mayores van tomando conciencia de la necesidad de ejercitar su memoria. Por el momento esto se produce cuando la persona tiene conciencia de pérdida de memoria respecto a años anteriores, pero es recomendable generar hábitos de conducta saludables durante el proceso de envejecimiento, de esta manera mantendremos las funciones cognitivas en optimas condiciones.Ejercicios para mejorar la Memoria-2 es la continuación de Ejercicios para mejorar la Memoria y, por tanto, el nivel de dificultad que presenta es superior. Va dirigido a todas aquellas personas interesadas en mejorar su memoria individualmente, se trata de un programa de prevención y promoción de la salud. Es un instrumento que facilita el ejercicio mental de una forma entretenida y variada. Se presentan 180 ejercicios de dificultad creciente que inciden en diferentes capacidades cognitivas y refuerza diferentes mnemotécnicas. Los ejercicios se estructuran en grupos de cinco y se distribuyen en 36 sesiones. Puede ser utilizado también por profesionales que intervienen con personas mayores como complemento al Programa de Entrenamiento de la Memoria o como complemento a los Talleres de memoria.Anna Puig es Doctora en Psicología por la Universidad de Barcelona. Desarrolla su actividad profesional como especialista en programas de psicoestimulación en el ámbito gerontológico. Sobre esta temática tiene publicados el Programa de Psicoestimulación Preventiva, el Programa de Entrenamiento de la Memoria, Ejercicios para mejorar la Memoria y Ejercicios para mejorar la Cognición en esta misma editorial.</p>

Rústica

Central Catequística Salesiana
