{"id":1854,"date":"2022-07-27T21:03:13","date_gmt":"2022-07-27T19:03:13","guid":{"rendered":"http:\/\/dev.claret.cat\/producto\/ejercicios-de-agilidad-mental-9788498422085\/"},"modified":"2025-02-20T11:45:59","modified_gmt":"2025-02-20T10:45:59","slug":"ejercicios-de-agilidad-mental-9788498422085","status":"publish","type":"product","link":"https:\/\/www.claret.cat\/es\/libro\/ejercicios-de-agilidad-mental-9788498422085\/","title":{"rendered":"EJERCICIOS DE AGILIDAD MENTAL"},"content":{"rendered":"<p>Tener olvidos o despistes de memoria en momentos puntuales es algo inevitable en el desarrollo \u201cnormal\u201d de nuestra vida cotidiana. Lo que ya no es normal es que esos fallos se produzcan habitualmente y encima no hagamos nada por remediarlo. Olvidar una cita, tener una palabra en la punta de la lengua o no saber d\u00f3nde se han dejado las gafas es algo que no s\u00f3lo ocurre a las personas mayores, sino que nos sucede en cualquier etapa de nuestra vida. Pero quiz\u00e1s en la llamada 3\u00aa edad es cuando estos despistes m\u00e1s llegan a preocupar, y se genera un temor de no saber c\u00f3mo actuar ante esta situaci\u00f3n.Mediante este libro se pretende que el lector que quiera potenciar personalmente su mente d\u00eda a d\u00eda, encuentre en \u00e9l una serie de ejemplos concretos y diversos con los que estimular y agilizar todos los aspectos cognitivos que har\u00e1n que su memoria sea ese \u201cperfume del alma\u201d que envuelve todas sus vivencias y recuerdos.Ignacio Olivar Noguera es Terapeuta Ocupacional por la Universidad de Zaragoza. Desarrolla su actividad profesional principalmente en Centros de Mayores dependientes del Ayuntamiento de Zaragoza y del Instituto Aragon\u00e9s de Servicios Sociales. A su vez es autor del libro \u201cSu memoria, \u00bfpreocupaci\u00f3n o afici\u00f3n?\u201d (2006).<\/p>\n","protected":false},"excerpt":{"rendered":"<p>OLIVAR NOGUERA , IGNACIO<\/p>\n","protected":false},"featured_media":1006985,"template":"","meta":{"_acf_changed":false,"om_disable_all_campaigns":false,"rs_blank_template":"","rs_page_bg_color":"","slide_template_v7":"","inline_featured_image":false,"_monsterinsights_skip_tracking":false,"_monsterinsights_sitenote_active":false,"_monsterinsights_sitenote_note":"","_monsterinsights_sitenote_category":0},"product_brand":[],"product_cat":[449,181,401,260,402,261,547,97,84,350,437,163],"product_tag":[],"class_list":{"0":"post-1854","1":"product","2":"type-product","3":"status-publish","4":"has-post-thumbnail","6":"product_cat-de-la-personalidad-y-del-desarrollo","7":"product_cat-de-la-personalitat-i-del-desenvolupament","8":"product_cat-de-la-salud","9":"product_cat-de-la-salut","10":"product_cat-de-la-tercera-edad","11":"product_cat-de-la-tercera-edat-pastoral","12":"product_cat-salud","13":"product_cat-salut","14":"product_cat-sociologia","15":"product_cat-sociologia-2_humanidades","16":"product_cat-valores-y-convivencia","17":"product_cat-valors-i-convivencia","19":"first","20":"instock","21":"taxable","22":"shipping-taxable","23":"purchasable","24":"product-type-simple"},"acf":{"autor":"OLIVAR NOGUERA , IGNACIO","codart":"849842208","ediciones":"1","encuadernacion":"R\u00fastica","fecha_de_publicacion":"16\/01\/2009","novedad":"0","paginas":"236","subtitulo":"","orden":"999","portada":"0","idioma":"spa","libros-coleccion":"Mayores","autores-libros":[{"ID":5548,"post_author":"3","post_date":"2022-07-28 17:26:21","post_date_gmt":"2022-07-28 15:26:21","post_content":"","post_title":"IGNACIO OLIVAR NOGUERA","post_excerpt":"","post_status":"publish","comment_status":"closed","ping_status":"closed","post_password":"","post_name":"ignacio-olivar-noguera","to_ping":"","pinged":"","post_modified":"2022-07-28 17:26:21","post_modified_gmt":"2022-07-28 15:26:21","post_content_filtered":"","post_parent":0,"guid":"http:\/\/dev.claret.cat\/autor\/ignacio-olivar-noguera\/","menu_order":0,"post_type":"autor","post_mime_type":"","comment_count":"0","filter":"raw"}],"editorial":[{"ID":6155,"post_author":"3","post_date":"2022-07-28 17:46:04","post_date_gmt":"2022-07-28 15:46:04","post_content":"","post_title":"Central Catequ\u00edstica Salesiana","post_excerpt":"","post_status":"publish","comment_status":"closed","ping_status":"closed","post_password":"","post_name":"central-catequistica-salesiana","to_ping":"","pinged":"","post_modified":"2022-07-28 17:46:04","post_modified_gmt":"2022-07-28 15:46:04","post_content_filtered":"","post_parent":0,"guid":"http:\/\/dev.claret.cat\/editorial\/central-catequistica-salesiana\/","menu_order":0,"post_type":"editorial","post_mime_type":"","comment_count":"0","filter":"raw"}]},"aioseo_notices":[],"_links":{"self":[{"href":"https:\/\/www.claret.cat\/es\/wp-json\/wp\/v2\/product\/1854","targetHints":{"allow":["GET"]}}],"collection":[{"href":"https:\/\/www.claret.cat\/es\/wp-json\/wp\/v2\/product"}],"about":[{"href":"https:\/\/www.claret.cat\/es\/wp-json\/wp\/v2\/types\/product"}],"wp:featuredmedia":[{"embeddable":true,"href":"https:\/\/www.claret.cat\/es\/wp-json\/wp\/v2\/media\/1006985"}],"wp:attachment":[{"href":"https:\/\/www.claret.cat\/es\/wp-json\/wp\/v2\/media?parent=1854"}],"wp:term":[{"taxonomy":"product_brand","embeddable":true,"href":"https:\/\/www.claret.cat\/es\/wp-json\/wp\/v2\/product_brand?post=1854"},{"taxonomy":"product_cat","embeddable":true,"href":"https:\/\/www.claret.cat\/es\/wp-json\/wp\/v2\/product_cat?post=1854"},{"taxonomy":"product_tag","embeddable":true,"href":"https:\/\/www.claret.cat\/es\/wp-json\/wp\/v2\/product_tag?post=1854"}],"curies":[{"name":"wp","href":"https:\/\/api.w.org\/{rel}","templated":true}]}}

<p>Tener olvidos o despistes de memoria en momentos puntuales es algo inevitable en el desarrollo “normal” de nuestra vida cotidiana. Lo que ya no es normal es que esos fallos se produzcan habitualmente y encima no hagamos nada por remediarlo. Olvidar una cita, tener una palabra en la punta de la lengua o no saber dónde se han dejado las gafas es algo que no sólo ocurre a las personas mayores, sino que nos sucede en cualquier etapa de nuestra vida. Pero quizás en la llamada 3ª edad es cuando estos despistes más llegan a preocupar, y se genera un temor de no saber cómo actuar ante esta situación.Mediante este libro se pretende que el lector que quiera potenciar personalmente su mente día a día, encuentre en él una serie de ejemplos concretos y diversos con los que estimular y agilizar todos los aspectos cognitivos que harán que su memoria sea ese “perfume del alma” que envuelve todas sus vivencias y recuerdos.Ignacio Olivar Noguera es Terapeuta Ocupacional por la Universidad de Zaragoza. Desarrolla su actividad profesional principalmente en Centros de Mayores dependientes del Ayuntamiento de Zaragoza y del Instituto Aragonés de Servicios Sociales. A su vez es autor del libro “Su memoria, ¿preocupación o afición?” (2006).</p>

Rústica

Central Catequística Salesiana
