{"id":186593,"date":"2022-10-20T04:59:23","date_gmt":"2022-10-20T02:59:23","guid":{"rendered":"http:\/\/dev.claret.cat\/producte\/recuerdo-de-mi-primera-comunion-misal-rosario\/"},"modified":"2026-04-24T14:31:13","modified_gmt":"2026-04-24T12:31:13","slug":"recuerdo-de-mi-primera-comunion-misal-rosario-9788428554152","status":"publish","type":"product","link":"https:\/\/www.claret.cat\/es\/libro\/recuerdo-de-mi-primera-comunion-misal-rosario-9788428554152\/","title":{"rendered":"RECUERDO DE MI PRIMERA COMUNI\u00d3N &#8211; MISAL + ROSARIO"},"content":{"rendered":"<p>Un precioso regalo de Primera Comuni\u00f3n que contiene un libro de oraciones y un rosario, presentados en un bonito estuche. El librito de oraciones, encuadernado carton\u00e9 acolchado con estampaci\u00f3n en oro y cinta de registro, incluye los contenidos esenciales de la fe necesarios para la vida y la devoci\u00f3n cristiana: el desarrollo de la Misa, los Mandamientos, las Bienaventuranzas, los Sacramentos, las oraciones m\u00e1s importantes del cristiano&#8230;<\/p>\n","protected":false},"excerpt":{"rendered":"<p>SAN PABLO<\/p>\n","protected":false},"featured_media":335725,"template":"","meta":{"_acf_changed":false,"om_disable_all_campaigns":false,"rs_blank_template":"","rs_page_bg_color":"","slide_template_v7":"","inline_featured_image":false,"_monsterinsights_skip_tracking":false,"_monsterinsights_sitenote_active":false,"_monsterinsights_sitenote_note":"","_monsterinsights_sitenote_category":0},"product_brand":[],"product_cat":[341,75,77,343,346,80,119,568,582],"product_tag":[],"class_list":{"0":"post-186593","1":"product","2":"type-product","3":"status-publish","4":"has-post-thumbnail","6":"product_cat-biblia-es","7":"product_cat-biblia","8":"product_cat-catequesi","9":"product_cat-catequesis","10":"product_cat-libros-liturgia","11":"product_cat-liturgia","12":"product_cat-primera-comunio","13":"product_cat-primera-comunion-1_espiritualidad-spa","14":"product_cat-portada-es","16":"first","17":"instock","18":"taxable","19":"shipping-taxable","20":"purchasable","21":"product-type-simple"},"acf":{"autor":"SAN PABLO","codart":"842855415","libros-coleccion":"","ediciones":"1","encuadernacion":"Carton\u00e9","fecha_de_publicacion":"27\/03\/2018","novedad":"1","paginas":"150","subtitulo":"MISAL + ROSARIO","orden":"0","portada":"0","idioma":"spa","editorial":[{"ID":6356,"post_author":"3","post_date":"2022-07-28 17:50:26","post_date_gmt":"2022-07-28 15:50:26","post_content":"","post_title":"SAN PABLO COMUNICACI\u00d3N","post_excerpt":"","post_status":"publish","comment_status":"closed","ping_status":"closed","post_password":"","post_name":"san-pablo-comunicacion","to_ping":"","pinged":"","post_modified":"2022-07-28 17:50:26","post_modified_gmt":"2022-07-28 15:50:26","post_content_filtered":"","post_parent":0,"guid":"http:\/\/dev.claret.cat\/editorial\/san-pablo-comunicacion\/","menu_order":0,"post_type":"editorial","post_mime_type":"","comment_count":"0","filter":"raw"}],"autores-libros":[{"ID":155233,"post_author":"3","post_date":"2022-10-14 15:11:12","post_date_gmt":"2022-10-14 13:11:12","post_content":"","post_title":"EQUIPO SAN PABLO","post_excerpt":"","post_status":"publish","comment_status":"closed","ping_status":"closed","post_password":"","post_name":"equipo-san-pablo","to_ping":"","pinged":"","post_modified":"2022-10-14 15:11:12","post_modified_gmt":"2022-10-14 13:11:12","post_content_filtered":"","post_parent":0,"guid":"http:\/\/dev.claret.cat\/autor\/equipo-san-pablo\/","menu_order":0,"post_type":"autor","post_mime_type":"","comment_count":"0","filter":"raw"}],"booktrailer":"","resenas":""},"aioseo_notices":[],"_links":{"self":[{"href":"https:\/\/www.claret.cat\/es\/wp-json\/wp\/v2\/product\/186593","targetHints":{"allow":["GET"]}}],"collection":[{"href":"https:\/\/www.claret.cat\/es\/wp-json\/wp\/v2\/product"}],"about":[{"href":"https:\/\/www.claret.cat\/es\/wp-json\/wp\/v2\/types\/product"}],"wp:featuredmedia":[{"embeddable":true,"href":"https:\/\/www.claret.cat\/es\/wp-json\/wp\/v2\/media\/335725"}],"wp:attachment":[{"href":"https:\/\/www.claret.cat\/es\/wp-json\/wp\/v2\/media?parent=186593"}],"wp:term":[{"taxonomy":"product_brand","embeddable":true,"href":"https:\/\/www.claret.cat\/es\/wp-json\/wp\/v2\/product_brand?post=186593"},{"taxonomy":"product_cat","embeddable":true,"href":"https:\/\/www.claret.cat\/es\/wp-json\/wp\/v2\/product_cat?post=186593"},{"taxonomy":"product_tag","embeddable":true,"href":"https:\/\/www.claret.cat\/es\/wp-json\/wp\/v2\/product_tag?post=186593"}],"curies":[{"name":"wp","href":"https:\/\/api.w.org\/{rel}","templated":true}]}}

RECUERDO DE MI PRIMERA COMUNIÓN &#8211; MISAL + ROSARIO

<p>Un precioso regalo de Primera Comunión que contiene un libro de oraciones y un rosario, presentados en un bonito estuche. El librito de oraciones, encuadernado cartoné acolchado con estampación en oro y cinta de registro, incluye los contenidos esenciales de la fe necesarios para la vida y la devoción cristiana: el desarrollo de la Misa, los Mandamientos, las Bienaventuranzas, los Sacramentos, las oraciones más importantes del cristiano&#8230;</p>

Cartoné

SAN PABLO COMUNICACIÓN
