{"id":186653,"date":"2022-10-20T05:00:21","date_gmt":"2022-10-20T03:00:21","guid":{"rendered":"http:\/\/dev.claret.cat\/producte\/la-revolucion-del-padre\/"},"modified":"2026-04-01T03:56:08","modified_gmt":"2026-04-01T01:56:08","slug":"la-revolucion-del-padre-9788427141827","status":"publish","type":"product","link":"https:\/\/www.claret.cat\/es\/libro\/la-revolucion-del-padre-9788427141827\/","title":{"rendered":"LA REVOLUCI\u00d3N DEL PADRE"},"content":{"rendered":"<p>No hace mucho, se entend\u00eda que la paternidad ten\u00eda que guiarse por los f\u00e9rreos principios patriarcales y de masculinidad. Sin embargo, en la actualidad, muchos la ven con incertidumbre y confusi\u00f3n, hasta el punto de querer renunciar a este papel.<br \/>Fernando Vidal nos ofrece una cuidada investigaci\u00f3n sobre el significado y las enormes posibilidades que tiene el ser padre en la sociedad actual, alejado de las rigideces de g\u00e9nero y de la desigualdad.<\/p>\n","protected":false},"excerpt":{"rendered":"<p>No hace mucho, se entend\u00eda que la paternidad ten\u00eda que guiarse por los f\u00e9rreos principios patriarcales y de masculinidad. Sin embargo, en la actualidad, muchos la ven con incertidumbre y confusi\u00f3n, hasta el punto de querer renunciar a este papel.Fernando Vidal nos ofrece una cuidada investigaci\u00f3n sobre el significado y las enormes posibilidades que tiene [&hellip;]<\/p>\n","protected":false},"featured_media":332473,"template":"","meta":{"_acf_changed":false,"om_disable_all_campaigns":false,"rs_blank_template":"","rs_page_bg_color":"","slide_template_v7":"","inline_featured_image":false,"_monsterinsights_skip_tracking":false,"_monsterinsights_sitenote_active":false,"_monsterinsights_sitenote_note":"","_monsterinsights_sitenote_category":0},"product_brand":[],"product_cat":[100,550],"product_tag":[],"class_list":{"0":"post-186653","1":"product","2":"type-product","3":"status-publish","4":"has-post-thumbnail","6":"product_cat-escola-de-pares","7":"product_cat-escuela-de-padres-3_infantil-juvenil-spa-spa","9":"first","10":"instock","11":"taxable","12":"shipping-taxable","13":"purchasable","14":"product-type-simple"},"acf":{"autor":"VIDAL, FERNANDO","codart":"842714182","libros-coleccion":"Familia","ediciones":"1","encuadernacion":"R\u00fastica","fecha_de_publicacion":"26\/03\/2018","novedad":"1","paginas":"328","subtitulo":"EL PADRE QUE NACE Y CRECE CON LOS HIJOS","orden":"0","portada":"0","idioma":"spa","editorial":[{"ID":8258,"post_author":"3","post_date":"2022-09-30 09:21:32","post_date_gmt":"2022-09-30 07:21:32","post_content":"","post_title":"MENSAJERO","post_excerpt":"","post_status":"publish","comment_status":"closed","ping_status":"closed","post_password":"","post_name":"mensajero","to_ping":"","pinged":"","post_modified":"2022-09-30 09:21:32","post_modified_gmt":"2022-09-30 07:21:32","post_content_filtered":"","post_parent":0,"guid":"http:\/\/dev.claret.cat\/editorial\/mensajero\/","menu_order":0,"post_type":"editorial","post_mime_type":"","comment_count":"0","filter":"raw"}],"autores-libros":[{"ID":155879,"post_author":"3","post_date":"2022-10-14 15:16:21","post_date_gmt":"2022-10-14 13:16:21","post_content":"","post_title":"FERNANDO VIDAL","post_excerpt":"","post_status":"publish","comment_status":"closed","ping_status":"closed","post_password":"","post_name":"fernando-vidal","to_ping":"","pinged":"","post_modified":"2022-10-14 15:16:21","post_modified_gmt":"2022-10-14 13:16:21","post_content_filtered":"","post_parent":0,"guid":"http:\/\/dev.claret.cat\/autor\/fernando-vidal\/","menu_order":0,"post_type":"autor","post_mime_type":"","comment_count":"0","filter":"raw"}]},"aioseo_notices":[],"_links":{"self":[{"href":"https:\/\/www.claret.cat\/es\/wp-json\/wp\/v2\/product\/186653","targetHints":{"allow":["GET"]}}],"collection":[{"href":"https:\/\/www.claret.cat\/es\/wp-json\/wp\/v2\/product"}],"about":[{"href":"https:\/\/www.claret.cat\/es\/wp-json\/wp\/v2\/types\/product"}],"wp:featuredmedia":[{"embeddable":true,"href":"https:\/\/www.claret.cat\/es\/wp-json\/wp\/v2\/media\/332473"}],"wp:attachment":[{"href":"https:\/\/www.claret.cat\/es\/wp-json\/wp\/v2\/media?parent=186653"}],"wp:term":[{"taxonomy":"product_brand","embeddable":true,"href":"https:\/\/www.claret.cat\/es\/wp-json\/wp\/v2\/product_brand?post=186653"},{"taxonomy":"product_cat","embeddable":true,"href":"https:\/\/www.claret.cat\/es\/wp-json\/wp\/v2\/product_cat?post=186653"},{"taxonomy":"product_tag","embeddable":true,"href":"https:\/\/www.claret.cat\/es\/wp-json\/wp\/v2\/product_tag?post=186653"}],"curies":[{"name":"wp","href":"https:\/\/api.w.org\/{rel}","templated":true}]}}

LA REVOLUCIÓN DEL PADRE

<p>No hace mucho, se entendía que la paternidad tenía que guiarse por los férreos principios patriarcales y de masculinidad. Sin embargo, en la actualidad, muchos la ven con incertidumbre y confusión, hasta el punto de querer renunciar a este papel.<br />Fernando Vidal nos ofrece una cuidada investigación sobre el significado y las enormes posibilidades que tiene el ser padre en la sociedad actual, alejado de las rigideces de género y de la desigualdad.</p>

<p>No hace mucho, se entendía que la paternidad tenía que guiarse por los férreos principios patriarcales y de masculinidad. Sin embargo, en la actualidad, muchos la ven con incertidumbre y confusión, hasta el punto de querer renunciar a este papel.Fernando Vidal nos ofrece una cuidada investigación sobre el significado y las enormes posibilidades que tiene [&hellip;]</p>

Rústica
