{"id":187027,"date":"2022-10-20T05:06:39","date_gmt":"2022-10-20T03:06:39","guid":{"rendered":"http:\/\/dev.claret.cat\/producte\/bailar-con-la-soledad\/"},"modified":"2026-04-01T16:04:23","modified_gmt":"2026-04-01T14:04:23","slug":"bailar-con-la-soledad-9788429327267","status":"publish","type":"product","link":"https:\/\/www.claret.cat\/es\/libro\/bailar-con-la-soledad-9788429327267\/","title":{"rendered":"BAILAR CON LA SOLEDAD"},"content":{"rendered":"<p>\u00abUna de las experiencias m\u00e1s universales y m\u00e1s humanas que podemos tener es la soledad. Es una peculiar compa\u00f1era de camino. Un sentimiento complejo, que a veces trae paz, pero en otras ocasiones nos abruma, sin que sepamos bien qu\u00e9 hacer con eso que remueve en nosotros\u00bb. As\u00ed arranca este ensayo. Una reflexi\u00f3n sobre las personas y la sociedad contempor\u00e1nea , sobre nuestras vidas complejas, sobre las heridas que, en ocasiones, nos atenazan. Pero tambi\u00e9n una invitaci\u00f3n a encontrar la m\u00fasica que cada uno llevamos dentro, y aprender a bailar, en los d\u00edas radiantes, y en los momentos m\u00e1s complicados. <br \/>Una mirada a algunas din\u00e1micas contempor\u00e1neas que nos a\u00edslan. Pero tambi\u00e9n a los posibles puentes que nos comunican. Una invitaci\u00f3n a cuidar los v\u00ednculos cotidianos. Y una original lectura de la fe en clave de soledad y encuentros. <br \/>Un libro destinado por igual a gente de distintas generaciones y en diversas situaciones vitales, porque probablemente todos, en algunos momentos del camino, tengamos que aprender a bailar con la soledad.<\/p>\n","protected":false},"excerpt":{"rendered":"<p>RODR\u00cdGUEZ OLAIZOLA, JOS\u00c9 MAR\u00cdA<\/p>\n","protected":false},"featured_media":340589,"template":"","meta":{"_acf_changed":false,"om_disable_all_campaigns":false,"rs_blank_template":"","rs_page_bg_color":"","slide_template_v7":"","inline_featured_image":false,"_monsterinsights_skip_tracking":false,"_monsterinsights_sitenote_active":false,"_monsterinsights_sitenote_note":"","_monsterinsights_sitenote_category":0},"product_brand":[],"product_cat":[345,79],"product_tag":[],"class_list":{"0":"post-187027","1":"product","2":"type-product","3":"status-publish","4":"has-post-thumbnail","6":"product_cat-espiritualidad","7":"product_cat-espiritualitat","9":"first","10":"instock","11":"taxable","12":"shipping-taxable","13":"purchasable","14":"product-type-simple"},"acf":{"autor":"RODR\u00cdGUEZ OLAIZOLA, JOS\u00c9 MAR\u00cdA","codart":"842932726","libros-coleccion":"","ediciones":"1","encuadernacion":"R\u00fastica","fecha_de_publicacion":"02\/03\/2018","novedad":"1","paginas":"200","subtitulo":"","orden":"0","portada":"0","idioma":"spa","editorial":[{"ID":6351,"post_author":"3","post_date":"2022-07-28 17:50:19","post_date_gmt":"2022-07-28 15:50:19","post_content":"","post_title":"Sal Terrae","post_excerpt":"","post_status":"publish","comment_status":"closed","ping_status":"closed","post_password":"","post_name":"sal-terrae","to_ping":"","pinged":"","post_modified":"2022-07-28 17:50:19","post_modified_gmt":"2022-07-28 15:50:19","post_content_filtered":"","post_parent":0,"guid":"http:\/\/dev.claret.cat\/editorial\/sal-terrae\/","menu_order":0,"post_type":"editorial","post_mime_type":"","comment_count":"0","filter":"raw"}],"autores-libros":[{"ID":160492,"post_author":"3","post_date":"2022-10-14 15:53:31","post_date_gmt":"2022-10-14 13:53:31","post_content":"","post_title":"JOS\u00c9 MAR\u00cdA RODR\u00cdGUEZ OLAIZOLA, SJ","post_excerpt":"","post_status":"publish","comment_status":"closed","ping_status":"closed","post_password":"","post_name":"jose-maria-rodriguez-olaizola-sj","to_ping":"","pinged":"","post_modified":"2022-10-14 15:53:31","post_modified_gmt":"2022-10-14 13:53:31","post_content_filtered":"","post_parent":0,"guid":"http:\/\/dev.claret.cat\/autor\/jose-maria-rodriguez-olaizola-sj\/","menu_order":0,"post_type":"autor","post_mime_type":"","comment_count":"0","filter":"raw"}],"booktrailer":"","resenas":""},"aioseo_notices":[],"_links":{"self":[{"href":"https:\/\/www.claret.cat\/es\/wp-json\/wp\/v2\/product\/187027","targetHints":{"allow":["GET"]}}],"collection":[{"href":"https:\/\/www.claret.cat\/es\/wp-json\/wp\/v2\/product"}],"about":[{"href":"https:\/\/www.claret.cat\/es\/wp-json\/wp\/v2\/types\/product"}],"wp:featuredmedia":[{"embeddable":true,"href":"https:\/\/www.claret.cat\/es\/wp-json\/wp\/v2\/media\/340589"}],"wp:attachment":[{"href":"https:\/\/www.claret.cat\/es\/wp-json\/wp\/v2\/media?parent=187027"}],"wp:term":[{"taxonomy":"product_brand","embeddable":true,"href":"https:\/\/www.claret.cat\/es\/wp-json\/wp\/v2\/product_brand?post=187027"},{"taxonomy":"product_cat","embeddable":true,"href":"https:\/\/www.claret.cat\/es\/wp-json\/wp\/v2\/product_cat?post=187027"},{"taxonomy":"product_tag","embeddable":true,"href":"https:\/\/www.claret.cat\/es\/wp-json\/wp\/v2\/product_tag?post=187027"}],"curies":[{"name":"wp","href":"https:\/\/api.w.org\/{rel}","templated":true}]}}

<p>«Una de las experiencias más universales y más humanas que podemos tener es la soledad. Es una peculiar compañera de camino. Un sentimiento complejo, que a veces trae paz, pero en otras ocasiones nos abruma, sin que sepamos bien qué hacer con eso que remueve en nosotros». Así arranca este ensayo. Una reflexión sobre las personas y la sociedad contemporánea , sobre nuestras vidas complejas, sobre las heridas que, en ocasiones, nos atenazan. Pero también una invitación a encontrar la música que cada uno llevamos dentro, y aprender a bailar, en los días radiantes, y en los momentos más complicados. <br />Una mirada a algunas dinámicas contemporáneas que nos aíslan. Pero también a los posibles puentes que nos comunican. Una invitación a cuidar los vínculos cotidianos. Y una original lectura de la fe en clave de soledad y encuentros. <br />Un libro destinado por igual a gente de distintas generaciones y en diversas situaciones vitales, porque probablemente todos, en algunos momentos del camino, tengamos que aprender a bailar con la soledad.</p>

<p>RODRÍGUEZ OLAIZOLA, JOSÉ MARÍA</p>

RODRÍGUEZ OLAIZOLA, JOSÉ MARÍA

Rústica

JOSÉ MARÍA RODRÍGUEZ OLAIZOLA, SJ
