{"id":188516,"date":"2022-10-20T05:31:57","date_gmt":"2022-10-20T03:31:57","guid":{"rendered":"http:\/\/dev.claret.cat\/producte\/atrapada-al-mirall\/"},"modified":"2024-01-31T19:03:28","modified_gmt":"2024-01-31T18:03:28","slug":"atrapada-al-mirall-9788417031176","status":"publish","type":"product","link":"https:\/\/www.claret.cat\/es\/libro\/atrapada-al-mirall-9788417031176\/","title":{"rendered":"ATRAPADA AL MIRALL"},"content":{"rendered":"<p>La Laura Bellido \u00e9s una arquitecta amb estudi propi, un marit atractiu i simp\u00e0tic i un fill de sis anys; no t\u00e9 problemes de diners, ni aparentment de cap mena, i sembla una dona feli\u00e7. Res no fa pensar que una matinada, despr\u00e9s d&#8217;un rom\u00e0ntic sopar amb el seu home, la Laura acabar\u00e0 estimbant-se per les costes del Garraf. Quan la Gina, la seva \u00edntima amiga que viu a l&#8217;estranger, rep la not\u00edcia de la seva mort, t\u00e9 la sensaci\u00f3 que hi ha alguna cosa que no encaixa; aquesta intu\u00efci\u00f3 inicial va prenent cos quan s&#8217;instal\u00b7la a Barcelona i aprofundeix en la vida, aparentment estable, de la seva amiga. A partir de les converses amb les persones m\u00e9s properes a la Laura, la Gina comen\u00e7a a descabdellar un fil que la portar\u00e0 a descobrir una reveladora hist\u00f2ria que feia anys que la seva amiga mantenia amagada.<\/p>\n","protected":false},"excerpt":{"rendered":"<p>LIENAS, GEMMA<\/p>\n","protected":false},"featured_media":188517,"template":"","meta":{"_acf_changed":false,"om_disable_all_campaigns":false,"rs_blank_template":"","rs_page_bg_color":"","slide_template_v7":"","inline_featured_image":false,"_monsterinsights_skip_tracking":false,"_monsterinsights_sitenote_active":false,"_monsterinsights_sitenote_note":"","_monsterinsights_sitenote_category":0},"product_brand":[],"product_cat":[87,353],"product_tag":[],"class_list":{"0":"post-188516","1":"product","2":"type-product","3":"status-publish","4":"has-post-thumbnail","6":"product_cat-literatura","7":"product_cat-literatura-2_humanidades","9":"first","10":"instock","11":"taxable","12":"shipping-taxable","13":"purchasable","14":"product-type-simple"},"acf":{"autor":"LIENAS, GEMMA","codart":"841703117","libros-coleccion":"","ediciones":"1","encuadernacion":"R\u00fastica","fecha_de_publicacion":"01\/03\/2018","novedad":"1","paginas":"222","subtitulo":"","orden":"0","portada":"0","idioma":"cat","editorial":[{"ID":6281,"post_author":"3","post_date":"2022-07-28 17:48:50","post_date_gmt":"2022-07-28 15:48:50","post_content":"","post_title":"LABUTXACA","post_excerpt":"","post_status":"publish","comment_status":"closed","ping_status":"closed","post_password":"","post_name":"labutxaca","to_ping":"","pinged":"","post_modified":"2022-07-28 17:48:50","post_modified_gmt":"2022-07-28 15:48:50","post_content_filtered":"","post_parent":0,"guid":"http:\/\/dev.claret.cat\/editorial\/labutxaca\/","menu_order":0,"post_type":"editorial","post_mime_type":"","comment_count":"0","filter":"raw"}],"autores-libros":[{"ID":156676,"post_author":"3","post_date":"2022-10-14 15:22:42","post_date_gmt":"2022-10-14 13:22:42","post_content":"","post_title":"GEMMA LIENAS","post_excerpt":"","post_status":"publish","comment_status":"closed","ping_status":"closed","post_password":"","post_name":"gemma-lienas-2","to_ping":"","pinged":"","post_modified":"2022-10-14 15:22:42","post_modified_gmt":"2022-10-14 13:22:42","post_content_filtered":"","post_parent":0,"guid":"http:\/\/dev.claret.cat\/autor\/gemma-lienas-2\/","menu_order":0,"post_type":"autor","post_mime_type":"","comment_count":"0","filter":"raw"}]},"aioseo_notices":[],"_links":{"self":[{"href":"https:\/\/www.claret.cat\/es\/wp-json\/wp\/v2\/product\/188516","targetHints":{"allow":["GET"]}}],"collection":[{"href":"https:\/\/www.claret.cat\/es\/wp-json\/wp\/v2\/product"}],"about":[{"href":"https:\/\/www.claret.cat\/es\/wp-json\/wp\/v2\/types\/product"}],"wp:featuredmedia":[{"embeddable":true,"href":"https:\/\/www.claret.cat\/es\/wp-json\/wp\/v2\/media\/188517"}],"wp:attachment":[{"href":"https:\/\/www.claret.cat\/es\/wp-json\/wp\/v2\/media?parent=188516"}],"wp:term":[{"taxonomy":"product_brand","embeddable":true,"href":"https:\/\/www.claret.cat\/es\/wp-json\/wp\/v2\/product_brand?post=188516"},{"taxonomy":"product_cat","embeddable":true,"href":"https:\/\/www.claret.cat\/es\/wp-json\/wp\/v2\/product_cat?post=188516"},{"taxonomy":"product_tag","embeddable":true,"href":"https:\/\/www.claret.cat\/es\/wp-json\/wp\/v2\/product_tag?post=188516"}],"curies":[{"name":"wp","href":"https:\/\/api.w.org\/{rel}","templated":true}]}}

<p>La Laura Bellido és una arquitecta amb estudi propi, un marit atractiu i simpàtic i un fill de sis anys; no té problemes de diners, ni aparentment de cap mena, i sembla una dona feliç. Res no fa pensar que una matinada, després d&#8217;un romàntic sopar amb el seu home, la Laura acabarà estimbant-se per les costes del Garraf. Quan la Gina, la seva íntima amiga que viu a l&#8217;estranger, rep la notícia de la seva mort, té la sensació que hi ha alguna cosa que no encaixa; aquesta intuïció inicial va prenent cos quan s&#8217;instal·la a Barcelona i aprofundeix en la vida, aparentment estable, de la seva amiga. A partir de les converses amb les persones més properes a la Laura, la Gina comença a descabdellar un fil que la portarà a descobrir una reveladora història que feia anys que la seva amiga mantenia amagada.</p>

Rústica
