{"id":188657,"date":"2022-10-20T05:34:32","date_gmt":"2022-10-20T03:34:32","guid":{"rendered":"http:\/\/dev.claret.cat\/producte\/frankenstein-resuturado\/"},"modified":"2023-01-28T11:44:19","modified_gmt":"2023-01-28T10:44:19","slug":"frankenstein-resuturado-9788417077419","status":"publish","type":"product","link":"https:\/\/www.claret.cat\/es\/libro\/frankenstein-resuturado-9788417077419\/","title":{"rendered":"FRANKENSTEIN RESUTURADO"},"content":{"rendered":"<p>\u00bfCu\u00e1l habr\u00eda sido el periplo de la criatura de Frankenstein si hubiese vivido las veinte d\u00e9cadas transcurridas desde su nacimiento oficial hasta hoy? Frankenstein resuturado ha trasladado esta pregunta a veinti\u00fan autores y otros tantos ilustradores para que visualicen a la criatura en ese eslab\u00f3n concreto de la cadena del Tiempo: 1818-2018. 21 relatos, 21 ilustraciones, 2 propuestas musicales incluidas tambi\u00e9n en el libro. Pero hay m\u00e1s. Una celebraci\u00f3n redonda de la gran obra de Mary Shelley deb\u00eda ofrecer la propia novela Frankenstein, y con ese objeto fue convocado Lorenzo Luengo, s\u00f3lido novelista y meticuloso traductor. Su especial\u00edsimo trabajo, original para este libro y por tanto \u00fanico, combativo y opuesto a lo ret\u00f3rico, persigue el objetivo expl\u00edcito de seducir al lector de hoy.<\/p>\n","protected":false},"excerpt":{"rendered":"<p>SHELLEY, MARY<\/p>\n","protected":false},"featured_media":188658,"template":"","meta":{"_acf_changed":false,"om_disable_all_campaigns":false,"rs_blank_template":"","rs_page_bg_color":"","slide_template_v7":"","inline_featured_image":false,"_monsterinsights_skip_tracking":false,"_monsterinsights_sitenote_active":false,"_monsterinsights_sitenote_note":"","_monsterinsights_sitenote_category":0},"product_brand":[],"product_cat":[87],"product_tag":[],"class_list":{"0":"post-188657","1":"product","2":"type-product","3":"status-publish","4":"has-post-thumbnail","6":"product_cat-literatura","8":"first","9":"instock","10":"taxable","11":"shipping-taxable","12":"purchasable","13":"product-type-simple"},"acf":{"autor":"SHELLEY, MARY","codart":"841707741","libros-coleccion":"Narrativa","ediciones":"1","encuadernacion":"R\u00fastica","fecha_de_publicacion":"01\/03\/2018","novedad":"1","paginas":"478","subtitulo":"","orden":"0","portada":"0","idioma":"spa","editorial":[{"ID":147411,"post_author":"3","post_date":"2022-10-14 11:50:22","post_date_gmt":"2022-10-14 09:50:22","post_content":"","post_title":"Alrev\u00e9s","post_excerpt":"","post_status":"publish","comment_status":"closed","ping_status":"closed","post_password":"","post_name":"alreves","to_ping":"","pinged":"","post_modified":"2022-10-14 11:50:22","post_modified_gmt":"2022-10-14 09:50:22","post_content_filtered":"","post_parent":0,"guid":"http:\/\/dev.claret.cat\/editorial\/alreves\/","menu_order":0,"post_type":"editorial","post_mime_type":"","comment_count":"0","filter":"raw"}],"autores-libros":[{"ID":164378,"post_author":"3","post_date":"2022-10-14 17:46:35","post_date_gmt":"2022-10-14 15:46:35","post_content":"","post_title":"MARY SHELLEY","post_excerpt":"","post_status":"publish","comment_status":"closed","ping_status":"closed","post_password":"","post_name":"mary-shelley","to_ping":"","pinged":"","post_modified":"2022-10-14 17:46:35","post_modified_gmt":"2022-10-14 15:46:35","post_content_filtered":"","post_parent":0,"guid":"http:\/\/dev.claret.cat\/autor\/mary-shelley\/","menu_order":0,"post_type":"autor","post_mime_type":"","comment_count":"0","filter":"raw"}]},"aioseo_notices":[],"_links":{"self":[{"href":"https:\/\/www.claret.cat\/es\/wp-json\/wp\/v2\/product\/188657","targetHints":{"allow":["GET"]}}],"collection":[{"href":"https:\/\/www.claret.cat\/es\/wp-json\/wp\/v2\/product"}],"about":[{"href":"https:\/\/www.claret.cat\/es\/wp-json\/wp\/v2\/types\/product"}],"wp:featuredmedia":[{"embeddable":true,"href":"https:\/\/www.claret.cat\/es\/wp-json\/wp\/v2\/media\/188658"}],"wp:attachment":[{"href":"https:\/\/www.claret.cat\/es\/wp-json\/wp\/v2\/media?parent=188657"}],"wp:term":[{"taxonomy":"product_brand","embeddable":true,"href":"https:\/\/www.claret.cat\/es\/wp-json\/wp\/v2\/product_brand?post=188657"},{"taxonomy":"product_cat","embeddable":true,"href":"https:\/\/www.claret.cat\/es\/wp-json\/wp\/v2\/product_cat?post=188657"},{"taxonomy":"product_tag","embeddable":true,"href":"https:\/\/www.claret.cat\/es\/wp-json\/wp\/v2\/product_tag?post=188657"}],"curies":[{"name":"wp","href":"https:\/\/api.w.org\/{rel}","templated":true}]}}

<p>¿Cuál habría sido el periplo de la criatura de Frankenstein si hubiese vivido las veinte décadas transcurridas desde su nacimiento oficial hasta hoy? Frankenstein resuturado ha trasladado esta pregunta a veintiún autores y otros tantos ilustradores para que visualicen a la criatura en ese eslabón concreto de la cadena del Tiempo: 1818-2018. 21 relatos, 21 ilustraciones, 2 propuestas musicales incluidas también en el libro. Pero hay más. Una celebración redonda de la gran obra de Mary Shelley debía ofrecer la propia novela Frankenstein, y con ese objeto fue convocado Lorenzo Luengo, sólido novelista y meticuloso traductor. Su especialísimo trabajo, original para este libro y por tanto único, combativo y opuesto a lo retórico, persigue el objetivo explícito de seducir al lector de hoy.</p>

Rústica

Alrevés
