{"id":189036,"date":"2022-10-20T05:41:10","date_gmt":"2022-10-20T03:41:10","guid":{"rendered":"http:\/\/dev.claret.cat\/producte\/el-espiritu-santo-3\/"},"modified":"2026-04-01T16:04:35","modified_gmt":"2026-04-01T14:04:35","slug":"el-espiritu-santo-9788429327274","status":"publish","type":"product","link":"https:\/\/www.claret.cat\/es\/libro\/el-espiritu-santo-9788429327274\/","title":{"rendered":"EL ESPIRITU SANTO"},"content":{"rendered":"<p>Si hay un gran desatendido por la Teolog\u00eda cristiana, es el Esp\u00edritu Santo. Y, a pesar de ello, es el Esp\u00edritu el que manifiesta en cada momento la presencia viva de Dios en nuestro mundo. Con esta obra, Monse\u00f1or Uriarte nos aproxima a una \u00f3ptica m\u00e1s pastoral del Esp\u00edritu, como un verdadero motor dinamizador y renovador de la propia Iglesia y, principalmente, de la fe y experiencia espiritual de todo creyente.<\/p>\n","protected":false},"excerpt":{"rendered":"<p>URIARTE, JUAN MARIA<\/p>\n","protected":false},"featured_media":340591,"template":"","meta":{"_acf_changed":false,"om_disable_all_campaigns":false,"rs_blank_template":"","rs_page_bg_color":"","slide_template_v7":"","inline_featured_image":false,"_monsterinsights_skip_tracking":false,"_monsterinsights_sitenote_active":false,"_monsterinsights_sitenote_note":"","_monsterinsights_sitenote_category":0},"product_brand":[],"product_cat":[543,93,76,342],"product_tag":[],"class_list":{"0":"post-189036","1":"product","2":"type-product","3":"status-publish","4":"has-post-thumbnail","6":"product_cat-eclesiologia-es","7":"product_cat-eclesiologia","8":"product_cat-teologia","9":"product_cat-teologia-1_espiritualidad","11":"first","12":"instock","13":"taxable","14":"shipping-taxable","15":"purchasable","16":"product-type-simple"},"acf":{"autor":"URIARTE, JUAN MARIA","codart":"842932727","libros-coleccion":"SAL TERRAE- ST BREVE","ediciones":"1","encuadernacion":"Carpeta","fecha_de_publicacion":"01\/03\/2018","novedad":"1","paginas":"134","subtitulo":"VIDA PARA LA IGLESIA Y EL MUNDO","orden":"0","portada":"0","idioma":"spa","editorial":[{"ID":6355,"post_author":"3","post_date":"2022-07-28 17:50:25","post_date_gmt":"2022-07-28 15:50:25","post_content":"","post_title":"Salterrae","post_excerpt":"","post_status":"publish","comment_status":"closed","ping_status":"closed","post_password":"","post_name":"salterrae","to_ping":"","pinged":"","post_modified":"2022-07-28 17:50:25","post_modified_gmt":"2022-07-28 15:50:25","post_content_filtered":"","post_parent":0,"guid":"http:\/\/dev.claret.cat\/editorial\/salterrae\/","menu_order":0,"post_type":"editorial","post_mime_type":"","comment_count":"0","filter":"raw"}],"autores-libros":[{"ID":161118,"post_author":"3","post_date":"2022-10-14 17:15:39","post_date_gmt":"2022-10-14 15:15:39","post_content":"","post_title":"JUAN MAR\u00cdA URIARTE","post_excerpt":"","post_status":"publish","comment_status":"closed","ping_status":"closed","post_password":"","post_name":"juan-maria-uriarte","to_ping":"","pinged":"","post_modified":"2022-10-14 17:15:39","post_modified_gmt":"2022-10-14 15:15:39","post_content_filtered":"","post_parent":0,"guid":"http:\/\/dev.claret.cat\/autor\/juan-maria-uriarte\/","menu_order":0,"post_type":"autor","post_mime_type":"","comment_count":"0","filter":"raw"}],"booktrailer":"","resenas":""},"aioseo_notices":[],"_links":{"self":[{"href":"https:\/\/www.claret.cat\/es\/wp-json\/wp\/v2\/product\/189036","targetHints":{"allow":["GET"]}}],"collection":[{"href":"https:\/\/www.claret.cat\/es\/wp-json\/wp\/v2\/product"}],"about":[{"href":"https:\/\/www.claret.cat\/es\/wp-json\/wp\/v2\/types\/product"}],"wp:featuredmedia":[{"embeddable":true,"href":"https:\/\/www.claret.cat\/es\/wp-json\/wp\/v2\/media\/340591"}],"wp:attachment":[{"href":"https:\/\/www.claret.cat\/es\/wp-json\/wp\/v2\/media?parent=189036"}],"wp:term":[{"taxonomy":"product_brand","embeddable":true,"href":"https:\/\/www.claret.cat\/es\/wp-json\/wp\/v2\/product_brand?post=189036"},{"taxonomy":"product_cat","embeddable":true,"href":"https:\/\/www.claret.cat\/es\/wp-json\/wp\/v2\/product_cat?post=189036"},{"taxonomy":"product_tag","embeddable":true,"href":"https:\/\/www.claret.cat\/es\/wp-json\/wp\/v2\/product_tag?post=189036"}],"curies":[{"name":"wp","href":"https:\/\/api.w.org\/{rel}","templated":true}]}}

<p>Si hay un gran desatendido por la Teología cristiana, es el Espíritu Santo. Y, a pesar de ello, es el Espíritu el que manifiesta en cada momento la presencia viva de Dios en nuestro mundo. Con esta obra, Monseñor Uriarte nos aproxima a una óptica más pastoral del Espíritu, como un verdadero motor dinamizador y renovador de la propia Iglesia y, principalmente, de la fe y experiencia espiritual de todo creyente.</p>

JUAN MARÍA URIARTE
