{"id":189704,"date":"2022-10-20T05:52:41","date_gmt":"2022-10-20T03:52:41","guid":{"rendered":"http:\/\/dev.claret.cat\/producte\/en-la-fe-de-la-iglesia\/"},"modified":"2024-05-23T19:40:34","modified_gmt":"2024-05-23T17:40:34","slug":"en-la-fe-de-la-iglesia-9788471418968","status":"publish","type":"product","link":"https:\/\/www.claret.cat\/es\/libro\/en-la-fe-de-la-iglesia-9788471418968\/","title":{"rendered":"EN LA FE DE LA IGLESIA"},"content":{"rendered":"<p>Las cuarenta y cuatro catequesis que contiene este volumen, pronunciadas por Benedicto XVI y Francisco, nos ayudan a recorrer, recordar, revivir y reanimar en nosotros el misterio de la fe. En la elaboraci\u00f3n de esta obra hemos cuidado dos itinerarios complementarios: el itinerario en el tiempo, respetando en lo posible las fechas en las que fueron impartidas, y el itinerario del S\u00edmbolo, respetando la f\u00f3rmula del credo apost\u00f3lico. Adem\u00e1s, se ofrece una peque\u00f1a introducci\u00f3n, a modo de s\u00edntesis de cada catequesis, para ayudar al lector a situarse, e ir, as\u00ed, a lo que creemos esencial en cada una de ellas. <br \/>Con gozo, tras una lectura sosegada y serena de estas catequesis, podemos decir: \u00abEsta es nuestra fe. Esta es la fe de la Iglesia que nos gloriamos de profesar en Cristo Jes\u00fas, Se\u00f1or nuestro. Am\u00e9n\u00bb.<\/p>\n","protected":false},"excerpt":{"rendered":"<p>MART\u00cdN BARRIOS, JUAN LUIS<\/p>\n","protected":false},"featured_media":350296,"template":"","meta":{"_acf_changed":false,"om_disable_all_campaigns":false,"rs_blank_template":"","rs_page_bg_color":"","slide_template_v7":"","inline_featured_image":false,"_monsterinsights_skip_tracking":false,"_monsterinsights_sitenote_active":false,"_monsterinsights_sitenote_note":"","_monsterinsights_sitenote_category":0},"product_brand":[],"product_cat":[543,93,345,79],"product_tag":[],"class_list":{"0":"post-189704","1":"product","2":"type-product","3":"status-publish","4":"has-post-thumbnail","6":"product_cat-eclesiologia-es","7":"product_cat-eclesiologia","8":"product_cat-espiritualidad","9":"product_cat-espiritualitat","11":"first","12":"instock","13":"taxable","14":"shipping-taxable","15":"purchasable","16":"product-type-simple"},"acf":{"autor":"MART\u00cdN BARRIOS, JUAN LUIS","codart":"847141896","libros-coleccion":"","ediciones":"1","encuadernacion":"R\u00fastica","fecha_de_publicacion":"21\/02\/2018","novedad":"1","paginas":"248","subtitulo":"","orden":"0","portada":"0","idioma":"spa","editorial":[{"ID":147777,"post_author":"3","post_date":"2022-10-14 11:53:09","post_date_gmt":"2022-10-14 09:53:09","post_content":"","post_title":"EDICE CONFERENCIA EPISCOPAL","post_excerpt":"","post_status":"publish","comment_status":"closed","ping_status":"closed","post_password":"","post_name":"edice-conferencia-episcopal","to_ping":"","pinged":"","post_modified":"2022-10-14 11:53:09","post_modified_gmt":"2022-10-14 09:53:09","post_content_filtered":"","post_parent":0,"guid":"http:\/\/dev.claret.cat\/editorial\/edice-conferencia-episcopal\/","menu_order":0,"post_type":"editorial","post_mime_type":"","comment_count":"0","filter":"raw"}],"autores-libros":[{"ID":161094,"post_author":"3","post_date":"2022-10-14 17:15:27","post_date_gmt":"2022-10-14 15:15:27","post_content":"","post_title":"JUAN LUIS MART\u00cdN BARRIOS","post_excerpt":"","post_status":"publish","comment_status":"closed","ping_status":"closed","post_password":"","post_name":"juan-luis-martin-barrios","to_ping":"","pinged":"","post_modified":"2022-10-14 17:15:27","post_modified_gmt":"2022-10-14 15:15:27","post_content_filtered":"","post_parent":0,"guid":"http:\/\/dev.claret.cat\/autor\/juan-luis-martin-barrios\/","menu_order":0,"post_type":"autor","post_mime_type":"","comment_count":"0","filter":"raw"}]},"aioseo_notices":[],"_links":{"self":[{"href":"https:\/\/www.claret.cat\/es\/wp-json\/wp\/v2\/product\/189704","targetHints":{"allow":["GET"]}}],"collection":[{"href":"https:\/\/www.claret.cat\/es\/wp-json\/wp\/v2\/product"}],"about":[{"href":"https:\/\/www.claret.cat\/es\/wp-json\/wp\/v2\/types\/product"}],"wp:featuredmedia":[{"embeddable":true,"href":"https:\/\/www.claret.cat\/es\/wp-json\/wp\/v2\/media\/350296"}],"wp:attachment":[{"href":"https:\/\/www.claret.cat\/es\/wp-json\/wp\/v2\/media?parent=189704"}],"wp:term":[{"taxonomy":"product_brand","embeddable":true,"href":"https:\/\/www.claret.cat\/es\/wp-json\/wp\/v2\/product_brand?post=189704"},{"taxonomy":"product_cat","embeddable":true,"href":"https:\/\/www.claret.cat\/es\/wp-json\/wp\/v2\/product_cat?post=189704"},{"taxonomy":"product_tag","embeddable":true,"href":"https:\/\/www.claret.cat\/es\/wp-json\/wp\/v2\/product_tag?post=189704"}],"curies":[{"name":"wp","href":"https:\/\/api.w.org\/{rel}","templated":true}]}}

<p>Las cuarenta y cuatro catequesis que contiene este volumen, pronunciadas por Benedicto XVI y Francisco, nos ayudan a recorrer, recordar, revivir y reanimar en nosotros el misterio de la fe. En la elaboración de esta obra hemos cuidado dos itinerarios complementarios: el itinerario en el tiempo, respetando en lo posible las fechas en las que fueron impartidas, y el itinerario del Símbolo, respetando la fórmula del credo apostólico. Además, se ofrece una pequeña introducción, a modo de síntesis de cada catequesis, para ayudar al lector a situarse, e ir, así, a lo que creemos esencial en cada una de ellas. <br />Con gozo, tras una lectura sosegada y serena de estas catequesis, podemos decir: «Esta es nuestra fe. Esta es la fe de la Iglesia que nos gloriamos de profesar en Cristo Jesús, Señor nuestro. Amén».</p>

<p>MARTÍN BARRIOS, JUAN LUIS</p>

MARTÍN BARRIOS, JUAN LUIS

Rústica

JUAN LUIS MARTÍN BARRIOS
