{"id":191780,"date":"2022-10-20T06:28:01","date_gmt":"2022-10-20T04:28:01","guid":{"rendered":"http:\/\/dev.claret.cat\/producte\/bruselas-2\/"},"modified":"2023-01-28T11:29:26","modified_gmt":"2023-01-28T10:29:26","slug":"bruselas-9788499359977","status":"publish","type":"product","link":"https:\/\/www.claret.cat\/es\/libro\/bruselas-9788499359977\/","title":{"rendered":"BRUSELAS"},"content":{"rendered":"<p>&quot; Una gu\u00eda compacta que aglutina toda la informaci\u00f3n necesaria para viajar independiente y con presupuesto de manera clara y concisa a trav\u00e9s de distintos apartados.<br \/> Los Imprescindibles desarrollan siete puntos claves de la ciudad que entraman un especial inter\u00e9s para el viajero.<br \/> Datos pr\u00e1cticos ofrece informaci\u00f3n de transportes, documentaci\u00f3n, tr\u00e1mites de entrada, acontecimientos culturales, sanidad, idioma, horarios, calendario de fiestas, etc. <br \/> Visita a la ciudad describe la parte monumental de la misma y le a\u00f1ade datos sobre compras, fiestas y otros. Asimismo se incluyen tambi\u00e9n los alrededores, con informaci\u00f3n sobre localidades o espacios de inter\u00e9s que pueden visitarse f\u00e1cilmente desde el n\u00facleo descrito. <br \/> Comer y dormir en Bruselas ofrece informaci\u00f3n detallada de los distintos hoteles y restaurantes que hemos seleccionado siguiendo un riguroso criterio de calidad\/precio. En cuanto a los alojamientos, se describen desde los hostales y pensiones hasta los hoteles de precio m\u00e1s elevado. Los restaurantes tambi\u00e9n se han ordenado conforme a varias categor\u00edas: establecimientos m\u00e1s asequibles o con men\u00fa y otros restaurantes de mayor precio. <br \/> Acompa\u00f1ando a la visita y con el fin de facilitarla, se incluyen dos planos (de d\u00eda y de noche) que en colores diferenciados muestran los distintos ambientes que se pueden encontrar en la ciudad. En el plano de d\u00eda se resaltan las zonas comerciales, as\u00ed como los restaurantes y monumentos m\u00e1s interesantes que merece la pena visitar. En el plano de noche, donde se destacan los hoteles recomendados, se pueden ver las calles m\u00e1s animadas para salir de noche. <br \/> Como parte final, El contexto comprende algunos apuntes sobre la historia, la gastronom\u00eda, la m\u00fasica, las tradiciones, as\u00ed como otros aspectos interesantes sobre la cultura belga. &quot;<\/p>\n","protected":false},"excerpt":{"rendered":"<p>GARC\u00cdA, MAR\u00cdA<\/p>\n","protected":false},"featured_media":191781,"template":"","meta":{"_acf_changed":false,"om_disable_all_campaigns":false,"rs_blank_template":"","rs_page_bg_color":"","slide_template_v7":"","inline_featured_image":false,"_monsterinsights_skip_tracking":false,"_monsterinsights_sitenote_active":false,"_monsterinsights_sitenote_note":"","_monsterinsights_sitenote_category":0},"product_brand":[],"product_cat":[107],"product_tag":[],"class_list":{"0":"post-191780","1":"product","2":"type-product","3":"status-publish","4":"has-post-thumbnail","6":"product_cat-guies-de-viatge","8":"first","9":"instock","10":"taxable","11":"shipping-taxable","12":"purchasable","13":"product-type-simple"},"acf":{"autor":"GARC\u00cdA, MAR\u00cdA","codart":"849935997","libros-coleccion":"FORA DE COL.LECCI\u00d3","ediciones":"1","encuadernacion":"R\u00fastica","fecha_de_publicacion":"01\/02\/2018","novedad":"1","paginas":"125","subtitulo":"","orden":"0","portada":"0","idioma":"spa","editorial":[{"ID":147435,"post_author":"3","post_date":"2022-10-14 11:50:33","post_date_gmt":"2022-10-14 09:50:33","post_content":"","post_title":"Anaya Touring","post_excerpt":"","post_status":"publish","comment_status":"closed","ping_status":"closed","post_password":"","post_name":"anaya-touring","to_ping":"","pinged":"","post_modified":"2022-10-14 11:50:33","post_modified_gmt":"2022-10-14 09:50:33","post_content_filtered":"","post_parent":0,"guid":"http:\/\/dev.claret.cat\/editorial\/anaya-touring\/","menu_order":0,"post_type":"editorial","post_mime_type":"","comment_count":"0","filter":"raw"}],"autores-libros":[{"ID":163625,"post_author":"3","post_date":"2022-10-14 17:40:32","post_date_gmt":"2022-10-14 15:40:32","post_content":"","post_title":"MAR\u00cdA GARC\u00cdA","post_excerpt":"","post_status":"publish","comment_status":"closed","ping_status":"closed","post_password":"","post_name":"maria-garcia","to_ping":"","pinged":"","post_modified":"2022-10-14 17:40:32","post_modified_gmt":"2022-10-14 15:40:32","post_content_filtered":"","post_parent":0,"guid":"http:\/\/dev.claret.cat\/autor\/maria-garcia\/","menu_order":0,"post_type":"autor","post_mime_type":"","comment_count":"0","filter":"raw"}]},"aioseo_notices":[],"_links":{"self":[{"href":"https:\/\/www.claret.cat\/es\/wp-json\/wp\/v2\/product\/191780","targetHints":{"allow":["GET"]}}],"collection":[{"href":"https:\/\/www.claret.cat\/es\/wp-json\/wp\/v2\/product"}],"about":[{"href":"https:\/\/www.claret.cat\/es\/wp-json\/wp\/v2\/types\/product"}],"wp:featuredmedia":[{"embeddable":true,"href":"https:\/\/www.claret.cat\/es\/wp-json\/wp\/v2\/media\/191781"}],"wp:attachment":[{"href":"https:\/\/www.claret.cat\/es\/wp-json\/wp\/v2\/media?parent=191780"}],"wp:term":[{"taxonomy":"product_brand","embeddable":true,"href":"https:\/\/www.claret.cat\/es\/wp-json\/wp\/v2\/product_brand?post=191780"},{"taxonomy":"product_cat","embeddable":true,"href":"https:\/\/www.claret.cat\/es\/wp-json\/wp\/v2\/product_cat?post=191780"},{"taxonomy":"product_tag","embeddable":true,"href":"https:\/\/www.claret.cat\/es\/wp-json\/wp\/v2\/product_tag?post=191780"}],"curies":[{"name":"wp","href":"https:\/\/api.w.org\/{rel}","templated":true}]}}

<p>&quot; Una guía compacta que aglutina toda la información necesaria para viajar independiente y con presupuesto de manera clara y concisa a través de distintos apartados.<br /> Los Imprescindibles desarrollan siete puntos claves de la ciudad que entraman un especial interés para el viajero.<br /> Datos prácticos ofrece información de transportes, documentación, trámites de entrada, acontecimientos culturales, sanidad, idioma, horarios, calendario de fiestas, etc. <br /> Visita a la ciudad describe la parte monumental de la misma y le añade datos sobre compras, fiestas y otros. Asimismo se incluyen también los alrededores, con información sobre localidades o espacios de interés que pueden visitarse fácilmente desde el núcleo descrito. <br /> Comer y dormir en Bruselas ofrece información detallada de los distintos hoteles y restaurantes que hemos seleccionado siguiendo un riguroso criterio de calidad/precio. En cuanto a los alojamientos, se describen desde los hostales y pensiones hasta los hoteles de precio más elevado. Los restaurantes también se han ordenado conforme a varias categorías: establecimientos más asequibles o con menú y otros restaurantes de mayor precio. <br /> Acompañando a la visita y con el fin de facilitarla, se incluyen dos planos (de día y de noche) que en colores diferenciados muestran los distintos ambientes que se pueden encontrar en la ciudad. En el plano de día se resaltan las zonas comerciales, así como los restaurantes y monumentos más interesantes que merece la pena visitar. En el plano de noche, donde se destacan los hoteles recomendados, se pueden ver las calles más animadas para salir de noche. <br /> Como parte final, El contexto comprende algunos apuntes sobre la historia, la gastronomía, la música, las tradiciones, así como otros aspectos interesantes sobre la cultura belga. &quot;</p>

<p>GARCÍA, MARÍA</p>

GARCÍA, MARÍA

FORA DE COL.LECCIÓ

Rústica

MARÍA GARCÍA
