{"id":192527,"date":"2022-10-20T06:41:02","date_gmt":"2022-10-20T04:41:02","guid":{"rendered":"http:\/\/dev.claret.cat\/producte\/el-mensaje-de-amoris-laetitia-un-debate-fraterno\/"},"modified":"2026-04-01T16:05:43","modified_gmt":"2026-04-01T14:05:43","slug":"el-mensaje-de-amoris-laetitia-un-debate-fraterno-9788429327250","status":"publish","type":"product","link":"https:\/\/www.claret.cat\/es\/libro\/el-mensaje-de-amoris-laetitia-un-debate-fraterno-9788429327250\/","title":{"rendered":"EL MENSAJE DE AMORIS LAETITIA. UN DEBATE FRATERNO"},"content":{"rendered":"<p>En los \u00faltimos a\u00f1os, pocos escritos de los Papas han ocasionado tanto debate como el Amoris laetitia del papa Francisco. En esta peque\u00f1a obra, el autor observa en las palabras de Francisco, una llamada a materializar la humanidad de Jesucristo en los modelos familiares de la actualidad. Un Jes\u00fas que escucha y acompa\u00f1a a las familias, que fomenta en ellas el amor, y que por eso nunca la abandona a pesar de las situaciones dif\u00edciles.<\/p>\n","protected":false},"excerpt":{"rendered":"<p>KASPER, WALTER<\/p>\n","protected":false},"featured_media":340587,"template":"","meta":{"_acf_changed":false,"om_disable_all_campaigns":false,"rs_blank_template":"","rs_page_bg_color":"","slide_template_v7":"","inline_featured_image":false,"_monsterinsights_skip_tracking":false,"_monsterinsights_sitenote_active":false,"_monsterinsights_sitenote_note":"","_monsterinsights_sitenote_category":0},"product_brand":[],"product_cat":[93,543],"product_tag":[],"class_list":{"0":"post-192527","1":"product","2":"type-product","3":"status-publish","4":"has-post-thumbnail","6":"product_cat-eclesiologia","7":"product_cat-eclesiologia-es","9":"first","10":"instock","11":"taxable","12":"shipping-taxable","13":"purchasable","14":"product-type-simple"},"acf":{"autor":"KASPER, WALTER","codart":"842932725","libros-coleccion":"ST Breve","ediciones":"1","encuadernacion":"R\u00fastica","fecha_de_publicacion":"31\/01\/2018","novedad":"1","paginas":"112","subtitulo":"UN DEBATE FRATERNO","orden":"0","portada":"0","idioma":"spa","editorial":[{"ID":6351,"post_author":"3","post_date":"2022-07-28 17:50:19","post_date_gmt":"2022-07-28 15:50:19","post_content":"","post_title":"Sal Terrae","post_excerpt":"","post_status":"publish","comment_status":"closed","ping_status":"closed","post_password":"","post_name":"sal-terrae","to_ping":"","pinged":"","post_modified":"2022-07-28 17:50:19","post_modified_gmt":"2022-07-28 15:50:19","post_content_filtered":"","post_parent":0,"guid":"http:\/\/dev.claret.cat\/editorial\/sal-terrae\/","menu_order":0,"post_type":"editorial","post_mime_type":"","comment_count":"0","filter":"raw"}],"autores-libros":[{"ID":171223,"post_author":"3","post_date":"2022-10-14 22:41:40","post_date_gmt":"2022-10-14 20:41:40","post_content":"","post_title":"WALTER KASPER","post_excerpt":"","post_status":"publish","comment_status":"closed","ping_status":"closed","post_password":"","post_name":"walter-kasper","to_ping":"","pinged":"","post_modified":"2022-10-14 22:41:40","post_modified_gmt":"2022-10-14 20:41:40","post_content_filtered":"","post_parent":0,"guid":"http:\/\/dev.claret.cat\/autor\/walter-kasper\/","menu_order":0,"post_type":"autor","post_mime_type":"","comment_count":"0","filter":"raw"}],"booktrailer":"","resenas":""},"aioseo_notices":[],"_links":{"self":[{"href":"https:\/\/www.claret.cat\/es\/wp-json\/wp\/v2\/product\/192527","targetHints":{"allow":["GET"]}}],"collection":[{"href":"https:\/\/www.claret.cat\/es\/wp-json\/wp\/v2\/product"}],"about":[{"href":"https:\/\/www.claret.cat\/es\/wp-json\/wp\/v2\/types\/product"}],"wp:featuredmedia":[{"embeddable":true,"href":"https:\/\/www.claret.cat\/es\/wp-json\/wp\/v2\/media\/340587"}],"wp:attachment":[{"href":"https:\/\/www.claret.cat\/es\/wp-json\/wp\/v2\/media?parent=192527"}],"wp:term":[{"taxonomy":"product_brand","embeddable":true,"href":"https:\/\/www.claret.cat\/es\/wp-json\/wp\/v2\/product_brand?post=192527"},{"taxonomy":"product_cat","embeddable":true,"href":"https:\/\/www.claret.cat\/es\/wp-json\/wp\/v2\/product_cat?post=192527"},{"taxonomy":"product_tag","embeddable":true,"href":"https:\/\/www.claret.cat\/es\/wp-json\/wp\/v2\/product_tag?post=192527"}],"curies":[{"name":"wp","href":"https:\/\/api.w.org\/{rel}","templated":true}]}}

<p>En los últimos años, pocos escritos de los Papas han ocasionado tanto debate como el Amoris laetitia del papa Francisco. En esta pequeña obra, el autor observa en las palabras de Francisco, una llamada a materializar la humanidad de Jesucristo en los modelos familiares de la actualidad. Un Jesús que escucha y acompaña a las familias, que fomenta en ellas el amor, y que por eso nunca la abandona a pesar de las situaciones difíciles.</p>

Rústica
