{"id":192707,"date":"2022-10-20T06:44:03","date_gmt":"2022-10-20T04:44:03","guid":{"rendered":"http:\/\/dev.claret.cat\/producte\/via-crucis-de-jesus-de-nazaret-historia-de-una-vida-entregada\/"},"modified":"2025-03-27T19:45:11","modified_gmt":"2025-03-27T18:45:11","slug":"via-crucis-de-jesus-de-nazaret-historia-de-una-vida-entregada-9788490234969","status":"publish","type":"product","link":"https:\/\/www.claret.cat\/es\/libro\/via-crucis-de-jesus-de-nazaret-historia-de-una-vida-entregada-9788490234969\/","title":{"rendered":"V\u00cdA CRUCIS DE JES\u00daS DE NAZARET. HISTORIA DE UNA VIDA ENTREGADA"},"content":{"rendered":"<p>Surgida en el \u00e1mbito franciscano, la pr\u00e1ctica del V\u00eda Crucis pronto se extendi\u00f3 por toda la Iglesia. En este libro ofrecemos dos \u00abmodalidades\u00bb: la tradicional popular de catorce estaciones y la surgida a ra\u00edz del V\u00eda Crucis en el Coliseo de Roma que el papa Juan Pablo II compuso en 1991, solo con estaciones sacadas de los textos b\u00edblicos.<\/p>\n","protected":false},"excerpt":{"rendered":"<p>MONTERO, DOMINGO J.<\/p>\n","protected":false},"featured_media":359417,"template":"","meta":{"_acf_changed":false,"om_disable_all_campaigns":false,"rs_blank_template":"","rs_page_bg_color":"","slide_template_v7":"","inline_featured_image":false,"_monsterinsights_skip_tracking":false,"_monsterinsights_sitenote_active":false,"_monsterinsights_sitenote_note":"","_monsterinsights_sitenote_category":0},"product_brand":[],"product_cat":[346,80,78,344],"product_tag":[],"class_list":{"0":"post-192707","1":"product","2":"type-product","3":"status-publish","4":"has-post-thumbnail","6":"product_cat-libros-liturgia","7":"product_cat-liturgia","8":"product_cat-pastoral","9":"product_cat-pastoral-1_espiritualidad","11":"first","12":"instock","13":"taxable","14":"shipping-taxable","15":"purchasable","16":"product-type-simple"},"acf":{"autor":"MONTERO, DOMINGO J.","codart":"849023496","libros-coleccion":"","ediciones":"1","encuadernacion":"R\u00fastica","fecha_de_publicacion":"11\/01\/2018","novedad":"1","paginas":"60","subtitulo":"HISTORIA DE UNA VIDA ENTREGADA","orden":"0","portada":"0","idioma":"spa","editorial":[{"ID":6155,"post_author":"3","post_date":"2022-07-28 17:46:04","post_date_gmt":"2022-07-28 15:46:04","post_content":"","post_title":"Central Catequ\u00edstica Salesiana","post_excerpt":"","post_status":"publish","comment_status":"closed","ping_status":"closed","post_password":"","post_name":"central-catequistica-salesiana","to_ping":"","pinged":"","post_modified":"2022-07-28 17:46:04","post_modified_gmt":"2022-07-28 15:46:04","post_content_filtered":"","post_parent":0,"guid":"http:\/\/dev.claret.cat\/editorial\/central-catequistica-salesiana\/","menu_order":0,"post_type":"editorial","post_mime_type":"","comment_count":"0","filter":"raw"}],"autores-libros":[{"ID":154264,"post_author":"3","post_date":"2022-10-14 15:03:25","post_date_gmt":"2022-10-14 13:03:25","post_content":"","post_title":"DOMINGO J. MONTERO","post_excerpt":"","post_status":"publish","comment_status":"closed","ping_status":"closed","post_password":"","post_name":"domingo-j-montero","to_ping":"","pinged":"","post_modified":"2022-10-14 15:03:25","post_modified_gmt":"2022-10-14 13:03:25","post_content_filtered":"","post_parent":0,"guid":"http:\/\/dev.claret.cat\/autor\/domingo-j-montero\/","menu_order":0,"post_type":"autor","post_mime_type":"","comment_count":"0","filter":"raw"}]},"aioseo_notices":[],"_links":{"self":[{"href":"https:\/\/www.claret.cat\/es\/wp-json\/wp\/v2\/product\/192707","targetHints":{"allow":["GET"]}}],"collection":[{"href":"https:\/\/www.claret.cat\/es\/wp-json\/wp\/v2\/product"}],"about":[{"href":"https:\/\/www.claret.cat\/es\/wp-json\/wp\/v2\/types\/product"}],"wp:featuredmedia":[{"embeddable":true,"href":"https:\/\/www.claret.cat\/es\/wp-json\/wp\/v2\/media\/359417"}],"wp:attachment":[{"href":"https:\/\/www.claret.cat\/es\/wp-json\/wp\/v2\/media?parent=192707"}],"wp:term":[{"taxonomy":"product_brand","embeddable":true,"href":"https:\/\/www.claret.cat\/es\/wp-json\/wp\/v2\/product_brand?post=192707"},{"taxonomy":"product_cat","embeddable":true,"href":"https:\/\/www.claret.cat\/es\/wp-json\/wp\/v2\/product_cat?post=192707"},{"taxonomy":"product_tag","embeddable":true,"href":"https:\/\/www.claret.cat\/es\/wp-json\/wp\/v2\/product_tag?post=192707"}],"curies":[{"name":"wp","href":"https:\/\/api.w.org\/{rel}","templated":true}]}}

VÍA CRUCIS DE JESÚS DE NAZARET. HISTORIA DE UNA VIDA ENTREGADA

<p>Surgida en el ámbito franciscano, la práctica del Vía Crucis pronto se extendió por toda la Iglesia. En este libro ofrecemos dos «modalidades»: la tradicional popular de catorce estaciones y la surgida a raíz del Vía Crucis en el Coliseo de Roma que el papa Juan Pablo II compuso en 1991, solo con estaciones sacadas de los textos bíblicos.</p>

Rústica

Central Catequística Salesiana
