{"id":194616,"date":"2022-10-20T07:16:49","date_gmt":"2022-10-20T05:16:49","guid":{"rendered":"http:\/\/dev.claret.cat\/producte\/apego-y-psicopatologia-la-ansiedad-y-su-origen\/"},"modified":"2025-09-19T16:52:23","modified_gmt":"2025-09-19T14:52:23","slug":"apego-y-psicopatologia-la-ansiedad-y-su-origen-9788433029492","status":"publish","type":"product","link":"https:\/\/www.claret.cat\/es\/libro\/apego-y-psicopatologia-la-ansiedad-y-su-origen-9788433029492\/","title":{"rendered":"APEGO Y PSICOPATOLOG\u00cdA: LA ANSIEDAD Y SU ORIGEN"},"content":{"rendered":"<p>El apego es la relaci\u00f3n rec\u00edproca que establecemos con otras personas afines. La relaci\u00f3n con nuestra familia durante los primeros a\u00f1os de vida constituye los cimientos sobre los que vamos a construir nuestra personalidad y la forma de relacionarnos con los dem\u00e1s. Muchas de las patolog\u00edas que surgen en la adolescencia y la edad adulta, como adicciones, trastornos alimenticios, dependencia emocional u obsesiones, tienen su origen en relaciones de apego inseguro con la familia durante la infancia. La paradoja es que una conducta que surge para reducir el malestar acaba con el tiempo produciendo dolor y ansiedad. Cuando las relaciones de apego son de tipo inseguro, el cerebro del ni\u00f1o crea mecanismos inconscientes de regulaci\u00f3n que pueden dar lugar a emociones como miedo, frustraci\u00f3n, rabia, culpa o verg\u00fcenza y ser origen de patolog\u00edas como depresiones, obsesiones, trastornos alimenticios, dependencia emocional o adicciones. Este libro proporciona herramientas para que los profesionales de la salud (psic\u00f3logos, psiquiatras, pediatras, asistentes sociales&#8230;) puedan intervenir sobre los pacientes desde diferentes \u00e1ngulos, y de este modo atacar las patolog\u00edas psicol\u00f3gicas desde la ra\u00edz, m\u00e1s all\u00e1 de los s\u00edntomas.<\/p>\n","protected":false},"excerpt":{"rendered":"<p>HERN\u00c1NDEZ PACHECO, MANUEL<\/p>\n","protected":false},"featured_media":346959,"template":"","meta":{"_acf_changed":false,"om_disable_all_campaigns":false,"rs_blank_template":"","rs_page_bg_color":"","slide_template_v7":"","inline_featured_image":false,"_monsterinsights_skip_tracking":false,"_monsterinsights_sitenote_active":false,"_monsterinsights_sitenote_note":"","_monsterinsights_sitenote_category":0},"product_brand":[],"product_cat":[347,81],"product_tag":[],"class_list":{"0":"post-194616","1":"product","2":"type-product","3":"status-publish","4":"has-post-thumbnail","6":"product_cat-psicologia-2_humanidades","7":"product_cat-psicologia","9":"first","10":"instock","11":"taxable","12":"shipping-taxable","13":"purchasable","14":"product-type-simple"},"acf":{"autor":"HERN\u00c1NDEZ PACHECO, MANUEL","codart":"843302949","libros-coleccion":"SUSHI BOOKS","ediciones":"1","encuadernacion":"R\u00fastica","fecha_de_publicacion":"11\/12\/2017","novedad":"1","paginas":"384","subtitulo":"CONCEPTUALIZACI\u00d3N Y TRATAMIENTO DE LAS PATOLOG\u00cdAS RELACIONADAS CON LA ANSIEDAD DESDE UNA PERSPECTIVA INTEGRADORA","orden":"0","portada":"0","idioma":"spa","editorial":[{"ID":6179,"post_author":"3","post_date":"2022-07-28 17:46:36","post_date_gmt":"2022-07-28 15:46:36","post_content":"","post_title":"DESCLEE DE BROUWER","post_excerpt":"","post_status":"publish","comment_status":"closed","ping_status":"closed","post_password":"","post_name":"desclee-de-brouwer","to_ping":"","pinged":"","post_modified":"2022-07-28 17:46:36","post_modified_gmt":"2022-07-28 15:46:36","post_content_filtered":"","post_parent":0,"guid":"http:\/\/dev.claret.cat\/editorial\/desclee-de-brouwer\/","menu_order":0,"post_type":"editorial","post_mime_type":"","comment_count":"0","filter":"raw"}],"autores-libros":[{"ID":163168,"post_author":"3","post_date":"2022-10-14 17:36:52","post_date_gmt":"2022-10-14 15:36:52","post_content":"","post_title":"MANUEL HERN\u00c1NDEZ PACHECO","post_excerpt":"","post_status":"publish","comment_status":"closed","ping_status":"closed","post_password":"","post_name":"manuel-hernandez-pacheco","to_ping":"","pinged":"","post_modified":"2022-10-14 17:36:52","post_modified_gmt":"2022-10-14 15:36:52","post_content_filtered":"","post_parent":0,"guid":"http:\/\/dev.claret.cat\/autor\/manuel-hernandez-pacheco\/","menu_order":0,"post_type":"autor","post_mime_type":"","comment_count":"0","filter":"raw"}],"booktrailer":"","resenas":""},"aioseo_notices":[],"_links":{"self":[{"href":"https:\/\/www.claret.cat\/es\/wp-json\/wp\/v2\/product\/194616","targetHints":{"allow":["GET"]}}],"collection":[{"href":"https:\/\/www.claret.cat\/es\/wp-json\/wp\/v2\/product"}],"about":[{"href":"https:\/\/www.claret.cat\/es\/wp-json\/wp\/v2\/types\/product"}],"wp:featuredmedia":[{"embeddable":true,"href":"https:\/\/www.claret.cat\/es\/wp-json\/wp\/v2\/media\/346959"}],"wp:attachment":[{"href":"https:\/\/www.claret.cat\/es\/wp-json\/wp\/v2\/media?parent=194616"}],"wp:term":[{"taxonomy":"product_brand","embeddable":true,"href":"https:\/\/www.claret.cat\/es\/wp-json\/wp\/v2\/product_brand?post=194616"},{"taxonomy":"product_cat","embeddable":true,"href":"https:\/\/www.claret.cat\/es\/wp-json\/wp\/v2\/product_cat?post=194616"},{"taxonomy":"product_tag","embeddable":true,"href":"https:\/\/www.claret.cat\/es\/wp-json\/wp\/v2\/product_tag?post=194616"}],"curies":[{"name":"wp","href":"https:\/\/api.w.org\/{rel}","templated":true}]}}

APEGO Y PSICOPATOLOGÍA: LA ANSIEDAD Y SU ORIGEN

<p>El apego es la relación recíproca que establecemos con otras personas afines. La relación con nuestra familia durante los primeros años de vida constituye los cimientos sobre los que vamos a construir nuestra personalidad y la forma de relacionarnos con los demás. Muchas de las patologías que surgen en la adolescencia y la edad adulta, como adicciones, trastornos alimenticios, dependencia emocional u obsesiones, tienen su origen en relaciones de apego inseguro con la familia durante la infancia. La paradoja es que una conducta que surge para reducir el malestar acaba con el tiempo produciendo dolor y ansiedad. Cuando las relaciones de apego son de tipo inseguro, el cerebro del niño crea mecanismos inconscientes de regulación que pueden dar lugar a emociones como miedo, frustración, rabia, culpa o vergüenza y ser origen de patologías como depresiones, obsesiones, trastornos alimenticios, dependencia emocional o adicciones. Este libro proporciona herramientas para que los profesionales de la salud (psicólogos, psiquiatras, pediatras, asistentes sociales&#8230;) puedan intervenir sobre los pacientes desde diferentes ángulos, y de este modo atacar las patologías psicológicas desde la raíz, más allá de los síntomas.</p>

<p>HERNÁNDEZ PACHECO, MANUEL</p>

HERNÁNDEZ PACHECO, MANUEL

Rústica

CONCEPTUALIZACIÓN Y TRATAMIENTO DE LAS PATOLOGÍAS RELACIONADAS CON LA ANSIEDAD DESDE UNA PERSPECTIVA INTEGRADORA

MANUEL HERNÁNDEZ PACHECO
