{"id":196197,"date":"2022-10-20T07:43:33","date_gmt":"2022-10-20T05:43:33","guid":{"rendered":"http:\/\/dev.claret.cat\/producte\/la-cancion-de-zenon-la-granja-de-zenon-reino-infantil-primeras-lecturas\/"},"modified":"2025-03-28T13:01:05","modified_gmt":"2025-03-28T12:01:05","slug":"la-cancion-de-zenon-la-granja-de-zenon-reino-infantil-primeras-lecturas-9788448849269","status":"publish","type":"product","link":"https:\/\/www.claret.cat\/es\/libro\/la-cancion-de-zenon-la-granja-de-zenon-reino-infantil-primeras-lecturas-9788448849269\/","title":{"rendered":"LA CANCI\u00d3N DE ZEN\u00d3N (LA GRANJA DE ZEN\u00d3N) (REINO INFANTIL. PRIMERAS LECTURAS)"},"content":{"rendered":"<p>Por fin las aventuras musicales de los personajes de Reino Infantil,  el exitoso canal de YouTube, en una colecci\u00f3n donde la m\u00fasica es la gran protagonista.\u00a1Acompa\u00f1a a Zen\u00f3n y a tus amigos de la granja en esa divertida aventura y canta con ellos!El granjero Zen\u00f3n est\u00e1 muy contento y quiere cantar, pero \u00a1ha perdido su  voz! \u00bfQu\u00e9 pasar\u00e1 con nuestro amigo? \u00bfLograr\u00e1 alegrar a todos con sus canciones otra vez?Los animales de la granja, con sus voces, le ayudar\u00e1n a recuperarla.Los m\u00e1s peque\u00f1os de la casa disfrutar\u00e1n de las divertidas aventuras  musicales de Zen\u00f3n, un campesino, propietario de una enorme granja  ubicada en una llanura, y de los personajes que le acompa\u00f1an: su hermana  L\u00eda, que vive junto a su marido El Tata y sus tres hijos, Mar\u00eda y Juan,  mellizos y Tito, el m\u00e1s peque\u00f1o; Percher\u00f3n, el caballo, Lola, la vaca, Pollito y, por supuesto, el gallo Bartolito.\u00a1La colecci\u00f3n de Primeras lecturas de \u00abReino Infantil\u00bb est\u00e1 repleta  de aventuras musicales para disfrutar con los m\u00e1s peque\u00f1os junto a toda la familia!<\/p>\n","protected":false},"excerpt":{"rendered":"<p>VV. AA.<\/p>\n","protected":false},"featured_media":1015028,"template":"","meta":{"_acf_changed":false,"om_disable_all_campaigns":false,"rs_blank_template":"","rs_page_bg_color":"","slide_template_v7":"","inline_featured_image":false,"_monsterinsights_skip_tracking":false,"_monsterinsights_sitenote_active":false,"_monsterinsights_sitenote_note":"","_monsterinsights_sitenote_category":0},"product_brand":[],"product_cat":[86,352],"product_tag":[],"class_list":{"0":"post-196197","1":"product","2":"type-product","3":"status-publish","4":"has-post-thumbnail","6":"product_cat-infantil","7":"product_cat-infantil-3_infantil-juvenil-spa","9":"first","10":"outofstock","11":"taxable","12":"shipping-taxable","13":"purchasable","14":"product-type-simple"},"acf":{"autor":"VV. AA.","codart":"844884926","libros-coleccion":"INFANTIL","ediciones":"1","encuadernacion":"Carton\u00e9","fecha_de_publicacion":"01\/11\/2017","novedad":"1","paginas":"24","subtitulo":"","orden":"0","portada":"0","idioma":"spa","editorial":[{"ID":6141,"post_author":"3","post_date":"2022-07-28 17:45:46","post_date_gmt":"2022-07-28 15:45:46","post_content":"","post_title":"BEASCOA","post_excerpt":"","post_status":"publish","comment_status":"closed","ping_status":"closed","post_password":"","post_name":"beascoa","to_ping":"","pinged":"","post_modified":"2022-07-28 17:45:46","post_modified_gmt":"2022-07-28 15:45:46","post_content_filtered":"","post_parent":0,"guid":"http:\/\/dev.claret.cat\/editorial\/beascoa\/","menu_order":0,"post_type":"editorial","post_mime_type":"","comment_count":"0","filter":"raw"}],"autores-libros":[{"ID":6085,"post_author":"3","post_date":"2022-07-28 17:37:49","post_date_gmt":"2022-07-28 15:37:49","post_content":"","post_title":"VV. AA.","post_excerpt":"","post_status":"publish","comment_status":"closed","ping_status":"closed","post_password":"","post_name":"vv-aa","to_ping":"","pinged":"","post_modified":"2022-07-28 17:37:49","post_modified_gmt":"2022-07-28 15:37:49","post_content_filtered":"","post_parent":0,"guid":"http:\/\/dev.claret.cat\/autor\/vv-aa\/","menu_order":0,"post_type":"autor","post_mime_type":"","comment_count":"0","filter":"raw"}]},"aioseo_notices":[],"_links":{"self":[{"href":"https:\/\/www.claret.cat\/es\/wp-json\/wp\/v2\/product\/196197","targetHints":{"allow":["GET"]}}],"collection":[{"href":"https:\/\/www.claret.cat\/es\/wp-json\/wp\/v2\/product"}],"about":[{"href":"https:\/\/www.claret.cat\/es\/wp-json\/wp\/v2\/types\/product"}],"wp:featuredmedia":[{"embeddable":true,"href":"https:\/\/www.claret.cat\/es\/wp-json\/wp\/v2\/media\/1015028"}],"wp:attachment":[{"href":"https:\/\/www.claret.cat\/es\/wp-json\/wp\/v2\/media?parent=196197"}],"wp:term":[{"taxonomy":"product_brand","embeddable":true,"href":"https:\/\/www.claret.cat\/es\/wp-json\/wp\/v2\/product_brand?post=196197"},{"taxonomy":"product_cat","embeddable":true,"href":"https:\/\/www.claret.cat\/es\/wp-json\/wp\/v2\/product_cat?post=196197"},{"taxonomy":"product_tag","embeddable":true,"href":"https:\/\/www.claret.cat\/es\/wp-json\/wp\/v2\/product_tag?post=196197"}],"curies":[{"name":"wp","href":"https:\/\/api.w.org\/{rel}","templated":true}]}}

LA CANCIÓN DE ZENÓN (LA GRANJA DE ZENÓN) (REINO INFANTIL. PRIMERAS LECTURAS)

<p>Por fin las aventuras musicales de los personajes de Reino Infantil,  el exitoso canal de YouTube, en una colección donde la música es la gran protagonista.¡Acompaña a Zenón y a tus amigos de la granja en esa divertida aventura y canta con ellos!El granjero Zenón está muy contento y quiere cantar, pero ¡ha perdido su  voz! ¿Qué pasará con nuestro amigo? ¿Logrará alegrar a todos con sus canciones otra vez?Los animales de la granja, con sus voces, le ayudarán a recuperarla.Los más pequeños de la casa disfrutarán de las divertidas aventuras  musicales de Zenón, un campesino, propietario de una enorme granja  ubicada en una llanura, y de los personajes que le acompañan: su hermana  Lía, que vive junto a su marido El Tata y sus tres hijos, María y Juan,  mellizos y Tito, el más pequeño; Percherón, el caballo, Lola, la vaca, Pollito y, por supuesto, el gallo Bartolito.¡La colección de Primeras lecturas de «Reino Infantil» está repleta  de aventuras musicales para disfrutar con los más pequeños junto a toda la familia!</p>

Cartoné
