{"id":196311,"date":"2022-10-20T07:45:33","date_gmt":"2022-10-20T05:45:33","guid":{"rendered":"http:\/\/dev.claret.cat\/producte\/frankenstein-clasicos\/"},"modified":"2026-04-02T18:08:53","modified_gmt":"2026-04-02T16:08:53","slug":"frankenstein-clasicos-9788415618799","status":"publish","type":"product","link":"https:\/\/www.claret.cat\/es\/libro\/frankenstein-clasicos-9788415618799\/","title":{"rendered":"FRANKENSTEIN (CL\u00c1SICOS)"},"content":{"rendered":"<p>Durante el lluvioso verano de 1816, cuatro de los escritores ingleses m\u00e1s talentosos de su tiempo se dieron cita en Villa Diodati. La mansi\u00f3n a orillas del lago Ginebra fue el escenario en que Lord Byron, John Polidori, Percy Bysshe Shelley y Mary Shelley se retaron a escribir una historia de terror. Aquel juego llev\u00f3 a la autora londinense a crear Frankenstein, una de las grandes cimas del horror g\u00f3tico y una brillante reflexi\u00f3n sobre la \u00e9tica cient\u00edfica. La novela narra el intento de un joven estudiante de medicina de crear vida artificial y las terribles consecuencias de su experimento.<\/p>\n","protected":false},"excerpt":{"rendered":"<p>MARY SHELLEY<\/p>\n","protected":false},"featured_media":196312,"template":"","meta":{"_acf_changed":false,"om_disable_all_campaigns":false,"rs_blank_template":"","rs_page_bg_color":"","slide_template_v7":"","inline_featured_image":false,"_monsterinsights_skip_tracking":false,"_monsterinsights_sitenote_active":false,"_monsterinsights_sitenote_note":"","_monsterinsights_sitenote_category":0},"product_brand":[],"product_cat":[87,353],"product_tag":[],"class_list":{"0":"post-196311","1":"product","2":"type-product","3":"status-publish","4":"has-post-thumbnail","6":"product_cat-literatura","7":"product_cat-literatura-2_humanidades","9":"first","10":"instock","11":"taxable","12":"shipping-taxable","13":"purchasable","14":"product-type-simple"},"acf":{"autor":"MARY SHELLEY","codart":"841561879","libros-coleccion":"Cl\u00e1sicos","ediciones":"1","encuadernacion":"Carton\u00e9","fecha_de_publicacion":"01\/11\/2017","novedad":"1","paginas":"258","subtitulo":"","orden":"0","portada":"0","idioma":"spa","editorial":[{"ID":147917,"post_author":"3","post_date":"2022-10-14 11:54:14","post_date_gmt":"2022-10-14 09:54:14","post_content":"","post_title":"EDITORIAL ALMA","post_excerpt":"","post_status":"publish","comment_status":"closed","ping_status":"closed","post_password":"","post_name":"editorial-alma","to_ping":"","pinged":"","post_modified":"2022-10-14 11:54:14","post_modified_gmt":"2022-10-14 09:54:14","post_content_filtered":"","post_parent":0,"guid":"http:\/\/dev.claret.cat\/editorial\/editorial-alma\/","menu_order":0,"post_type":"editorial","post_mime_type":"","comment_count":"0","filter":"raw"}],"booktrailer":"","resenas":"","autores-libros":[{"ID":426434,"post_author":"3","post_date":"2023-05-16 08:44:53","post_date_gmt":"2023-05-16 06:44:53","post_content":"","post_title":"MARY SHELLEY","post_excerpt":"","post_status":"publish","comment_status":"closed","ping_status":"closed","post_password":"","post_name":"mary-shelley-2","to_ping":"","pinged":"","post_modified":"2023-05-16 08:44:53","post_modified_gmt":"2023-05-16 06:44:53","post_content_filtered":"","post_parent":0,"guid":"https:\/\/www.claret.cat\/autor\/mary-shelley-2\/","menu_order":0,"post_type":"autor","post_mime_type":"","comment_count":"0","filter":"raw"}]},"aioseo_notices":[],"_links":{"self":[{"href":"https:\/\/www.claret.cat\/es\/wp-json\/wp\/v2\/product\/196311","targetHints":{"allow":["GET"]}}],"collection":[{"href":"https:\/\/www.claret.cat\/es\/wp-json\/wp\/v2\/product"}],"about":[{"href":"https:\/\/www.claret.cat\/es\/wp-json\/wp\/v2\/types\/product"}],"wp:featuredmedia":[{"embeddable":true,"href":"https:\/\/www.claret.cat\/es\/wp-json\/wp\/v2\/media\/196312"}],"wp:attachment":[{"href":"https:\/\/www.claret.cat\/es\/wp-json\/wp\/v2\/media?parent=196311"}],"wp:term":[{"taxonomy":"product_brand","embeddable":true,"href":"https:\/\/www.claret.cat\/es\/wp-json\/wp\/v2\/product_brand?post=196311"},{"taxonomy":"product_cat","embeddable":true,"href":"https:\/\/www.claret.cat\/es\/wp-json\/wp\/v2\/product_cat?post=196311"},{"taxonomy":"product_tag","embeddable":true,"href":"https:\/\/www.claret.cat\/es\/wp-json\/wp\/v2\/product_tag?post=196311"}],"curies":[{"name":"wp","href":"https:\/\/api.w.org\/{rel}","templated":true}]}}

FRANKENSTEIN (CLÁSICOS)

<p>Durante el lluvioso verano de 1816, cuatro de los escritores ingleses más talentosos de su tiempo se dieron cita en Villa Diodati. La mansión a orillas del lago Ginebra fue el escenario en que Lord Byron, John Polidori, Percy Bysshe Shelley y Mary Shelley se retaron a escribir una historia de terror. Aquel juego llevó a la autora londinense a crear Frankenstein, una de las grandes cimas del horror gótico y una brillante reflexión sobre la ética científica. La novela narra el intento de un joven estudiante de medicina de crear vida artificial y las terribles consecuencias de su experimento.</p>

Clásicos

Cartoné
