{"id":196602,"date":"2022-10-20T07:50:49","date_gmt":"2022-10-20T05:50:49","guid":{"rendered":"http:\/\/dev.claret.cat\/producte\/diario-de-campana-de-un-medico-de-batallon\/"},"modified":"2026-04-07T12:40:16","modified_gmt":"2026-04-07T10:40:16","slug":"diario-de-campana-de-un-medico-de-batallon-9788469760215","status":"publish","type":"product","link":"https:\/\/www.claret.cat\/es\/libro\/diario-de-campana-de-un-medico-de-batallon-9788469760215\/","title":{"rendered":"DIARIO DE CAMPA\u00d1A DE UN M\u00c9DICO DE BATALL\u00d3N"},"content":{"rendered":"<p>El libro Diario de combate de un m\u00e9dico de batall\u00f3n de Jos\u00e9 Luis C\u00e1ceres Garc\u00eda de Viedma es el conjunto de diarios in\u00e9ditos que escribi\u00f3 el brigada m\u00e9dico C\u00e1ceres durante su estancia en el Frente Norte con la Divisi\u00f3n Azul entre julio de 1941 y septiembre de 1942.<br \/>Son diarios no retocados con posterioridad a su redacci\u00f3n y en ellos se describe la vida de un m\u00e9dico situado en primera l\u00ednea de combate, primero con el II\u00ba batall\u00f3n del regimiento 263 (Vierna) y luego con el IIIer batall\u00f3n del mismo regimiento Vierna.<br \/>A lo largo del diario se cuentan los combates en Possad, la bolsa del Volkhoj y las acciones de Sapolje, con \u201cla Avanzadilla\u201d al Norte y \u201cEl Dedo\u201d hacia el este, donde fue herido y evacuado hacia puestos m\u00e9dicos de retaguarda el 31 de julio de 1942. Por su defensa \u00e9pica del frente de &#8216;El dedo&#8217; al frente de su equipo m\u00e9dico y otros efectivos dispersos se le concedi\u00f3 la Cruz de Hierro de 2\u00aa Clase y la Cruz Roja al m\u00e9rito militar.<\/p>\n","protected":false},"excerpt":{"rendered":"<p>CABALLERO JURADO, CARLOS \/ POYATO GAL\u00c1N, JUAN MANUEL<\/p>\n","protected":false},"featured_media":1094986,"template":"","meta":{"_acf_changed":false,"om_disable_all_campaigns":false,"rs_blank_template":"","rs_page_bg_color":"","slide_template_v7":"","inline_featured_image":false,"_monsterinsights_skip_tracking":false,"_monsterinsights_sitenote_active":false,"_monsterinsights_sitenote_note":"","_monsterinsights_sitenote_category":0},"product_brand":[],"product_cat":[549,99],"product_tag":[],"class_list":{"0":"post-196602","1":"product","2":"type-product","3":"status-publish","4":"has-post-thumbnail","6":"product_cat-biografias","7":"product_cat-biografies","9":"first","10":"outofstock","11":"taxable","12":"shipping-taxable","13":"purchasable","14":"product-type-simple"},"acf":{"autor":"CABALLERO JURADO, CARLOS \/ POYATO GAL\u00c1N, JUAN MANUEL","codart":"846976021","libros-coleccion":"LA BIBLIOTECA DEL GURIPA","ediciones":"1","encuadernacion":"R\u00fastica","fecha_de_publicacion":"01\/11\/2017","novedad":"1","paginas":"288","subtitulo":"","orden":"0","portada":"0","idioma":"spa","editorial":[{"ID":148514,"post_author":"3","post_date":"2022-10-14 11:58:50","post_date_gmt":"2022-10-14 09:58:50","post_content":"","post_title":"Marcos Hourmann Gielfand","post_excerpt":"","post_status":"publish","comment_status":"closed","ping_status":"closed","post_password":"","post_name":"marcos-hourmann-gielfand","to_ping":"","pinged":"","post_modified":"2022-10-14 11:58:50","post_modified_gmt":"2022-10-14 09:58:50","post_content_filtered":"","post_parent":0,"guid":"http:\/\/dev.claret.cat\/editorial\/marcos-hourmann-gielfand\/","menu_order":0,"post_type":"editorial","post_mime_type":"","comment_count":"0","filter":"raw"}],"booktrailer":"","resenas":"","autores-libros":[{"ID":420984,"post_author":"3","post_date":"2023-05-16 01:02:08","post_date_gmt":"2023-05-15 23:02:08","post_content":"","post_title":"CARLOS CABALLERO JURADO","post_excerpt":"","post_status":"publish","comment_status":"closed","ping_status":"closed","post_password":"","post_name":"carlos-caballero-jurado","to_ping":"","pinged":"","post_modified":"2023-05-16 01:02:08","post_modified_gmt":"2023-05-15 23:02:08","post_content_filtered":"","post_parent":0,"guid":"https:\/\/www.claret.cat\/autor\/carlos-caballero-jurado\/","menu_order":0,"post_type":"autor","post_mime_type":"","comment_count":"0","filter":"raw"},{"ID":424857,"post_author":"3","post_date":"2023-05-16 08:09:27","post_date_gmt":"2023-05-16 06:09:27","post_content":"","post_title":"JUAN MANUEL POYATO GAL\u00c1N","post_excerpt":"","post_status":"publish","comment_status":"closed","ping_status":"closed","post_password":"","post_name":"juan-manuel-poyato-galan","to_ping":"","pinged":"","post_modified":"2023-05-16 08:09:27","post_modified_gmt":"2023-05-16 06:09:27","post_content_filtered":"","post_parent":0,"guid":"https:\/\/www.claret.cat\/autor\/juan-manuel-poyato-galan\/","menu_order":0,"post_type":"autor","post_mime_type":"","comment_count":"0","filter":"raw"}]},"aioseo_notices":[],"_links":{"self":[{"href":"https:\/\/www.claret.cat\/es\/wp-json\/wp\/v2\/product\/196602","targetHints":{"allow":["GET"]}}],"collection":[{"href":"https:\/\/www.claret.cat\/es\/wp-json\/wp\/v2\/product"}],"about":[{"href":"https:\/\/www.claret.cat\/es\/wp-json\/wp\/v2\/types\/product"}],"wp:featuredmedia":[{"embeddable":true,"href":"https:\/\/www.claret.cat\/es\/wp-json\/wp\/v2\/media\/1094986"}],"wp:attachment":[{"href":"https:\/\/www.claret.cat\/es\/wp-json\/wp\/v2\/media?parent=196602"}],"wp:term":[{"taxonomy":"product_brand","embeddable":true,"href":"https:\/\/www.claret.cat\/es\/wp-json\/wp\/v2\/product_brand?post=196602"},{"taxonomy":"product_cat","embeddable":true,"href":"https:\/\/www.claret.cat\/es\/wp-json\/wp\/v2\/product_cat?post=196602"},{"taxonomy":"product_tag","embeddable":true,"href":"https:\/\/www.claret.cat\/es\/wp-json\/wp\/v2\/product_tag?post=196602"}],"curies":[{"name":"wp","href":"https:\/\/api.w.org\/{rel}","templated":true}]}}

DIARIO DE CAMPAÑA DE UN MÉDICO DE BATALLÓN

<p>El libro Diario de combate de un médico de batallón de José Luis Cáceres García de Viedma es el conjunto de diarios inéditos que escribió el brigada médico Cáceres durante su estancia en el Frente Norte con la División Azul entre julio de 1941 y septiembre de 1942.<br />Son diarios no retocados con posterioridad a su redacción y en ellos se describe la vida de un médico situado en primera línea de combate, primero con el IIº batallón del regimiento 263 (Vierna) y luego con el IIIer batallón del mismo regimiento Vierna.<br />A lo largo del diario se cuentan los combates en Possad, la bolsa del Volkhoj y las acciones de Sapolje, con “la Avanzadilla” al Norte y “El Dedo” hacia el este, donde fue herido y evacuado hacia puestos médicos de retaguarda el 31 de julio de 1942. Por su defensa épica del frente de &#8216;El dedo&#8217; al frente de su equipo médico y otros efectivos dispersos se le concedió la Cruz de Hierro de 2ª Clase y la Cruz Roja al mérito militar.</p>

<p>CABALLERO JURADO, CARLOS / POYATO GALÁN, JUAN MANUEL</p>

CABALLERO JURADO, CARLOS / POYATO GALÁN, JUAN MANUEL

Rústica

JUAN MANUEL POYATO GALÁN
