{"id":197485,"date":"2022-10-20T08:06:47","date_gmt":"2022-10-20T06:06:47","guid":{"rendered":"http:\/\/dev.claret.cat\/producte\/frankenstein-edicion-anotada-para-cientificos-creadores-y-curiosos-en-general\/"},"modified":"2025-11-17T10:25:29","modified_gmt":"2025-11-17T09:25:29","slug":"frankenstein-edicion-anotada-para-cientificos-creadores-y-curiosos-en-general-9788434427143","status":"publish","type":"product","link":"https:\/\/www.claret.cat\/es\/libro\/frankenstein-edicion-anotada-para-cientificos-creadores-y-curiosos-en-general-9788434427143\/","title":{"rendered":"FRANKENSTEIN. EDICI\u00d3N ANOTADA PARA CIENT\u00cdFICOS, CREADORES Y CURIOSOS EN GENERAL"},"content":{"rendered":"<p>El Frankenstein como nunca lo hab\u00edas le\u00eddo: la ciencia que nos ense\u00f1a una de las obras m\u00e1s estimulantes para el pensamiento.<br \/>El Frankenstein de Mary Shelley ha pervivido en la imaginaci\u00f3n popular durante doscientos a\u00f1os. Iniciado como un relato de fantasmas por una autora intelectualmente y socialmente precoz de dieciocho a\u00f1os, la dram\u00e1tica historia de Victor Frankenstein y su extra\u00f1a criatura puede leerse como la par\u00e1bola definitiva de la arrogancia cient\u00edfica. Esta edici\u00f3n de Frankenstein acompa\u00f1a la versi\u00f3n original de 1818 del manuscrito meticulosamente revisada y corregida l\u00ednea por l\u00ednea por Charles E. Robinson, una de las autoridades m\u00e1s destacadas del mundo en el texto con anotaciones y breves ensayos de estudiosos de primera fila que exploran los aspectos cient\u00edficos, sociales y \u00e9ticos de este maravilloso relato.<\/p>\n","protected":false},"excerpt":{"rendered":"<p>SHELLEY, MARY<\/p>\n","protected":false},"featured_media":1066175,"template":"","meta":{"_acf_changed":false,"om_disable_all_campaigns":false,"rs_blank_template":"","rs_page_bg_color":"","slide_template_v7":"","inline_featured_image":false,"_monsterinsights_skip_tracking":false,"_monsterinsights_sitenote_active":false,"_monsterinsights_sitenote_note":"","_monsterinsights_sitenote_category":0},"product_brand":[],"product_cat":[87,353],"product_tag":[],"class_list":{"0":"post-197485","1":"product","2":"type-product","3":"status-publish","4":"has-post-thumbnail","6":"product_cat-literatura","7":"product_cat-literatura-2_humanidades","9":"first","10":"outofstock","11":"taxable","12":"shipping-taxable","13":"purchasable","14":"product-type-simple"},"acf":{"autor":"SHELLEY, MARY","codart":"843442714","libros-coleccion":"Ariel","ediciones":"1","encuadernacion":"Carton\u00e9","fecha_de_publicacion":"01\/11\/2017","novedad":"1","paginas":"342","subtitulo":"BICENTENARIO 1818-2018","orden":"0","portada":"0","idioma":"spa","editorial":[{"ID":6220,"post_author":"3","post_date":"2022-07-28 17:47:28","post_date_gmt":"2022-07-28 15:47:28","post_content":"","post_title":"Editorial Ariel","post_excerpt":"","post_status":"publish","comment_status":"closed","ping_status":"closed","post_password":"","post_name":"editorial-ariel","to_ping":"","pinged":"","post_modified":"2022-07-28 17:47:28","post_modified_gmt":"2022-07-28 15:47:28","post_content_filtered":"","post_parent":0,"guid":"http:\/\/dev.claret.cat\/editorial\/editorial-ariel\/","menu_order":0,"post_type":"editorial","post_mime_type":"","comment_count":"0","filter":"raw"}],"autores-libros":[{"ID":164378,"post_author":"3","post_date":"2022-10-14 17:46:35","post_date_gmt":"2022-10-14 15:46:35","post_content":"","post_title":"MARY SHELLEY","post_excerpt":"","post_status":"publish","comment_status":"closed","ping_status":"closed","post_password":"","post_name":"mary-shelley","to_ping":"","pinged":"","post_modified":"2022-10-14 17:46:35","post_modified_gmt":"2022-10-14 15:46:35","post_content_filtered":"","post_parent":0,"guid":"http:\/\/dev.claret.cat\/autor\/mary-shelley\/","menu_order":0,"post_type":"autor","post_mime_type":"","comment_count":"0","filter":"raw"}],"booktrailer":"","resenas":""},"aioseo_notices":[],"_links":{"self":[{"href":"https:\/\/www.claret.cat\/es\/wp-json\/wp\/v2\/product\/197485","targetHints":{"allow":["GET"]}}],"collection":[{"href":"https:\/\/www.claret.cat\/es\/wp-json\/wp\/v2\/product"}],"about":[{"href":"https:\/\/www.claret.cat\/es\/wp-json\/wp\/v2\/types\/product"}],"wp:featuredmedia":[{"embeddable":true,"href":"https:\/\/www.claret.cat\/es\/wp-json\/wp\/v2\/media\/1066175"}],"wp:attachment":[{"href":"https:\/\/www.claret.cat\/es\/wp-json\/wp\/v2\/media?parent=197485"}],"wp:term":[{"taxonomy":"product_brand","embeddable":true,"href":"https:\/\/www.claret.cat\/es\/wp-json\/wp\/v2\/product_brand?post=197485"},{"taxonomy":"product_cat","embeddable":true,"href":"https:\/\/www.claret.cat\/es\/wp-json\/wp\/v2\/product_cat?post=197485"},{"taxonomy":"product_tag","embeddable":true,"href":"https:\/\/www.claret.cat\/es\/wp-json\/wp\/v2\/product_tag?post=197485"}],"curies":[{"name":"wp","href":"https:\/\/api.w.org\/{rel}","templated":true}]}}

FRANKENSTEIN. EDICIÓN ANOTADA PARA CIENTÍFICOS, CREADORES Y CURIOSOS EN GENERAL

<p>El Frankenstein como nunca lo habías leído: la ciencia que nos enseña una de las obras más estimulantes para el pensamiento.<br />El Frankenstein de Mary Shelley ha pervivido en la imaginación popular durante doscientos años. Iniciado como un relato de fantasmas por una autora intelectualmente y socialmente precoz de dieciocho años, la dramática historia de Victor Frankenstein y su extraña criatura puede leerse como la parábola definitiva de la arrogancia científica. Esta edición de Frankenstein acompaña la versión original de 1818 del manuscrito meticulosamente revisada y corregida línea por línea por Charles E. Robinson, una de las autoridades más destacadas del mundo en el texto con anotaciones y breves ensayos de estudiosos de primera fila que exploran los aspectos científicos, sociales y éticos de este maravilloso relato.</p>

Cartoné
