{"id":197728,"date":"2022-10-20T08:11:11","date_gmt":"2022-10-20T06:11:11","guid":{"rendered":"http:\/\/dev.claret.cat\/producte\/100-mites-de-la-ciencia\/"},"modified":"2024-04-10T10:30:53","modified_gmt":"2024-04-10T08:30:53","slug":"100-mites-de-la-ciencia-9788490346853","status":"publish","type":"product","link":"https:\/\/www.claret.cat\/es\/libro\/100-mites-de-la-ciencia-9788490346853\/","title":{"rendered":"100 MITES DE LA CI\u00c8NCIA"},"content":{"rendered":"<p>No \u00e9s cert que fem servir \u00fanicament el 10% del cervell, que en lluna plena neixin m\u00e9s criatures, que els estru\u00e7os amaguin el cap sota terra o que l&#8217;aigua de la pica giri al rev\u00e9s a l&#8217;hemisferi sud. Totes aquestes afirmacions s\u00f3n mites guarnits amb aparen\u00e7a de veritats cient\u00edfiques. Com tots els mites, poden tenir gr\u00e0cia i resultar estimulants per a la imaginaci\u00f3, per\u00f2 sempre \u00e9s important saber distingir entre mite i realitat. En aquest recull podem descobrir el que hi ha al darrere de cent d&#8217;aquests mites.<\/p>\n","protected":false},"excerpt":{"rendered":"<p>CLOSA I AUTET, DANIEL<\/p>\n","protected":false},"featured_media":320433,"template":"","meta":{"_acf_changed":false,"om_disable_all_campaigns":false,"rs_blank_template":"","rs_page_bg_color":"","slide_template_v7":"","inline_featured_image":false,"_monsterinsights_skip_tracking":false,"_monsterinsights_sitenote_active":false,"_monsterinsights_sitenote_note":"","_monsterinsights_sitenote_category":0},"product_brand":[],"product_cat":[104,554],"product_tag":[],"class_list":{"0":"post-197728","1":"product","2":"type-product","3":"status-publish","4":"has-post-thumbnail","6":"product_cat-ciencia","7":"product_cat-ciencia-5_otras-spa","9":"first","10":"instock","11":"taxable","12":"shipping-taxable","13":"purchasable","14":"product-type-simple"},"acf":{"autor":"CLOSA I AUTET, DANIEL","codart":"849034685","libros-coleccion":"De 100 en 100","ediciones":"1","encuadernacion":"R\u00fastica","fecha_de_publicacion":"01\/11\/2017","novedad":"0","paginas":"230","subtitulo":"","orden":"0","portada":"0","idioma":"cat","editorial":[{"ID":6171,"post_author":"3","post_date":"2022-07-28 17:46:25","post_date_gmt":"2022-07-28 15:46:25","post_content":"","post_title":"COSSETANIA EDICIONS","post_excerpt":"","post_status":"publish","comment_status":"closed","ping_status":"closed","post_password":"","post_name":"cossetania-edicions","to_ping":"","pinged":"","post_modified":"2022-07-28 17:46:25","post_modified_gmt":"2022-07-28 15:46:25","post_content_filtered":"","post_parent":0,"guid":"http:\/\/dev.claret.cat\/editorial\/cossetania-edicions\/","menu_order":0,"post_type":"editorial","post_mime_type":"","comment_count":"0","filter":"raw"}],"autores-libros":[{"ID":153561,"post_author":"3","post_date":"2022-10-14 14:57:44","post_date_gmt":"2022-10-14 12:57:44","post_content":"","post_title":"DANIEL CLOSA I AUTET","post_excerpt":"","post_status":"publish","comment_status":"closed","ping_status":"closed","post_password":"","post_name":"daniel-closa-i-autet","to_ping":"","pinged":"","post_modified":"2022-10-14 14:57:44","post_modified_gmt":"2022-10-14 12:57:44","post_content_filtered":"","post_parent":0,"guid":"http:\/\/dev.claret.cat\/autor\/daniel-closa-i-autet\/","menu_order":0,"post_type":"autor","post_mime_type":"","comment_count":"0","filter":"raw"}]},"aioseo_notices":[],"_links":{"self":[{"href":"https:\/\/www.claret.cat\/es\/wp-json\/wp\/v2\/product\/197728","targetHints":{"allow":["GET"]}}],"collection":[{"href":"https:\/\/www.claret.cat\/es\/wp-json\/wp\/v2\/product"}],"about":[{"href":"https:\/\/www.claret.cat\/es\/wp-json\/wp\/v2\/types\/product"}],"wp:featuredmedia":[{"embeddable":true,"href":"https:\/\/www.claret.cat\/es\/wp-json\/wp\/v2\/media\/320433"}],"wp:attachment":[{"href":"https:\/\/www.claret.cat\/es\/wp-json\/wp\/v2\/media?parent=197728"}],"wp:term":[{"taxonomy":"product_brand","embeddable":true,"href":"https:\/\/www.claret.cat\/es\/wp-json\/wp\/v2\/product_brand?post=197728"},{"taxonomy":"product_cat","embeddable":true,"href":"https:\/\/www.claret.cat\/es\/wp-json\/wp\/v2\/product_cat?post=197728"},{"taxonomy":"product_tag","embeddable":true,"href":"https:\/\/www.claret.cat\/es\/wp-json\/wp\/v2\/product_tag?post=197728"}],"curies":[{"name":"wp","href":"https:\/\/api.w.org\/{rel}","templated":true}]}}

100 MITES DE LA CIÈNCIA

<p>No és cert que fem servir únicament el 10% del cervell, que en lluna plena neixin més criatures, que els estruços amaguin el cap sota terra o que l&#8217;aigua de la pica giri al revés a l&#8217;hemisferi sud. Totes aquestes afirmacions són mites guarnits amb aparença de veritats científiques. Com tots els mites, poden tenir gràcia i resultar estimulants per a la imaginació, però sempre és important saber distingir entre mite i realitat. En aquest recull podem descobrir el que hi ha al darrere de cent d&#8217;aquests mites.</p>

Rústica
