{"id":198064,"date":"2022-10-20T08:16:57","date_gmt":"2022-10-20T06:16:57","guid":{"rendered":"http:\/\/dev.claret.cat\/producte\/hacia-el-corazon-del-mundo\/"},"modified":"2024-05-23T04:36:59","modified_gmt":"2024-05-23T02:36:59","slug":"hacia-el-corazon-del-mundo-9788491360148","status":"publish","type":"product","link":"https:\/\/www.claret.cat\/es\/libro\/hacia-el-corazon-del-mundo-9788491360148\/","title":{"rendered":"HACIA EL CORAZ\u00d3N DEL MUNDO"},"content":{"rendered":"<p>Hacia el coraz\u00f3n del mundo es un conjunto de textos aparentemente sencillos, pero de una profundidad que emana de una gran virtud: la de saber mirar en el interior de las personas y las cosas para descubrir lo que importa de verdad.<br \/>El Principito afirma que \u00abl\u2019essentiel est invisible aux yeux\u00bb; igual que el protagonista de la obra de Saint-Exup\u00e9ry, Josep M\u00e0ria nos descubre las cosas que son esenciales, y no lo hace impulsado por un simple af\u00e1n de experimentaci\u00f3n o de investigaci\u00f3n cient\u00edfica.<br \/>Le mueve la vocaci\u00f3n de cuidar a los dem\u00e1s porque, detr\u00e1s de cada uno de los setenta escritos que componen este libro, late el deseo de ayudar al lector a vivir intensamente y con esperanza experiencias tan profundas como el amor, el miedo o la p\u00e9rdida de un ser querido.<br \/>Y para hacerlo, se sirve de hechos o de an\u00e9cdotas cotidianas, que se convierten en el punto de partida de reflexiones sobre la justicia, la solidaridad o la espiritualidad.<\/p>\n","protected":false},"excerpt":{"rendered":"<p>M\u00c0RIA I SERRANO, JOSEP F.; SJ<\/p>\n","protected":false},"featured_media":386478,"template":"","meta":{"_acf_changed":false,"om_disable_all_campaigns":false,"rs_blank_template":"","rs_page_bg_color":"","slide_template_v7":"","inline_featured_image":false,"_monsterinsights_skip_tracking":false,"_monsterinsights_sitenote_active":false,"_monsterinsights_sitenote_note":"","_monsterinsights_sitenote_category":0},"product_brand":[],"product_cat":[581,345,79],"product_tag":[],"class_list":{"0":"post-198064","1":"product","2":"type-product","3":"status-publish","4":"has-post-thumbnail","6":"product_cat-editorial-claret","7":"product_cat-espiritualidad","8":"product_cat-espiritualitat","10":"first","11":"instock","12":"taxable","13":"shipping-taxable","14":"purchasable","15":"product-type-simple"},"acf":{"autor":"M\u00c0RIA I SERRANO, JOSEP F.; SJ","codart":"849136014","libros-coleccion":"","ediciones":"1","encuadernacion":"R\u00fastica","fecha_de_publicacion":"19\/10\/2017","novedad":"0","paginas":"230","subtitulo":"","orden":"0","portada":"0","idioma":"spa","editorial":[{"ID":6158,"post_author":"3","post_date":"2022-07-28 17:46:08","post_date_gmt":"2022-07-28 15:46:08","post_content":"","post_title":"CLARET","post_excerpt":"","post_status":"publish","comment_status":"closed","ping_status":"closed","post_password":"","post_name":"claret","to_ping":"","pinged":"","post_modified":"2022-07-28 17:46:08","post_modified_gmt":"2022-07-28 15:46:08","post_content_filtered":"","post_parent":0,"guid":"http:\/\/dev.claret.cat\/editorial\/claret\/","menu_order":0,"post_type":"editorial","post_mime_type":"","comment_count":"0","filter":"raw"}],"autores-libros":[{"ID":5658,"post_author":"3","post_date":"2022-07-28 17:28:43","post_date_gmt":"2022-07-28 15:28:43","post_content":"","post_title":"JOSEP F. M\u00c0RIA I SERRANO, SJ","post_excerpt":"","post_status":"publish","comment_status":"closed","ping_status":"closed","post_password":"","post_name":"josep-f-maria-i-serrano-sj","to_ping":"","pinged":"","post_modified":"2022-07-28 17:28:43","post_modified_gmt":"2022-07-28 15:28:43","post_content_filtered":"","post_parent":0,"guid":"http:\/\/dev.claret.cat\/autor\/josep-f-maria-i-serrano-sj\/","menu_order":0,"post_type":"autor","post_mime_type":"","comment_count":"0","filter":"raw"},{"ID":169599,"post_author":"3","post_date":"2022-10-14 22:28:31","post_date_gmt":"2022-10-14 20:28:31","post_content":"","post_title":"SJ","post_excerpt":"","post_status":"publish","comment_status":"closed","ping_status":"closed","post_password":"","post_name":"sj","to_ping":"","pinged":"","post_modified":"2022-10-14 22:28:31","post_modified_gmt":"2022-10-14 20:28:31","post_content_filtered":"","post_parent":0,"guid":"http:\/\/dev.claret.cat\/autor\/sj\/","menu_order":0,"post_type":"autor","post_mime_type":"","comment_count":"0","filter":"raw"}],"booktrailer":"","linkebook":"","ficha":"849136014_1688652699.pdf","muestra":"","precioebook":"0","presentacion":"","resenas":""},"aioseo_notices":[],"_links":{"self":[{"href":"https:\/\/www.claret.cat\/es\/wp-json\/wp\/v2\/product\/198064","targetHints":{"allow":["GET"]}}],"collection":[{"href":"https:\/\/www.claret.cat\/es\/wp-json\/wp\/v2\/product"}],"about":[{"href":"https:\/\/www.claret.cat\/es\/wp-json\/wp\/v2\/types\/product"}],"wp:featuredmedia":[{"embeddable":true,"href":"https:\/\/www.claret.cat\/es\/wp-json\/wp\/v2\/media\/386478"}],"wp:attachment":[{"href":"https:\/\/www.claret.cat\/es\/wp-json\/wp\/v2\/media?parent=198064"}],"wp:term":[{"taxonomy":"product_brand","embeddable":true,"href":"https:\/\/www.claret.cat\/es\/wp-json\/wp\/v2\/product_brand?post=198064"},{"taxonomy":"product_cat","embeddable":true,"href":"https:\/\/www.claret.cat\/es\/wp-json\/wp\/v2\/product_cat?post=198064"},{"taxonomy":"product_tag","embeddable":true,"href":"https:\/\/www.claret.cat\/es\/wp-json\/wp\/v2\/product_tag?post=198064"}],"curies":[{"name":"wp","href":"https:\/\/api.w.org\/{rel}","templated":true}]}}

HACIA EL CORAZÓN DEL MUNDO

<p>Hacia el corazón del mundo es un conjunto de textos aparentemente sencillos, pero de una profundidad que emana de una gran virtud: la de saber mirar en el interior de las personas y las cosas para descubrir lo que importa de verdad.<br />El Principito afirma que «l’essentiel est invisible aux yeux»; igual que el protagonista de la obra de Saint-Exupéry, Josep Mària nos descubre las cosas que son esenciales, y no lo hace impulsado por un simple afán de experimentación o de investigación científica.<br />Le mueve la vocación de cuidar a los demás porque, detrás de cada uno de los setenta escritos que componen este libro, late el deseo de ayudar al lector a vivir intensamente y con esperanza experiencias tan profundas como el amor, el miedo o la pérdida de un ser querido.<br />Y para hacerlo, se sirve de hechos o de anécdotas cotidianas, que se convierten en el punto de partida de reflexiones sobre la justicia, la solidaridad o la espiritualidad.</p>

<p>MÀRIA I SERRANO, JOSEP F.; SJ</p>

MÀRIA I SERRANO, JOSEP F.; SJ

Rústica

JOSEP F. MÀRIA I SERRANO, SJ
