{"id":198301,"date":"2022-10-20T08:21:49","date_gmt":"2022-10-20T06:21:49","guid":{"rendered":"http:\/\/dev.claret.cat\/producte\/tho-explico-a-la-cuina-2\/"},"modified":"2026-04-07T11:18:00","modified_gmt":"2026-04-07T09:18:00","slug":"tho-explico-a-la-cuina-9788448849320","status":"publish","type":"product","link":"https:\/\/www.claret.cat\/es\/libro\/tho-explico-a-la-cuina-9788448849320\/","title":{"rendered":"T&#8217;HO EXPLICO A LA CUINA"},"content":{"rendered":"<p>A T&#8217;ho explico a la cuina, Ferran Adri\u00e0 et descobreix tot el que necessites saber sobre gastronomia i t&#8217;ofereix m\u00e9s de 60 receptes f\u00e0cils, creatives i molt m\u00e0giques per elaborar en fam\u00edlia. \u00abPel cam\u00ed hem apr\u00e8s que cal &#8216;menjar coneixement per alimentar la  creativitat&#8217;, que el coneixement \u00e9s la &#8216;gasolina&#8217; de la imaginaci\u00f3: com m\u00e9s coneixement, m\u00e9s lluny arriben i m\u00e9s lliures s\u00f3n totes dues. El que passa \u00e9s que cada vegada que fas un viatge pels camins de la imaginaci\u00f3  \u00e9s gaireb\u00e9 impossible no ensopegar amb els personatges i els mons de Disney, Marvel, Pixar i Star Wars.\u00bb<\/p>\n","protected":false},"excerpt":{"rendered":"<p>FERRAN ADRI\u00c0<\/p>\n","protected":false},"featured_media":1094923,"template":"","meta":{"_acf_changed":false,"om_disable_all_campaigns":false,"rs_blank_template":"","rs_page_bg_color":"","slide_template_v7":"","inline_featured_image":false,"_monsterinsights_skip_tracking":false,"_monsterinsights_sitenote_active":false,"_monsterinsights_sitenote_note":"","_monsterinsights_sitenote_category":0},"product_brand":[],"product_cat":[553,103],"product_tag":[],"class_list":{"0":"post-198301","1":"product","2":"type-product","3":"status-publish","4":"has-post-thumbnail","6":"product_cat-cocina","7":"product_cat-cuina","9":"first","10":"outofstock","11":"taxable","12":"shipping-taxable","13":"purchasable","14":"product-type-simple"},"acf":{"autor":"FERRAN ADRI\u00c0","codart":"844884932","libros-coleccion":"FORA DE COL.LECCI\u00d3","ediciones":"1","encuadernacion":"R\u00fastica","fecha_de_publicacion":"01\/10\/2017","novedad":"0","paginas":"296","subtitulo":"","orden":"0","portada":"0","idioma":"cat","editorial":[{"ID":6141,"post_author":"3","post_date":"2022-07-28 17:45:46","post_date_gmt":"2022-07-28 15:45:46","post_content":"","post_title":"BEASCOA","post_excerpt":"","post_status":"publish","comment_status":"closed","ping_status":"closed","post_password":"","post_name":"beascoa","to_ping":"","pinged":"","post_modified":"2022-07-28 17:45:46","post_modified_gmt":"2022-07-28 15:45:46","post_content_filtered":"","post_parent":0,"guid":"http:\/\/dev.claret.cat\/editorial\/beascoa\/","menu_order":0,"post_type":"editorial","post_mime_type":"","comment_count":"0","filter":"raw"}],"autores-libros":[{"ID":155885,"post_author":"3","post_date":"2022-10-14 15:16:24","post_date_gmt":"2022-10-14 13:16:24","post_content":"","post_title":"FERRAN ADRIA","post_excerpt":"","post_status":"publish","comment_status":"closed","ping_status":"closed","post_password":"","post_name":"ferran-adria-2","to_ping":"","pinged":"","post_modified":"2022-10-14 15:16:24","post_modified_gmt":"2022-10-14 13:16:24","post_content_filtered":"","post_parent":0,"guid":"http:\/\/dev.claret.cat\/autor\/ferran-adria-2\/","menu_order":0,"post_type":"autor","post_mime_type":"","comment_count":"0","filter":"raw"}],"booktrailer":"","resenas":""},"aioseo_notices":[],"_links":{"self":[{"href":"https:\/\/www.claret.cat\/es\/wp-json\/wp\/v2\/product\/198301","targetHints":{"allow":["GET"]}}],"collection":[{"href":"https:\/\/www.claret.cat\/es\/wp-json\/wp\/v2\/product"}],"about":[{"href":"https:\/\/www.claret.cat\/es\/wp-json\/wp\/v2\/types\/product"}],"wp:featuredmedia":[{"embeddable":true,"href":"https:\/\/www.claret.cat\/es\/wp-json\/wp\/v2\/media\/1094923"}],"wp:attachment":[{"href":"https:\/\/www.claret.cat\/es\/wp-json\/wp\/v2\/media?parent=198301"}],"wp:term":[{"taxonomy":"product_brand","embeddable":true,"href":"https:\/\/www.claret.cat\/es\/wp-json\/wp\/v2\/product_brand?post=198301"},{"taxonomy":"product_cat","embeddable":true,"href":"https:\/\/www.claret.cat\/es\/wp-json\/wp\/v2\/product_cat?post=198301"},{"taxonomy":"product_tag","embeddable":true,"href":"https:\/\/www.claret.cat\/es\/wp-json\/wp\/v2\/product_tag?post=198301"}],"curies":[{"name":"wp","href":"https:\/\/api.w.org\/{rel}","templated":true}]}}

<p>A T&#8217;ho explico a la cuina, Ferran Adrià et descobreix tot el que necessites saber sobre gastronomia i t&#8217;ofereix més de 60 receptes fàcils, creatives i molt màgiques per elaborar en família. «Pel camí hem après que cal &#8216;menjar coneixement per alimentar la  creativitat&#8217;, que el coneixement és la &#8216;gasolina&#8217; de la imaginació: com més coneixement, més lluny arriben i més lliures són totes dues. El que passa és que cada vegada que fas un viatge pels camins de la imaginació  és gairebé impossible no ensopegar amb els personatges i els mons de Disney, Marvel, Pixar i Star Wars.»</p>

<p>FERRAN ADRIÀ</p>

FERRAN ADRIÀ

FORA DE COL.LECCIÓ

Rústica
