{"id":199297,"date":"2022-10-20T08:38:33","date_gmt":"2022-10-20T06:38:33","guid":{"rendered":"http:\/\/dev.claret.cat\/producte\/preparando-el-adviento-y-la-navidad\/"},"modified":"2025-05-23T12:45:59","modified_gmt":"2025-05-23T10:45:59","slug":"preparando-el-adviento-y-la-navidad-9788490234686","status":"publish","type":"product","link":"https:\/\/www.claret.cat\/es\/libro\/preparando-el-adviento-y-la-navidad-9788490234686\/","title":{"rendered":"PREPARANDO EL ADVIENTO Y LA NAVIDAD"},"content":{"rendered":"<p>El tiempo de Adviento es una oportunidad que nos da la Iglesia para aproximarnos m\u00e1s a Jesucristo a trav\u00e9s de los textos b\u00edblicos que la liturgia nos ofrece. Es adem\u00e1s un momento especial para preparar el coraz\u00f3n de nuestros peque\u00f1os a la acogida de Dios que se acerca en Jes\u00fas.  Esta obra se presenta como una herramienta, un recurso catequ\u00e9tico y did\u00e1ctico que puede facilitar a catequistas y profesores de Religi\u00f3n su labor. A trav\u00e9s de cuentos, actividades y oraciones, que tienen como referencia la Palabra de Dios, se pretende guiar y modelar los corazones para que vayan dejando que Jesucristo cale en ellos hasta lo m\u00e1s hondo, y se dejen hacer por \u00e9l.  En medio de una sociedad consumista, se invita a trabajar el desprendimiento. Es un reto, pues el ambiente general que se respira en la proximidad de la Navidad va en otro camino, pero el mensaje de Jes\u00fas es n\u00edtido. \u00c9l nace en pobre portal porque no le dejan sitio. Nace en las afueras de una ciudad. En las afueras de otra ciudad ser\u00e1 crucificado.<\/p>\n","protected":false},"excerpt":{"rendered":"<p>REAL NAVARRO, JOS\u00c9<\/p>\n","protected":false},"featured_media":1023388,"template":"","meta":{"_acf_changed":false,"om_disable_all_campaigns":false,"rs_blank_template":"","rs_page_bg_color":"","slide_template_v7":"","inline_featured_image":false,"_monsterinsights_skip_tracking":false,"_monsterinsights_sitenote_active":false,"_monsterinsights_sitenote_note":"","_monsterinsights_sitenote_category":0},"product_brand":[],"product_cat":[346,80,344,78],"product_tag":[],"class_list":{"0":"post-199297","1":"product","2":"type-product","3":"status-publish","4":"has-post-thumbnail","6":"product_cat-libros-liturgia","7":"product_cat-liturgia","8":"product_cat-pastoral-1_espiritualidad","9":"product_cat-pastoral","11":"first","12":"outofstock","13":"taxable","14":"shipping-taxable","15":"purchasable","16":"product-type-simple"},"acf":{"autor":"REAL NAVARRO, JOS\u00c9","codart":"849023468","libros-coleccion":"Recursos de Pastoral","ediciones":"1","encuadernacion":"R\u00fastica","fecha_de_publicacion":"01\/10\/2017","novedad":"1","paginas":"70","subtitulo":"RECURSOS PARA FOMENTAR EL COMPROMISO CRISTIANO CON NI\u00d1OS Y NI\u00d1AS DE 7 A 11 A\u00d1OS","orden":"0","portada":"0","idioma":"spa","editorial":[{"ID":147611,"post_author":"3","post_date":"2022-10-14 11:51:54","post_date_gmt":"2022-10-14 09:51:54","post_content":"","post_title":"CCS EDITORIAL","post_excerpt":"","post_status":"publish","comment_status":"closed","ping_status":"closed","post_password":"","post_name":"ccs-editorial","to_ping":"","pinged":"","post_modified":"2022-10-14 11:51:54","post_modified_gmt":"2022-10-14 09:51:54","post_content_filtered":"","post_parent":0,"guid":"http:\/\/dev.claret.cat\/editorial\/ccs-editorial\/","menu_order":0,"post_type":"editorial","post_mime_type":"","comment_count":"0","filter":"raw"}],"autores-libros":[{"ID":160569,"post_author":"3","post_date":"2022-10-14 15:54:08","post_date_gmt":"2022-10-14 13:54:08","post_content":"","post_title":"JOSE REAL NAVARRO","post_excerpt":"","post_status":"publish","comment_status":"closed","ping_status":"closed","post_password":"","post_name":"jose-real-navarro","to_ping":"","pinged":"","post_modified":"2022-10-14 15:54:08","post_modified_gmt":"2022-10-14 13:54:08","post_content_filtered":"","post_parent":0,"guid":"http:\/\/dev.claret.cat\/autor\/jose-real-navarro\/","menu_order":0,"post_type":"autor","post_mime_type":"","comment_count":"0","filter":"raw"}],"booktrailer":"","resenas":""},"aioseo_notices":[],"_links":{"self":[{"href":"https:\/\/www.claret.cat\/es\/wp-json\/wp\/v2\/product\/199297","targetHints":{"allow":["GET"]}}],"collection":[{"href":"https:\/\/www.claret.cat\/es\/wp-json\/wp\/v2\/product"}],"about":[{"href":"https:\/\/www.claret.cat\/es\/wp-json\/wp\/v2\/types\/product"}],"wp:featuredmedia":[{"embeddable":true,"href":"https:\/\/www.claret.cat\/es\/wp-json\/wp\/v2\/media\/1023388"}],"wp:attachment":[{"href":"https:\/\/www.claret.cat\/es\/wp-json\/wp\/v2\/media?parent=199297"}],"wp:term":[{"taxonomy":"product_brand","embeddable":true,"href":"https:\/\/www.claret.cat\/es\/wp-json\/wp\/v2\/product_brand?post=199297"},{"taxonomy":"product_cat","embeddable":true,"href":"https:\/\/www.claret.cat\/es\/wp-json\/wp\/v2\/product_cat?post=199297"},{"taxonomy":"product_tag","embeddable":true,"href":"https:\/\/www.claret.cat\/es\/wp-json\/wp\/v2\/product_tag?post=199297"}],"curies":[{"name":"wp","href":"https:\/\/api.w.org\/{rel}","templated":true}]}}

<p>El tiempo de Adviento es una oportunidad que nos da la Iglesia para aproximarnos más a Jesucristo a través de los textos bíblicos que la liturgia nos ofrece. Es además un momento especial para preparar el corazón de nuestros pequeños a la acogida de Dios que se acerca en Jesús.  Esta obra se presenta como una herramienta, un recurso catequético y didáctico que puede facilitar a catequistas y profesores de Religión su labor. A través de cuentos, actividades y oraciones, que tienen como referencia la Palabra de Dios, se pretende guiar y modelar los corazones para que vayan dejando que Jesucristo cale en ellos hasta lo más hondo, y se dejen hacer por él.  En medio de una sociedad consumista, se invita a trabajar el desprendimiento. Es un reto, pues el ambiente general que se respira en la proximidad de la Navidad va en otro camino, pero el mensaje de Jesús es nítido. Él nace en pobre portal porque no le dejan sitio. Nace en las afueras de una ciudad. En las afueras de otra ciudad será crucificado.</p>

<p>REAL NAVARRO, JOSÉ</p>

REAL NAVARRO, JOSÉ

Rústica

RECURSOS PARA FOMENTAR EL COMPROMISO CRISTIANO CON NIÑOS Y NIÑAS DE 7 A 11 AÑOS
