{"id":199726,"date":"2022-10-20T08:46:16","date_gmt":"2022-10-20T06:46:16","guid":{"rendered":"http:\/\/dev.claret.cat\/producte\/johan-cruyff-14-lautobiografia\/"},"modified":"2024-01-31T19:00:11","modified_gmt":"2024-01-31T18:00:11","slug":"johan-cruyff-14-lautobiografia-9788417031305","status":"publish","type":"product","link":"https:\/\/www.claret.cat\/es\/libro\/johan-cruyff-14-lautobiografia-9788417031305\/","title":{"rendered":"JOHAN CRUYFF 14 . L&#8217;AUTOBIOGRAFIA"},"content":{"rendered":"<p>Considerat una de les figures essencials de la hist\u00f2ria del futbol, l&#8217;estil i la filosofia de Johan Cruyff han influ\u00eft en entrenadors i jugadors de la talla de Pep Guardiola, Ars\u00e8ne Wenger, \u00c9ric Cantona i Xavi. Els \u00e8xits recents del futbol, tant en l&#8217;\u00e0mbit dels clubs com en l&#8217;\u00e0mbit internacional, han estat considerats per molta gent com el resultat evident de l&#8217;impacte de Cruyff en el futbol contemporani. A 14. L&#8217;autobiografia, Cruyff ens explica la seva hist\u00f2ria personal i professional i ens revela la fi losofi a que va definir el seu joc i que tant ha marcat generacions de futbolistes, entrenadors i seguidors.<\/p>\n<p>\u00abUna vegada em van preguntar com m&#8217;agradaria que em recordessin d&#8217;aqu\u00ed a cent anys. Per sort, no cal que em preocupi per aquest tema perqu\u00e8 ja no hi ser\u00e9. Per\u00f2 si hagu\u00e9s de donar una resposta, podria ser de l&#8217;estil de com un esportista responsable. Si em valoressin solament com a futbolista, nom\u00e9s tindrien en compte quinze o vint anys de la meva vida, i sincerament, em sembla massa limitat. El talent futbol\u00edstic me l&#8217;ha donat D\u00e9u. Jo no vaig haver de fer res per aconseguir-lo. Aix\u00f2 significa que vaig jugar una mica i vaig fer exactament el que volia fer. Mentre altres deien Me&#8217;n vaig a treballar, jo anava a jugar a futbol. Vaig tenir aquesta sort\u00bb.\u00a0\u00abEl llenguatge de Cruyff \u00e9s tan universal com la seva l\u00f2gica, aix\u00ed que la seva obra transcendeix la seva persona fins a convertir-se en una religi\u00f3 amb una arma inofensiva: s&#8217;explica a partir d&#8217;una pilota i d&#8217;un rondo, de la mateixa manera que el joc dep\u00e8n d&#8217;un cent\u00edmetre i d&#8217;un segon, com es pot veure a cada partit del Bar\u00e7a. El cruyffisme est\u00e0 m\u00e9s est\u00e8s que mai des que Cruyff no hi \u00e9s. No hi ha un entrenador m\u00e9s cruyffista que Guardiola. Fins i tot Messi llan\u00e7a els penals com Cruyff\u00bb. Ramon Besa, El Pa\u00eds<\/p>\n","protected":false},"excerpt":{"rendered":"<p>CRUYFF, JOHAN<\/p>\n","protected":false},"featured_media":199727,"template":"","meta":{"_acf_changed":false,"om_disable_all_campaigns":false,"rs_blank_template":"","rs_page_bg_color":"","slide_template_v7":"","inline_featured_image":false,"_monsterinsights_skip_tracking":false,"_monsterinsights_sitenote_active":false,"_monsterinsights_sitenote_note":"","_monsterinsights_sitenote_category":0},"product_brand":[],"product_cat":[549,99],"product_tag":[],"class_list":{"0":"post-199726","1":"product","2":"type-product","3":"status-publish","4":"has-post-thumbnail","6":"product_cat-biografias","7":"product_cat-biografies","9":"first","10":"instock","11":"taxable","12":"shipping-taxable","13":"purchasable","14":"product-type-simple"},"acf":{"autor":"CRUYFF, JOHAN","codart":"841703130","libros-coleccion":"FORA DE COL.LECCI\u00d3","ediciones":"1","encuadernacion":"R\u00fastica","fecha_de_publicacion":"01\/10\/2017","novedad":"1","paginas":"317","subtitulo":"","orden":"0","portada":"0","idioma":"spa","editorial":[{"ID":6281,"post_author":"3","post_date":"2022-07-28 17:48:50","post_date_gmt":"2022-07-28 15:48:50","post_content":"","post_title":"LABUTXACA","post_excerpt":"","post_status":"publish","comment_status":"closed","ping_status":"closed","post_password":"","post_name":"labutxaca","to_ping":"","pinged":"","post_modified":"2022-07-28 17:48:50","post_modified_gmt":"2022-07-28 15:48:50","post_content_filtered":"","post_parent":0,"guid":"http:\/\/dev.claret.cat\/editorial\/labutxaca\/","menu_order":0,"post_type":"editorial","post_mime_type":"","comment_count":"0","filter":"raw"}],"autores-libros":[{"ID":424221,"post_author":"3","post_date":"2023-05-16 07:56:01","post_date_gmt":"2023-05-16 05:56:01","post_content":"","post_title":"JOHAN CRUYFF","post_excerpt":"","post_status":"publish","comment_status":"closed","ping_status":"closed","post_password":"","post_name":"johan-cruyff","to_ping":"","pinged":"","post_modified":"2023-05-16 07:56:01","post_modified_gmt":"2023-05-16 05:56:01","post_content_filtered":"","post_parent":0,"guid":"https:\/\/www.claret.cat\/autor\/johan-cruyff\/","menu_order":0,"post_type":"autor","post_mime_type":"","comment_count":"0","filter":"raw"}]},"aioseo_notices":[],"_links":{"self":[{"href":"https:\/\/www.claret.cat\/es\/wp-json\/wp\/v2\/product\/199726","targetHints":{"allow":["GET"]}}],"collection":[{"href":"https:\/\/www.claret.cat\/es\/wp-json\/wp\/v2\/product"}],"about":[{"href":"https:\/\/www.claret.cat\/es\/wp-json\/wp\/v2\/types\/product"}],"wp:featuredmedia":[{"embeddable":true,"href":"https:\/\/www.claret.cat\/es\/wp-json\/wp\/v2\/media\/199727"}],"wp:attachment":[{"href":"https:\/\/www.claret.cat\/es\/wp-json\/wp\/v2\/media?parent=199726"}],"wp:term":[{"taxonomy":"product_brand","embeddable":true,"href":"https:\/\/www.claret.cat\/es\/wp-json\/wp\/v2\/product_brand?post=199726"},{"taxonomy":"product_cat","embeddable":true,"href":"https:\/\/www.claret.cat\/es\/wp-json\/wp\/v2\/product_cat?post=199726"},{"taxonomy":"product_tag","embeddable":true,"href":"https:\/\/www.claret.cat\/es\/wp-json\/wp\/v2\/product_tag?post=199726"}],"curies":[{"name":"wp","href":"https:\/\/api.w.org\/{rel}","templated":true}]}}

<p>Considerat una de les figures essencials de la història del futbol, l&#8217;estil i la filosofia de Johan Cruyff han influït en entrenadors i jugadors de la talla de Pep Guardiola, Arsène Wenger, Éric Cantona i Xavi. Els èxits recents del futbol, tant en l&#8217;àmbit dels clubs com en l&#8217;àmbit internacional, han estat considerats per molta gent com el resultat evident de l&#8217;impacte de Cruyff en el futbol contemporani. A 14. L&#8217;autobiografia, Cruyff ens explica la seva història personal i professional i ens revela la fi losofi a que va definir el seu joc i que tant ha marcat generacions de futbolistes, entrenadors i seguidors.</p>
<p>«Una vegada em van preguntar com m&#8217;agradaria que em recordessin d&#8217;aquí a cent anys. Per sort, no cal que em preocupi per aquest tema perquè ja no hi seré. Però si hagués de donar una resposta, podria ser de l&#8217;estil de com un esportista responsable. Si em valoressin solament com a futbolista, només tindrien en compte quinze o vint anys de la meva vida, i sincerament, em sembla massa limitat. El talent futbolístic me l&#8217;ha donat Déu. Jo no vaig haver de fer res per aconseguir-lo. Això significa que vaig jugar una mica i vaig fer exactament el que volia fer. Mentre altres deien Me&#8217;n vaig a treballar, jo anava a jugar a futbol. Vaig tenir aquesta sort». «El llenguatge de Cruyff és tan universal com la seva lògica, així que la seva obra transcendeix la seva persona fins a convertir-se en una religió amb una arma inofensiva: s&#8217;explica a partir d&#8217;una pilota i d&#8217;un rondo, de la mateixa manera que el joc depèn d&#8217;un centímetre i d&#8217;un segon, com es pot veure a cada partit del Barça. El cruyffisme està més estès que mai des que Cruyff no hi és. No hi ha un entrenador més cruyffista que Guardiola. Fins i tot Messi llança els penals com Cruyff». Ramon Besa, El País</p>

FORA DE COL.LECCIÓ

Rústica
