{"id":202497,"date":"2022-10-20T09:33:24","date_gmt":"2022-10-20T07:33:24","guid":{"rendered":"http:\/\/dev.claret.cat\/producte\/les-lleis-naturals-del-nen\/"},"modified":"2023-01-28T02:42:20","modified_gmt":"2023-01-28T01:42:20","slug":"les-lleis-naturals-del-nen-9788416601455","status":"publish","type":"product","link":"https:\/\/www.claret.cat\/es\/libro\/les-lleis-naturals-del-nen-9788416601455\/","title":{"rendered":"LES LLEIS NATURALS DEL NEN"},"content":{"rendered":"<p>El nen neix precablejat per aprendre i estimar. Dia a dia la neuroci\u00e8ncia ens revela nous aspectes del seu immens potencial. Per manca d&#8217;informaci\u00f3, per\u00f2, li imposem un sistema educatiu inadequat que frena el seu aprenentatge i la seva autonomia i no estimula la seva bondat innata. C\u00e9line Alvarez va fer un experiment en un centre de parvulari de nens socialment desafavorits a Fran\u00e7a amb un prop\u00f2sit molt clar: respectar les \u00ablleis naturals del nen\u00bb. Els resultats van ser espectaculars: al final del segon any, tots els nens de 4 i 5 anys eren lectors, mostraven unes compet\u00e8ncies excel\u00b7lents en matem\u00e0tiques i, el m\u00e9s important de tot, havien desenvolupat unes qualitats morals i socials extraordin\u00e0ries. Aquest llibre pioner presenta una altra manera de veure el nen i de concebre l&#8217;educaci\u00f3, tant a casa com a l&#8217;escola, basada en els principis cient\u00edfics que marquen el seu aprenentatge i el seu creixement. C\u00e9line Alvarez comparteix la seva experi\u00e8ncia i les activitats que poden ajudar els nens a desenvolupar el seu potencial i ens explica quina ha de ser la postura de l&#8217;adult en aquest proc\u00e9s.<\/p>\n","protected":false},"excerpt":{"rendered":"<p>ALVAREZ, C\u00c9LINE<\/p>\n","protected":false},"featured_media":202498,"template":"","meta":{"_acf_changed":false,"om_disable_all_campaigns":false,"rs_blank_template":"","rs_page_bg_color":"","slide_template_v7":"","inline_featured_image":false,"_monsterinsights_skip_tracking":false,"_monsterinsights_sitenote_active":false,"_monsterinsights_sitenote_note":"","_monsterinsights_sitenote_category":0},"product_brand":[],"product_cat":[100,82],"product_tag":[],"class_list":{"0":"post-202497","1":"product","2":"type-product","3":"status-publish","4":"has-post-thumbnail","6":"product_cat-escola-de-pares","7":"product_cat-pedagogia","9":"first","10":"instock","11":"taxable","12":"shipping-taxable","13":"purchasable","14":"product-type-simple"},"acf":{"autor":"ALVAREZ, C\u00c9LINE","codart":"841660145","libros-coleccion":"","ediciones":"1","encuadernacion":"R\u00fastica","fecha_de_publicacion":"01\/09\/2017","novedad":"1","paginas":"0","subtitulo":"LA REVOLUCI\u00d3 DE L''EDUCACI\u00d3 A L'ESCOLA I A CASA","orden":"0","portada":"0","idioma":"cat","editorial":[{"ID":6127,"post_author":"3","post_date":"2022-07-28 17:45:28","post_date_gmt":"2022-07-28 15:45:28","post_content":"","post_title":"ARPA EDITORES","post_excerpt":"","post_status":"publish","comment_status":"closed","ping_status":"closed","post_password":"","post_name":"arpa-editores","to_ping":"","pinged":"","post_modified":"2022-07-28 17:45:28","post_modified_gmt":"2022-07-28 15:45:28","post_content_filtered":"","post_parent":0,"guid":"http:\/\/dev.claret.cat\/editorial\/arpa-editores\/","menu_order":0,"post_type":"editorial","post_mime_type":"","comment_count":"0","filter":"raw"}],"autores-libros":[{"ID":152679,"post_author":"3","post_date":"2022-10-14 14:50:42","post_date_gmt":"2022-10-14 12:50:42","post_content":"","post_title":"C\u00c9LINE ALVAREZ","post_excerpt":"","post_status":"publish","comment_status":"closed","ping_status":"closed","post_password":"","post_name":"celine-alvarez","to_ping":"","pinged":"","post_modified":"2022-10-14 14:50:42","post_modified_gmt":"2022-10-14 12:50:42","post_content_filtered":"","post_parent":0,"guid":"http:\/\/dev.claret.cat\/autor\/celine-alvarez\/","menu_order":0,"post_type":"autor","post_mime_type":"","comment_count":"0","filter":"raw"}]},"aioseo_notices":[],"_links":{"self":[{"href":"https:\/\/www.claret.cat\/es\/wp-json\/wp\/v2\/product\/202497","targetHints":{"allow":["GET"]}}],"collection":[{"href":"https:\/\/www.claret.cat\/es\/wp-json\/wp\/v2\/product"}],"about":[{"href":"https:\/\/www.claret.cat\/es\/wp-json\/wp\/v2\/types\/product"}],"wp:featuredmedia":[{"embeddable":true,"href":"https:\/\/www.claret.cat\/es\/wp-json\/wp\/v2\/media\/202498"}],"wp:attachment":[{"href":"https:\/\/www.claret.cat\/es\/wp-json\/wp\/v2\/media?parent=202497"}],"wp:term":[{"taxonomy":"product_brand","embeddable":true,"href":"https:\/\/www.claret.cat\/es\/wp-json\/wp\/v2\/product_brand?post=202497"},{"taxonomy":"product_cat","embeddable":true,"href":"https:\/\/www.claret.cat\/es\/wp-json\/wp\/v2\/product_cat?post=202497"},{"taxonomy":"product_tag","embeddable":true,"href":"https:\/\/www.claret.cat\/es\/wp-json\/wp\/v2\/product_tag?post=202497"}],"curies":[{"name":"wp","href":"https:\/\/api.w.org\/{rel}","templated":true}]}}

<p>El nen neix precablejat per aprendre i estimar. Dia a dia la neurociència ens revela nous aspectes del seu immens potencial. Per manca d&#8217;informació, però, li imposem un sistema educatiu inadequat que frena el seu aprenentatge i la seva autonomia i no estimula la seva bondat innata. Céline Alvarez va fer un experiment en un centre de parvulari de nens socialment desafavorits a França amb un propòsit molt clar: respectar les «lleis naturals del nen». Els resultats van ser espectaculars: al final del segon any, tots els nens de 4 i 5 anys eren lectors, mostraven unes competències excel·lents en matemàtiques i, el més important de tot, havien desenvolupat unes qualitats morals i socials extraordinàries. Aquest llibre pioner presenta una altra manera de veure el nen i de concebre l&#8217;educació, tant a casa com a l&#8217;escola, basada en els principis científics que marquen el seu aprenentatge i el seu creixement. Céline Alvarez comparteix la seva experiència i les activitats que poden ajudar els nens a desenvolupar el seu potencial i ens explica quina ha de ser la postura de l&#8217;adult en aquest procés.</p>

<p>ALVAREZ, CÉLINE</p>

ALVAREZ, CÉLINE

Rústica

LA REVOLUCIÓ DE L''EDUCACIÓ A L'ESCOLA I A CASA

CÉLINE ALVAREZ
