{"id":207970,"date":"2022-10-20T11:09:10","date_gmt":"2022-10-20T09:09:10","guid":{"rendered":"http:\/\/dev.claret.cat\/producte\/elecciones\/"},"modified":"2023-01-28T11:31:56","modified_gmt":"2023-01-28T10:31:56","slug":"elecciones-9788466661393","status":"publish","type":"product","link":"https:\/\/www.claret.cat\/es\/libro\/elecciones-9788466661393\/","title":{"rendered":"\u00a1ELECCIONES!"},"content":{"rendered":"<p>En \u00a1Elecciones!, Mortadelo y Filem\u00f3n se presentan a las elecciones generales por el PARTIDO MORTADELISTA FILEMONERO ESPA\u00d1OL, e intentar\u00e1n conseguir que sus compa\u00f1eros de la T.I.A. se unan a ellos, pero estos a la vez, han decidido presentarse a las elecciones, cada uno por un partido pol\u00edtico distinto. No ser\u00e1 tarea sencilla, ya que han de competir con los m\u00e1s famosos pol\u00edticos del pa\u00eds.<br \/> En El otro yo del profesor Bacterio, Mortadelo y Filem\u00f3n buscar\u00e1n al reputado cient\u00edfico de la T.I.A., que tras tomar uno de sus brebajes se ha convertido en un aut\u00e9ntico v\u00e1ndalo que se dedica a hacer de las suyas por la ciudad.<br \/> Incluidas las secciones habituales: La cinemateca de la T.I.A., Los archivos secretos \u00a1y muchas cosas m\u00e1s!<\/p>\n","protected":false},"excerpt":{"rendered":"<p>IB\u00c1\u00d1EZ TALAVERA, FRANCISCO<\/p>\n","protected":false},"featured_media":207971,"template":"","meta":{"_acf_changed":false,"om_disable_all_campaigns":false,"rs_blank_template":"","rs_page_bg_color":"","slide_template_v7":"","inline_featured_image":false,"_monsterinsights_skip_tracking":false,"_monsterinsights_sitenote_active":false,"_monsterinsights_sitenote_note":"","_monsterinsights_sitenote_category":0},"product_brand":[],"product_cat":[108],"product_tag":[],"class_list":{"0":"post-207970","1":"product","2":"type-product","3":"status-publish","4":"has-post-thumbnail","6":"product_cat-comic","8":"first","9":"instock","10":"taxable","11":"shipping-taxable","12":"purchasable","13":"product-type-simple"},"acf":{"autor":"IB\u00c1\u00d1EZ TALAVERA, FRANCISCO","codart":"846666139","libros-coleccion":"SUSHI BOOKS","ediciones":"1","encuadernacion":"R\u00fastica","fecha_de_publicacion":"01\/06\/2017","novedad":"1","paginas":"108","subtitulo":"","orden":"0","portada":"0","idioma":"spa"},"aioseo_notices":[],"_links":{"self":[{"href":"https:\/\/www.claret.cat\/es\/wp-json\/wp\/v2\/product\/207970","targetHints":{"allow":["GET"]}}],"collection":[{"href":"https:\/\/www.claret.cat\/es\/wp-json\/wp\/v2\/product"}],"about":[{"href":"https:\/\/www.claret.cat\/es\/wp-json\/wp\/v2\/types\/product"}],"wp:featuredmedia":[{"embeddable":true,"href":"https:\/\/www.claret.cat\/es\/wp-json\/wp\/v2\/media\/207971"}],"wp:attachment":[{"href":"https:\/\/www.claret.cat\/es\/wp-json\/wp\/v2\/media?parent=207970"}],"wp:term":[{"taxonomy":"product_brand","embeddable":true,"href":"https:\/\/www.claret.cat\/es\/wp-json\/wp\/v2\/product_brand?post=207970"},{"taxonomy":"product_cat","embeddable":true,"href":"https:\/\/www.claret.cat\/es\/wp-json\/wp\/v2\/product_cat?post=207970"},{"taxonomy":"product_tag","embeddable":true,"href":"https:\/\/www.claret.cat\/es\/wp-json\/wp\/v2\/product_tag?post=207970"}],"curies":[{"name":"wp","href":"https:\/\/api.w.org\/{rel}","templated":true}]}}

<p>En ¡Elecciones!, Mortadelo y Filemón se presentan a las elecciones generales por el PARTIDO MORTADELISTA FILEMONERO ESPAÑOL, e intentarán conseguir que sus compañeros de la T.I.A. se unan a ellos, pero estos a la vez, han decidido presentarse a las elecciones, cada uno por un partido político distinto. No será tarea sencilla, ya que han de competir con los más famosos políticos del país.<br /> En El otro yo del profesor Bacterio, Mortadelo y Filemón buscarán al reputado científico de la T.I.A., que tras tomar uno de sus brebajes se ha convertido en un auténtico vándalo que se dedica a hacer de las suyas por la ciudad.<br /> Incluidas las secciones habituales: La cinemateca de la T.I.A., Los archivos secretos ¡y muchas cosas más!</p>

<p>IBÁÑEZ TALAVERA, FRANCISCO</p>

IBÁÑEZ TALAVERA, FRANCISCO

Rústica
