{"id":210100,"date":"2022-10-20T11:48:02","date_gmt":"2022-10-20T09:48:02","guid":{"rendered":"http:\/\/dev.claret.cat\/producte\/la-quinta-estacion\/"},"modified":"2023-01-28T17:33:21","modified_gmt":"2023-01-28T16:33:21","slug":"la-quinta-estacion-9788466661690","status":"publish","type":"product","link":"https:\/\/www.claret.cat\/es\/libro\/la-quinta-estacion-9788466661690\/","title":{"rendered":"LA QUINTA ESTACI\u00d3N"},"content":{"rendered":"<p>PREMIO HUGO 2016 A LA MEJOR NOVELA<br \/> TODA ERA TIENE QUE LLEGAR A SU FIN<br \/> Ha dado comienzo una estaci\u00f3n de desenlaces.<br \/> Empieza con una gran grieta roja que recorre las entra\u00f1as del \u00fanico continente del planeta, una grieta que escupe una ceniza que oculta la luz del sol.<br \/> Empieza con la muerte, con un hijo asesinado y una hija perdida.<br \/> Empieza con una traici\u00f3n, con heridas latentes que comienzan a supurar.<br \/> El lugar es la Quietud, un continente acostumbrado a la cat\u00e1strofe en el que la energ\u00eda de la tierra se utiliza como arma. Y en el que no hay lugar para la misericordia.<br \/> \u00abUna de las voces m\u00e1s eminentes entre los nuevos autores de fantas\u00eda \u00e9pica.\u00bbSalon.com<br \/> \u00abUna de las escritoras de fantas\u00eda m\u00e1s sublimes e interesantes que ha surgido\u00a0en los \u00faltimos a\u00f1os.\u00bbJohn Scalzi<br \/> \u00abIntrincada y extraordinaria.\u00bbThe New York Times<br \/> \u00abLa quinta estaci\u00f3n es una novela \u00e9pica e intensa en la que destacan el descubrimiento,\u00a0el sufrimiento y el dolor.\u00bbSFF World<br \/> \u00abBrillante&hellip; Un estilo magn\u00edfico e inesperados giros en la trama.\u00bbThe Washington Post<\/p>\n","protected":false},"excerpt":{"rendered":"<p>JEMISIN, N.K.<\/p>\n","protected":false},"featured_media":210101,"template":"","meta":{"_acf_changed":false,"om_disable_all_campaigns":false,"rs_blank_template":"","rs_page_bg_color":"","slide_template_v7":"","inline_featured_image":false,"_monsterinsights_skip_tracking":false,"_monsterinsights_sitenote_active":false,"_monsterinsights_sitenote_note":"","_monsterinsights_sitenote_category":0},"product_brand":[],"product_cat":[87],"product_tag":[],"class_list":{"0":"post-210100","1":"product","2":"type-product","3":"status-publish","4":"has-post-thumbnail","6":"product_cat-literatura","8":"first","9":"instock","10":"taxable","11":"shipping-taxable","12":"purchasable","13":"product-type-simple"},"acf":{"autor":"JEMISIN, N.K.","codart":"846666169","libros-coleccion":"NB NOVA","ediciones":"1","encuadernacion":"R\u00fastica","fecha_de_publicacion":"01\/05\/2017","novedad":"1","paginas":"446","subtitulo":"LA TIERRA FRAGMENTADA I (PREMIO HUGO 2016)","orden":"0","portada":"0","idioma":"spa","autores-libros":[{"ID":165543,"post_author":"3","post_date":"2022-10-14 17:56:01","post_date_gmt":"2022-10-14 15:56:01","post_content":"","post_title":"N.K. JEMISIN","post_excerpt":"","post_status":"publish","comment_status":"closed","ping_status":"closed","post_password":"","post_name":"n-k-jemisin","to_ping":"","pinged":"","post_modified":"2022-10-14 17:56:01","post_modified_gmt":"2022-10-14 15:56:01","post_content_filtered":"","post_parent":0,"guid":"http:\/\/dev.claret.cat\/autor\/n-k-jemisin\/","menu_order":0,"post_type":"autor","post_mime_type":"","comment_count":"0","filter":"raw"}]},"aioseo_notices":[],"_links":{"self":[{"href":"https:\/\/www.claret.cat\/es\/wp-json\/wp\/v2\/product\/210100","targetHints":{"allow":["GET"]}}],"collection":[{"href":"https:\/\/www.claret.cat\/es\/wp-json\/wp\/v2\/product"}],"about":[{"href":"https:\/\/www.claret.cat\/es\/wp-json\/wp\/v2\/types\/product"}],"wp:featuredmedia":[{"embeddable":true,"href":"https:\/\/www.claret.cat\/es\/wp-json\/wp\/v2\/media\/210101"}],"wp:attachment":[{"href":"https:\/\/www.claret.cat\/es\/wp-json\/wp\/v2\/media?parent=210100"}],"wp:term":[{"taxonomy":"product_brand","embeddable":true,"href":"https:\/\/www.claret.cat\/es\/wp-json\/wp\/v2\/product_brand?post=210100"},{"taxonomy":"product_cat","embeddable":true,"href":"https:\/\/www.claret.cat\/es\/wp-json\/wp\/v2\/product_cat?post=210100"},{"taxonomy":"product_tag","embeddable":true,"href":"https:\/\/www.claret.cat\/es\/wp-json\/wp\/v2\/product_tag?post=210100"}],"curies":[{"name":"wp","href":"https:\/\/api.w.org\/{rel}","templated":true}]}}

LA QUINTA ESTACIÓN

<p>PREMIO HUGO 2016 A LA MEJOR NOVELA<br /> TODA ERA TIENE QUE LLEGAR A SU FIN<br /> Ha dado comienzo una estación de desenlaces.<br /> Empieza con una gran grieta roja que recorre las entrañas del único continente del planeta, una grieta que escupe una ceniza que oculta la luz del sol.<br /> Empieza con la muerte, con un hijo asesinado y una hija perdida.<br /> Empieza con una traición, con heridas latentes que comienzan a supurar.<br /> El lugar es la Quietud, un continente acostumbrado a la catástrofe en el que la energía de la tierra se utiliza como arma. Y en el que no hay lugar para la misericordia.<br /> «Una de las voces más eminentes entre los nuevos autores de fantasía épica.»Salon.com<br /> «Una de las escritoras de fantasía más sublimes e interesantes que ha surgido en los últimos años.»John Scalzi<br /> «Intrincada y extraordinaria.»The New York Times<br /> «La quinta estación es una novela épica e intensa en la que destacan el descubrimiento, el sufrimiento y el dolor.»SFF World<br /> «Brillante&hellip; Un estilo magnífico e inesperados giros en la trama.»The Washington Post</p>

Rústica
