{"id":210835,"date":"2022-10-20T12:01:41","date_gmt":"2022-10-20T10:01:41","guid":{"rendered":"http:\/\/dev.claret.cat\/producte\/el-sol-interior\/"},"modified":"2026-04-01T16:08:38","modified_gmt":"2026-04-01T14:08:38","slug":"el-sol-interior-9788429326376","status":"publish","type":"product","link":"https:\/\/www.claret.cat\/es\/libro\/el-sol-interior-9788429326376\/","title":{"rendered":"EL SOL INTERIOR"},"content":{"rendered":"<p>Un manuscrito de Carlo Maria Martini in\u00e9dito que ha sido recuperado en plena reorganizaci\u00f3n y catalogaci\u00f3n de sus escritos para guiar al creyente. Fue redactado en 1975 dedicando sus hondas meditaciones a las fragilidades y al combate espiritual en la vida cristiana. Su reflexi\u00f3n parte de la carta a los Efesios 6,10-18. ?Fortaleceos en el Se\u00f1or, y en el poder de su fuerza? para escrutar el alma humana y ahondar en la lucha interna del bien y la fascinaci\u00f3n del mal.<\/p>\n","protected":false},"excerpt":{"rendered":"<p>MARTINI, CARLO MARIA<\/p>\n","protected":false},"featured_media":340506,"template":"","meta":{"_acf_changed":false,"om_disable_all_campaigns":false,"rs_blank_template":"","rs_page_bg_color":"","slide_template_v7":"","inline_featured_image":false,"_monsterinsights_skip_tracking":false,"_monsterinsights_sitenote_active":false,"_monsterinsights_sitenote_note":"","_monsterinsights_sitenote_category":0},"product_brand":[],"product_cat":[345,79],"product_tag":[],"class_list":{"0":"post-210835","1":"product","2":"type-product","3":"status-publish","4":"has-post-thumbnail","6":"product_cat-espiritualidad","7":"product_cat-espiritualitat","9":"first","10":"instock","11":"taxable","12":"shipping-taxable","13":"purchasable","14":"product-type-simple"},"acf":{"autor":"MARTINI, CARLO MARIA","codart":"842932637","libros-coleccion":"POZO DE SIQUIEM","ediciones":"1","encuadernacion":"R\u00fastica","fecha_de_publicacion":"05\/04\/2017","novedad":"1","paginas":"240","subtitulo":"NUESTRAS FRAGILIDADES Y LA FUERZA DE DIOS","orden":"0","portada":"0","idioma":"spa","editorial":[{"ID":6351,"post_author":"3","post_date":"2022-07-28 17:50:19","post_date_gmt":"2022-07-28 15:50:19","post_content":"","post_title":"Sal Terrae","post_excerpt":"","post_status":"publish","comment_status":"closed","ping_status":"closed","post_password":"","post_name":"sal-terrae","to_ping":"","pinged":"","post_modified":"2022-07-28 17:50:19","post_modified_gmt":"2022-07-28 15:50:19","post_content_filtered":"","post_parent":0,"guid":"http:\/\/dev.claret.cat\/editorial\/sal-terrae\/","menu_order":0,"post_type":"editorial","post_mime_type":"","comment_count":"0","filter":"raw"}],"autores-libros":[{"ID":8301,"post_author":"3","post_date":"2022-09-30 09:47:33","post_date_gmt":"2022-09-30 07:47:33","post_content":"","post_title":"CARLO MARIA MARTINI","post_excerpt":"","post_status":"publish","comment_status":"closed","ping_status":"closed","post_password":"","post_name":"carlo-maria-martini","to_ping":"","pinged":"","post_modified":"2022-09-30 09:47:33","post_modified_gmt":"2022-09-30 07:47:33","post_content_filtered":"","post_parent":0,"guid":"http:\/\/dev.claret.cat\/autor\/carlo-maria-martini\/","menu_order":0,"post_type":"autor","post_mime_type":"","comment_count":"0","filter":"raw"}],"booktrailer":"","resenas":""},"aioseo_notices":[],"_links":{"self":[{"href":"https:\/\/www.claret.cat\/es\/wp-json\/wp\/v2\/product\/210835","targetHints":{"allow":["GET"]}}],"collection":[{"href":"https:\/\/www.claret.cat\/es\/wp-json\/wp\/v2\/product"}],"about":[{"href":"https:\/\/www.claret.cat\/es\/wp-json\/wp\/v2\/types\/product"}],"wp:featuredmedia":[{"embeddable":true,"href":"https:\/\/www.claret.cat\/es\/wp-json\/wp\/v2\/media\/340506"}],"wp:attachment":[{"href":"https:\/\/www.claret.cat\/es\/wp-json\/wp\/v2\/media?parent=210835"}],"wp:term":[{"taxonomy":"product_brand","embeddable":true,"href":"https:\/\/www.claret.cat\/es\/wp-json\/wp\/v2\/product_brand?post=210835"},{"taxonomy":"product_cat","embeddable":true,"href":"https:\/\/www.claret.cat\/es\/wp-json\/wp\/v2\/product_cat?post=210835"},{"taxonomy":"product_tag","embeddable":true,"href":"https:\/\/www.claret.cat\/es\/wp-json\/wp\/v2\/product_tag?post=210835"}],"curies":[{"name":"wp","href":"https:\/\/api.w.org\/{rel}","templated":true}]}}

<p>Un manuscrito de Carlo Maria Martini inédito que ha sido recuperado en plena reorganización y catalogación de sus escritos para guiar al creyente. Fue redactado en 1975 dedicando sus hondas meditaciones a las fragilidades y al combate espiritual en la vida cristiana. Su reflexión parte de la carta a los Efesios 6,10-18. ?Fortaleceos en el Señor, y en el poder de su fuerza? para escrutar el alma humana y ahondar en la lucha interna del bien y la fascinación del mal.</p>

Rústica
