{"id":214732,"date":"2022-10-20T13:25:53","date_gmt":"2022-10-20T11:25:53","guid":{"rendered":"http:\/\/dev.claret.cat\/producte\/una-familia-per-a-la-marina\/"},"modified":"2025-05-19T14:30:15","modified_gmt":"2025-05-19T12:30:15","slug":"una-familia-per-a-la-marina-9788416965120","status":"publish","type":"product","link":"https:\/\/www.claret.cat\/es\/libro\/una-familia-per-a-la-marina-9788416965120\/","title":{"rendered":"UNA FAM\u00cdLIA PER A LA MARINA"},"content":{"rendered":"<p>La Marina \u00e9s una petita gavina molt valenta que s&#8217;esfor\u00e7a tant com pot per adaptar-se a la gran ciutat.<br \/> Quan decideix canviar de casa, fa una descoberta d&#8217;all\u00f2 m\u00e9s fascinant: una original fam\u00edlia a qui li encantaria acollir-la!<br \/> Aquesta  hist\u00f2ria tan tendra i divertida parla dels forts lligams que uneixen totes les fam\u00edlies.<\/p>\n","protected":false},"excerpt":{"rendered":"<p>RODR\u00cdGUEZ FISCHER, CRISTINA<\/p>\n","protected":false},"featured_media":214733,"template":"","meta":{"_acf_changed":false,"om_disable_all_campaigns":false,"rs_blank_template":"","rs_page_bg_color":"","slide_template_v7":"","inline_featured_image":false,"_monsterinsights_skip_tracking":false,"_monsterinsights_sitenote_active":false,"_monsterinsights_sitenote_note":"","_monsterinsights_sitenote_category":0},"product_brand":[],"product_cat":[90,540],"product_tag":[],"class_list":{"0":"post-214732","1":"product","2":"type-product","3":"status-publish","4":"has-post-thumbnail","6":"product_cat-altres","7":"product_cat-otros","9":"first","10":"instock","11":"taxable","12":"shipping-taxable","13":"purchasable","14":"product-type-simple"},"acf":{"autor":"RODR\u00cdGUEZ FISCHER, CRISTINA","codart":"841696512","libros-coleccion":"","ediciones":"1","encuadernacion":"Carton\u00e9","fecha_de_publicacion":"01\/03\/2017","novedad":"1","paginas":"27","subtitulo":"UNA PETITA GAVINA A LA GRAN CIUTAT","orden":"0","portada":"0","idioma":"cat","editorial":[{"ID":147554,"post_author":"3","post_date":"2022-10-14 11:51:27","post_date_gmt":"2022-10-14 09:51:27","post_content":"","post_title":"BLUME (Naturart)","post_excerpt":"","post_status":"publish","comment_status":"closed","ping_status":"closed","post_password":"","post_name":"blume-naturart","to_ping":"","pinged":"","post_modified":"2022-10-14 11:51:27","post_modified_gmt":"2022-10-14 09:51:27","post_content_filtered":"","post_parent":0,"guid":"http:\/\/dev.claret.cat\/editorial\/blume-naturart\/","menu_order":0,"post_type":"editorial","post_mime_type":"","comment_count":"0","filter":"raw"}],"autores-libros":[{"ID":153388,"post_author":"3","post_date":"2022-10-14 14:56:22","post_date_gmt":"2022-10-14 12:56:22","post_content":"","post_title":"CRISTINA RODR\u00cdGUEZ FISCHER","post_excerpt":"","post_status":"publish","comment_status":"closed","ping_status":"closed","post_password":"","post_name":"cristina-rodriguez-fischer","to_ping":"","pinged":"","post_modified":"2022-10-14 14:56:22","post_modified_gmt":"2022-10-14 12:56:22","post_content_filtered":"","post_parent":0,"guid":"http:\/\/dev.claret.cat\/autor\/cristina-rodriguez-fischer\/","menu_order":0,"post_type":"autor","post_mime_type":"","comment_count":"0","filter":"raw"}],"booktrailer":"","resenas":""},"aioseo_notices":[],"_links":{"self":[{"href":"https:\/\/www.claret.cat\/es\/wp-json\/wp\/v2\/product\/214732","targetHints":{"allow":["GET"]}}],"collection":[{"href":"https:\/\/www.claret.cat\/es\/wp-json\/wp\/v2\/product"}],"about":[{"href":"https:\/\/www.claret.cat\/es\/wp-json\/wp\/v2\/types\/product"}],"wp:featuredmedia":[{"embeddable":true,"href":"https:\/\/www.claret.cat\/es\/wp-json\/wp\/v2\/media\/214733"}],"wp:attachment":[{"href":"https:\/\/www.claret.cat\/es\/wp-json\/wp\/v2\/media?parent=214732"}],"wp:term":[{"taxonomy":"product_brand","embeddable":true,"href":"https:\/\/www.claret.cat\/es\/wp-json\/wp\/v2\/product_brand?post=214732"},{"taxonomy":"product_cat","embeddable":true,"href":"https:\/\/www.claret.cat\/es\/wp-json\/wp\/v2\/product_cat?post=214732"},{"taxonomy":"product_tag","embeddable":true,"href":"https:\/\/www.claret.cat\/es\/wp-json\/wp\/v2\/product_tag?post=214732"}],"curies":[{"name":"wp","href":"https:\/\/api.w.org\/{rel}","templated":true}]}}

UNA FAMÍLIA PER A LA MARINA

<p>La Marina és una petita gavina molt valenta que s&#8217;esforça tant com pot per adaptar-se a la gran ciutat.<br /> Quan decideix canviar de casa, fa una descoberta d&#8217;allò més fascinant: una original família a qui li encantaria acollir-la!<br /> Aquesta  història tan tendra i divertida parla dels forts lligams que uneixen totes les famílies.</p>

<p>RODRÍGUEZ FISCHER, CRISTINA</p>

RODRÍGUEZ FISCHER, CRISTINA

Cartoné

CRISTINA RODRÍGUEZ FISCHER
